000
CDUS43 KEAX 242222
CLISTJ


CLIMATE REPORT
NATIONAL WEATHER SERVICE KANSAS CITY/PLEASANT HILL MO
422 PM CST FRI NOV 24 2017


...................................

...THE ST. JOSEPH MO CLIMATE SUMMARY FOR NOVEMBER 24 2017...
VALID AS OF 0400 PM LOCAL TIME.

CLIMATE NORMAL PERIOD 1981 TO 2010
CLIMATE RECORD PERIOD 1892 TO 2017


WEATHER ITEM   OBSERVED TIME   RECORD YEAR NORMAL DEPARTURE LAST
                VALUE   (LST)  VALUE       VALUE  FROM      YEAR
                                                  NORMAL
..................................................................
TEMPERATURE (F)
 TODAY
  MAXIMUM         75R   259 PM  72    1990  48     27       50
  MINIMUM         47    322 AM   9    1950  27     20       37
  AVERAGE         61                        38     23       44

PRECIPITATION (IN)
  TODAY            0.00          1.55 1908   0.04  -0.04     0.00
  MONTH TO DATE    0.46                      1.30  -0.84     0.33
  SINCE SEP 1      5.61                      7.53  -1.92    10.65
  SINCE JAN 1     25.86                     33.83  -7.97    40.77

DEGREE DAYS
 HEATING
  TODAY            4                        27    -23       21
  MONTH TO DATE  548                       519     29      349
  SINCE SEP 1    856                       933    -77      543
  SINCE JUL 1    862                       938    -76      545

 COOLING
  TODAY            0                         0      0        0
  MONTH TO DATE    0                         0      0        9
  SINCE SEP 1    227                       143     84      275
  SINCE JAN 1   1271                      1220     51     1547
..................................................................


WIND (MPH)
  HIGHEST WIND SPEED    26   HIGHEST WIND DIRECTION    SW (210)
  HIGHEST GUST SPEED    33   HIGHEST GUST DIRECTION    SW (220)
  AVERAGE WIND SPEED    13.7


SKY COVER
  AVERAGE SKY COVER 0.0


WEATHER CONDITIONS
 THE FOLLOWING WEATHER WAS RECORDED TODAY.
  NO SIGNIFICANT WEATHER WAS OBSERVED.


RELATIVE HUMIDITY (PERCENT)
 HIGHEST    66           100 AM
 LOWEST     27           300 PM
 AVERAGE    47

..........................................................


THE ST. JOSEPH MO CLIMATE NORMALS FOR TOMORROW
                         NORMAL    RECORD    YEAR
 MAXIMUM TEMPERATURE (F)   48        68      1981
 MINIMUM TEMPERATURE (F)   27        12      1977


SUNRISE AND SUNSET
NOVEMBER 24 2017......SUNRISE   715 AM CST   SUNSET   458 PM CST
NOVEMBER 25 2017......SUNRISE   716 AM CST   SUNSET   458 PM CST


-  INDICATES NEGATIVE NUMBERS.
R  INDICATES RECORD WAS SET OR TIED.
MM INDICATES DATA IS MISSING.
T  INDICATES TRACE AMOUNT.




$$
