000
CDUS43 KEAX 300635
CLISTJ


CLIMATE REPORT
NATIONAL WEATHER SERVICE KANSAS CITY/PLEASANT HILL MO
135 AM CDT MON MAR 30 2015


...................................

...THE ST. JOSEPH MO CLIMATE SUMMARY FOR MARCH 29 2015...

CLIMATE NORMAL PERIOD 1981 TO 2010
CLIMATE RECORD PERIOD 1892 TO 2015


WEATHER ITEM   OBSERVED TIME   RECORD YEAR NORMAL DEPARTURE LAST
                VALUE   (LST)  VALUE       VALUE  FROM      YEAR
                                                  NORMAL
..................................................................
TEMPERATURE (F)
 YESTERDAY
  MAXIMUM         68        MM  88    1986  60      8       56
  MINIMUM         40        MM  18    1969  37      3       26
  AVERAGE         54                        48      6       41

PRECIPITATION (IN)
  YESTERDAY        T             1.25 2007   0.09  -0.09     0.00
  MONTH TO DATE    1.33                      2.05  -0.72     0.41
  SINCE MAR 1      1.33                      2.05  -0.72     0.41
  SINCE JAN 1      3.08                      3.54  -0.46     1.23

DEGREE DAYS
 HEATING
  YESTERDAY       11                        17     -6       24
  MONTH TO DATE  600                       652    -52      811
  SINCE MAR 1    600                       652    -52      811
  SINCE JUL 1   5124                      4960    164     5751

 COOLING
  YESTERDAY        0                         0      0        0
  MONTH TO DATE    1                         0      1        0
  SINCE MAR 1      1                         0      1        0
  SINCE JAN 1      1                         0      1        0
..................................................................


WIND (MPH)
  HIGHEST WIND SPEED    28   HIGHEST WIND DIRECTION    NW (330)
  HIGHEST GUST SPEED    37   HIGHEST GUST DIRECTION    NW (330)
  AVERAGE WIND SPEED    14.9


SKY COVER
  POSSIBLE SUNSHINE   0 PERCENT
  AVERAGE SKY COVER 0.0


WEATHER CONDITIONS
 THE FOLLOWING WEATHER WAS RECORDED YESTERDAY.
  NO SIGNIFICANT WEATHER WAS OBSERVED.


RELATIVE HUMIDITY (PERCENT)
 HIGHEST     0          1200 AM
 LOWEST      0          1200 AM
 AVERAGE     0

..........................................................


THE ST. JOSEPH MO CLIMATE NORMALS FOR TODAY
                         NORMAL    RECORD    YEAR
 MAXIMUM TEMPERATURE (F)   61        86      1968
 MINIMUM TEMPERATURE (F)   37        14      1964


SUNRISE AND SUNSET
MARCH 30 2015.........SUNRISE   707 AM CDT   SUNSET   742 PM CDT
MARCH 31 2015.........SUNRISE   706 AM CDT   SUNSET   743 PM CDT


-  INDICATES NEGATIVE NUMBERS.
R  INDICATES RECORD WAS SET OR TIED.
MM INDICATES DATA IS MISSING.
T  INDICATES TRACE AMOUNT.




$$
