000
CDUS43 KEAX 230644
CLISTJ


CLIMATE REPORT
NATIONAL WEATHER SERVICE KANSAS CITY/PLEASANT HILL MO
1243 AM CST FRI FEB 23 2018


...................................

...THE ST. JOSEPH MO CLIMATE SUMMARY FOR FEBRUARY 22 2018...

CLIMATE NORMAL PERIOD 1981 TO 2010
CLIMATE RECORD PERIOD 1892 TO 2018


WEATHER ITEM   OBSERVED TIME   RECORD YEAR NORMAL DEPARTURE LAST
                VALUE   (LST)  VALUE       VALUE  FROM      YEAR
                                                  NORMAL
..................................................................
TEMPERATURE (F)
 YESTERDAY
  MAXIMUM         32   1159 PM  77    2017  44    -12       77
  MINIMUM         25    201 AM  -7    1978  23      2       41
  AVERAGE         29                        34     -5       59

PRECIPITATION (IN)
  YESTERDAY        0.24          1.39 1922   0.04   0.20     0.00
  MONTH TO DATE    0.60                      0.70  -0.10     0.04
  SINCE DEC 1      1.51                      2.78  -1.27     2.11
  SINCE JAN 1      1.37                      1.26   0.11     1.01

DEGREE DAYS
 HEATING
  YESTERDAY       36                        31      5        6
  MONTH TO DATE  834                       745     89      523
  SINCE DEC 1   2755                      3017   -262     2480
  SINCE JUL 1   3730                      4128   -398     3155

 COOLING
  YESTERDAY        0                         0      0        0
  MONTH TO DATE    0                         0      0        0
  SINCE DEC 1      0                         0      0        0
  SINCE JAN 1      0                         0      0        0
..................................................................


WIND (MPH)
  HIGHEST WIND SPEED    14   HIGHEST WIND DIRECTION     E (100)
  HIGHEST GUST SPEED    18   HIGHEST GUST DIRECTION     E (70)
  AVERAGE WIND SPEED     6.1


SKY COVER
  POSSIBLE SUNSHINE  MM
  AVERAGE SKY COVER 1.0


WEATHER CONDITIONS
 THE FOLLOWING WEATHER WAS RECORDED YESTERDAY.
  FOG


RELATIVE HUMIDITY (PERCENT)
 HIGHEST   100           200 AM
 LOWEST     84          1200 AM
 AVERAGE    92

..........................................................


THE ST. JOSEPH MO CLIMATE NORMALS FOR TODAY
                         NORMAL    RECORD    YEAR
 MAXIMUM TEMPERATURE (F)   45        71      1918
 MINIMUM TEMPERATURE (F)   24        -5      1910


SUNRISE AND SUNSET
FEBRUARY 23 2018......SUNRISE   701 AM CST   SUNSET   605 PM CST
FEBRUARY 24 2018......SUNRISE   700 AM CST   SUNSET   606 PM CST


-  INDICATES NEGATIVE NUMBERS.
R  INDICATES RECORD WAS SET OR TIED.
MM INDICATES DATA IS MISSING.
T  INDICATES TRACE AMOUNT.




$$
