000
CDUS43 KEAX 280632
CLISTJ


CLIMATE REPORT
NATIONAL WEATHER SERVICE KANSAS CITY/PLEASANT HILL MO
1232 AM CST FRI NOV 28 2014


...................................

...THE ST. JOSEPH MO CLIMATE SUMMARY FOR NOVEMBER 27 2014...

CLIMATE NORMAL PERIOD 1981 TO 2010
CLIMATE RECORD PERIOD 1892 TO 2014


WEATHER ITEM   OBSERVED TIME   RECORD YEAR NORMAL DEPARTURE LAST
                VALUE   (LST)  VALUE       VALUE  FROM      YEAR
                                                  NORMAL
..................................................................
TEMPERATURE (F)
 YESTERDAY
  MAXIMUM         32    403 PM  72    1990  47    -15       32
  MINIMUM         22    639 AM  10    2012  26     -4       12
                                      1976
  AVERAGE         27                        36     -9       22

PRECIPITATION (IN)
  YESTERDAY        0.00          0.96 2006   0.04  -0.04     0.00
  MONTH TO DATE    0.24                      1.43  -1.19     1.93
  SINCE SEP 1      8.40                      7.66   0.74    11.15
  SINCE JAN 1     30.95                     33.96  -3.01    30.82

DEGREE DAYS
 HEATING
  YESTERDAY       38                        29      9       43
  MONTH TO DATE  811                       604    207      669
  SINCE SEP 1   1168                      1018    150     1072
  SINCE JUL 1   1174                      1023    151     1074

 COOLING
  YESTERDAY        0                         0      0        0
  MONTH TO DATE    0                         0      0        0
  SINCE SEP 1    133                       143    -10      215
  SINCE JAN 1   1182                      1220    -38     1285
..................................................................


WIND (MPH)
  HIGHEST WIND SPEED    17   HIGHEST WIND DIRECTION    NW (330)
  HIGHEST GUST SPEED    21   HIGHEST GUST DIRECTION    NW (330)
  AVERAGE WIND SPEED     7.8


SKY COVER
  POSSIBLE SUNSHINE  MM
  AVERAGE SKY COVER 0.5


WEATHER CONDITIONS
 THE FOLLOWING WEATHER WAS RECORDED YESTERDAY.
  NO SIGNIFICANT WEATHER WAS OBSERVED.


RELATIVE HUMIDITY (PERCENT)
 HIGHEST    81           100 AM
 LOWEST     53           200 PM
 AVERAGE    67

..........................................................


THE ST. JOSEPH MO CLIMATE NORMALS FOR TODAY
                         NORMAL    RECORD    YEAR
 MAXIMUM TEMPERATURE (F)   46        72      1998
 MINIMUM TEMPERATURE (F)   26         1      1976


SUNRISE AND SUNSET
NOVEMBER 28 2014......SUNRISE   719 AM CST   SUNSET   456 PM CST
NOVEMBER 29 2014......SUNRISE   720 AM CST   SUNSET   456 PM CST


-  INDICATES NEGATIVE NUMBERS.
R  INDICATES RECORD WAS SET OR TIED.
MM INDICATES DATA IS MISSING.
T  INDICATES TRACE AMOUNT.




$$
