000
CDUS43 KEAX 040033
CLISTJ


CLIMATE REPORT
NATIONAL WEATHER SERVICE KANSAS CITY/PLEASANT HILL MO
733 PM CDT TUE MAY 3 2016


...................................

...THE ST. JOSEPH MO CLIMATE SUMMARY FOR MAY 3 2016...
VALID TODAY AS OF 0700 PM LOCAL TIME.

CLIMATE NORMAL PERIOD 1981 TO 2010
CLIMATE RECORD PERIOD 1892 TO 2016


WEATHER ITEM   OBSERVED TIME   RECORD YEAR NORMAL DEPARTURE LAST
                VALUE   (LST)  VALUE       VALUE  FROM      YEAR
                                                  NORMAL
..................................................................
TEMPERATURE (F)
 TODAY
  MAXIMUM         71    336 PM  90    1952  71      0       85
  MINIMUM         40    540 AM  29    2005  48     -8       58
  AVERAGE         56                        60     -4       72

PRECIPITATION (IN)
  TODAY            0.00          2.25 1958   0.19  -0.19     0.00
  MONTH TO DATE    0.04                      0.56  -0.52     0.31
  SINCE MAR 1      7.34                      6.60   0.74     4.49
  SINCE JAN 1      8.25                      8.09   0.16     6.24

DEGREE DAYS
 HEATING
  TODAY            9                         6      3        0
  MONTH TO DATE   32                        20     12        4
  SINCE MAR 1    807                      1050   -243      883
  SINCE JUL 1   4425                      5358   -933     5407

 COOLING
  TODAY            0                         1     -1        7
  MONTH TO DATE    0                         3     -3        7
  SINCE MAR 1     19                        24     -5       12
  SINCE JAN 1     19                        24     -5       12
..................................................................


WIND (MPH)
  HIGHEST WIND SPEED    16   HIGHEST WIND DIRECTION     W (280)
  HIGHEST GUST SPEED    23   HIGHEST GUST DIRECTION     W (280)
  AVERAGE WIND SPEED     4.2


SKY COVER
  AVERAGE SKY COVER 0.5


WEATHER CONDITIONS
 THE FOLLOWING WEATHER WAS RECORDED TODAY.
  FOG
  FOG W/VISIBILITY <= 1/4 MILE


RELATIVE HUMIDITY (PERCENT)
 HIGHEST   100           200 AM
 LOWEST     35           300 PM
 AVERAGE    68

..........................................................


THE ST. JOSEPH MO CLIMATE NORMALS FOR TOMORROW
                         NORMAL    RECORD    YEAR
 MAXIMUM TEMPERATURE (F)   71        91      1950
 MINIMUM TEMPERATURE (F)   49        32      1954


SUNRISE AND SUNSET
MAY  3 2016...........SUNRISE   617 AM CDT   SUNSET   816 PM CDT
MAY  4 2016...........SUNRISE   616 AM CDT   SUNSET   817 PM CDT


-  INDICATES NEGATIVE NUMBERS.
R  INDICATES RECORD WAS SET OR TIED.
MM INDICATES DATA IS MISSING.
T  INDICATES TRACE AMOUNT.




$$
