000
CDUS43 KEAX 250637
CLISTJ


CLIMATE REPORT
NATIONAL WEATHER SERVICE KANSAS CITY/PLEASANT HILL MO
136 AM CDT SUN SEP 25 2016


...................................

...THE ST. JOSEPH MO CLIMATE SUMMARY FOR SEPTEMBER 24 2016...

CLIMATE NORMAL PERIOD 1981 TO 2010
CLIMATE RECORD PERIOD 1892 TO 2016


WEATHER ITEM   OBSERVED TIME   RECORD YEAR NORMAL DEPARTURE LAST
                VALUE   (LST)  VALUE       VALUE  FROM      YEAR
                                                  NORMAL
..................................................................
TEMPERATURE (F)
 YESTERDAY
  MAXIMUM         90R   134 PM  90    1958  76     14       85
  MINIMUM         66   1208 AM  30    1989  50     16       66
  AVERAGE         78                        63     15       76

PRECIPITATION (IN)
  YESTERDAY        1.04          2.01 1900   0.09   0.95      T
  MONTH TO DATE    8.52                      2.89   5.63     2.02
  SINCE SEP 1      8.52                      2.89   5.63     2.02
  SINCE JAN 1     38.64                     29.19   9.45    30.62

DEGREE DAYS
 HEATING
  YESTERDAY        0                         4     -4        0
  MONTH TO DATE    1                        44    -43       21
  SINCE SEP 1      1                        44    -43       21
  SINCE JUL 1      3                        49    -46       25

 COOLING
  YESTERDAY       13                         2     11       11
  MONTH TO DATE  221                       108    113      218
  SINCE SEP 1    221                       108    113      218
  SINCE JAN 1   1493                      1185    308     1245
..................................................................


WIND (MPH)
  HIGHEST WIND SPEED    22   HIGHEST WIND DIRECTION     S (170)
  HIGHEST GUST SPEED    27   HIGHEST GUST DIRECTION     W (260)
  AVERAGE WIND SPEED     8.3


SKY COVER
  POSSIBLE SUNSHINE  MM
  AVERAGE SKY COVER 0.4


WEATHER CONDITIONS
 THE FOLLOWING WEATHER WAS RECORDED YESTERDAY.
  THUNDERSTORM
  HEAVY RAIN
  RAIN
  LIGHT RAIN
  FOG


RELATIVE HUMIDITY (PERCENT)
 HIGHEST    90           800 PM
 LOWEST     55          1100 AM
 AVERAGE    73

..........................................................


THE ST. JOSEPH MO CLIMATE NORMALS FOR TODAY
                         NORMAL    RECORD    YEAR
 MAXIMUM TEMPERATURE (F)   76        92      1998
 MINIMUM TEMPERATURE (F)   50        33      1989


SUNRISE AND SUNSET
SEPTEMBER 25 2016.....SUNRISE   711 AM CDT   SUNSET   711 PM CDT
SEPTEMBER 26 2016.....SUNRISE   712 AM CDT   SUNSET   709 PM CDT


-  INDICATES NEGATIVE NUMBERS.
R  INDICATES RECORD WAS SET OR TIED.
MM INDICATES DATA IS MISSING.
T  INDICATES TRACE AMOUNT.




$$
