000
CDUS43 KEAX 230638
CLISTJ


CLIMATE REPORT
NATIONAL WEATHER SERVICE KANSAS CITY/PLEASANT HILL MO
137 AM CDT SAT MAY 23 2015


...................................

...THE ST. JOSEPH MO CLIMATE SUMMARY FOR MAY 22 2015...

CLIMATE NORMAL PERIOD 1981 TO 2010
CLIMATE RECORD PERIOD 1892 TO 2015


WEATHER ITEM   OBSERVED TIME   RECORD YEAR NORMAL DEPARTURE LAST
                VALUE   (LST)  VALUE       VALUE  FROM      YEAR
                                                  NORMAL
..................................................................
TEMPERATURE (F)
 YESTERDAY
  MAXIMUM         66    416 PM  94    1925  78    -12       74
  MINIMUM         46    521 AM  39    1963  56    -10       56
  AVERAGE         56                        67    -11       65

PRECIPITATION (IN)
  YESTERDAY        0.00          1.28 1942   0.18  -0.18     1.08
  MONTH TO DATE    6.60                      3.90   2.70     2.20
  SINCE MAR 1     10.78                      9.94   0.84     6.59
  SINCE JAN 1     12.53                     11.43   1.10     7.41

DEGREE DAYS
 HEATING
  YESTERDAY        9                         2      7        0
  MONTH TO DATE   88                        99    -11      122
  SINCE MAR 1    967                      1129   -162     1329
  SINCE JUL 1   5491                      5437     54     6269

 COOLING
  YESTERDAY        0                         4     -4        0
  MONTH TO DATE   42                        48     -6       72
  SINCE MAR 1     47                        69    -22       80
  SINCE JAN 1     47                        69    -22       80
..................................................................


WIND (MPH)
  HIGHEST WIND SPEED    13   HIGHEST WIND DIRECTION    SW (220)
  HIGHEST GUST SPEED    16   HIGHEST GUST DIRECTION    SW (220)
  AVERAGE WIND SPEED     3.9


SKY COVER
  POSSIBLE SUNSHINE  MM
  AVERAGE SKY COVER 0.5


WEATHER CONDITIONS
 THE FOLLOWING WEATHER WAS RECORDED YESTERDAY.
  NO SIGNIFICANT WEATHER WAS OBSERVED.


RELATIVE HUMIDITY (PERCENT)
 HIGHEST    93           300 AM
 LOWEST     52           400 PM
 AVERAGE    73

..........................................................


THE ST. JOSEPH MO CLIMATE NORMALS FOR TODAY
                         NORMAL    RECORD    YEAR
 MAXIMUM TEMPERATURE (F)   78        92      1967
 MINIMUM TEMPERATURE (F)   56        37      1963


SUNRISE AND SUNSET
MAY 23 2015...........SUNRISE   559 AM CDT   SUNSET   835 PM CDT
MAY 24 2015...........SUNRISE   558 AM CDT   SUNSET   835 PM CDT


-  INDICATES NEGATIVE NUMBERS.
R  INDICATES RECORD WAS SET OR TIED.
MM INDICATES DATA IS MISSING.
T  INDICATES TRACE AMOUNT.




$$
