000
CDUS43 KEAX 060632
CLISTJ


CLIMATE REPORT
NATIONAL WEATHER SERVICE KANSAS CITY/PLEASANT HILL MO
1232 AM CST FRI MAR 6 2015


...................................

...THE ST. JOSEPH MO CLIMATE SUMMARY FOR MARCH 5 2015...

CLIMATE NORMAL PERIOD 1981 TO 2010
CLIMATE RECORD PERIOD 1892 TO 2015


WEATHER ITEM   OBSERVED TIME   RECORD YEAR NORMAL DEPARTURE LAST
                VALUE   (LST)  VALUE       VALUE  FROM      YEAR
                                                  NORMAL
..................................................................
TEMPERATURE (F)
 YESTERDAY
  MAXIMUM         30    536 PM  82    2009  49    -19       34
  MINIMUM          3    701 AM -11    1978  27    -24       26
                                      1960
  AVERAGE         17                        38    -21       30

PRECIPITATION (IN)
  YESTERDAY        0.00          1.26 1961   0.05  -0.05      T
  MONTH TO DATE    T                         0.28  -0.28     0.01
  SINCE MAR 1      T                         0.28  -0.28     0.01
  SINCE JAN 1      1.75                      1.77  -0.02     0.83

DEGREE DAYS
 HEATING
  YESTERDAY       48                        27     21       35
  MONTH TO DATE  194                       138     56      247
  SINCE MAR 1    194                       138     56      247
  SINCE JUL 1   4718                      4446    272     5187

 COOLING
  YESTERDAY        0                         0      0        0
  MONTH TO DATE    0                         0      0        0
  SINCE MAR 1      0                         0      0        0
  SINCE JAN 1      0                         0      0        0
..................................................................


WIND (MPH)
  HIGHEST WIND SPEED    12   HIGHEST WIND DIRECTION     N (10)
  HIGHEST GUST SPEED    14   HIGHEST GUST DIRECTION     N (10)
  AVERAGE WIND SPEED     5.3


SKY COVER
  POSSIBLE SUNSHINE  MM
  AVERAGE SKY COVER 0.0


WEATHER CONDITIONS
 THE FOLLOWING WEATHER WAS RECORDED YESTERDAY.
  NO SIGNIFICANT WEATHER WAS OBSERVED.


RELATIVE HUMIDITY (PERCENT)
 HIGHEST    83           500 AM
 LOWEST     31           300 PM
 AVERAGE    57

..........................................................


THE ST. JOSEPH MO CLIMATE NORMALS FOR TODAY
                         NORMAL    RECORD    YEAR
 MAXIMUM TEMPERATURE (F)   50        75      2000
                                             1987
 MINIMUM TEMPERATURE (F)   28        -8      1960


SUNRISE AND SUNSET
MARCH  6 2015.........SUNRISE   646 AM CST   SUNSET   617 PM CST
MARCH  7 2015.........SUNRISE   644 AM CST   SUNSET   618 PM CST


-  INDICATES NEGATIVE NUMBERS.
R  INDICATES RECORD WAS SET OR TIED.
MM INDICATES DATA IS MISSING.
T  INDICATES TRACE AMOUNT.




$$
