000
CDUS43 KLSX 030745
CLISTL


CLIMATE REPORT
NATIONAL WEATHER SERVICE ST LOUIS MO
245 AM CDT FRI JUL 3 2015


...................................

...THE ST. LOUIS CLIMATE SUMMARY FOR JULY 2 2015...

CLIMATE NORMAL PERIOD 1981 TO 2010
CLIMATE RECORD PERIOD 1874 TO 2015


WEATHER ITEM   OBSERVED TIME   RECORD YEAR NORMAL DEPARTURE LAST
                VALUE   (LST)  VALUE       VALUE  FROM      YEAR
                                                  NORMAL
..................................................................
TEMPERATURE (F)
 YESTERDAY
  MAXIMUM         78    433 PM 101    1933  89    -11       78
  MINIMUM         65    722 AM  56    2001  71     -6       62
                                      1959
                                      1932
  AVERAGE         72                        80     -8       70

PRECIPITATION (IN)
  YESTERDAY        0.04          2.09 1992   0.13  -0.09     0.00
  MONTH TO DATE    0.90                      0.26   0.64     0.02
  SINCE JUN 1     14.04                      4.54   9.50     5.28
  SINCE JAN 1     29.03                     20.91   8.12    22.34

SNOWFALL (IN)
  YESTERDAY        0.0           0.0  2013   0.0    0.0      0.0
  MONTH TO DATE    0.0                       0.0    0.0      0.0
  SINCE JUN 1      0.0                       0.0    0.0      0.0
  SINCE JUL 1      0.0                       0.0    0.0      0.0
  SNOW DEPTH       0

DEGREE DAYS
 HEATING
  YESTERDAY        0                         0      0        0
  MONTH TO DATE    0                         0      0        0
  SINCE JUN 1      3                         5     -2        0
  SINCE JUL 1      0                         0      0        0

 COOLING
  YESTERDAY        7                        15     -8        5
  MONTH TO DATE   22                        30     -8       22
  SINCE JUN 1    412                       364     48      420
  SINCE JAN 1    636                       538     98      682
..................................................................


WIND (MPH)
  HIGHEST WIND SPEED    16   HIGHEST WIND DIRECTION    NE (60)
  HIGHEST GUST SPEED    21   HIGHEST GUST DIRECTION    NE (40)
  AVERAGE WIND SPEED     7.0


SKY COVER
  AVERAGE SKY COVER 0.9


WEATHER CONDITIONS
 THE FOLLOWING WEATHER WAS RECORDED YESTERDAY.
  LIGHT RAIN
  FOG
  HAZE


RELATIVE HUMIDITY (PERCENT)
 HIGHEST    87           200 AM
 LOWEST     58           400 PM
 AVERAGE    73

..........................................................


THE ST. LOUIS CLIMATE NORMALS FOR TODAY
                         NORMAL    RECORD    YEAR
 MAXIMUM TEMPERATURE (F)   89       101      2012
                                             1934
 MINIMUM TEMPERATURE (F)   71        55      1968
                                             1945
                                             1924


SUNRISE AND SUNSET
JULY  3 2015..........SUNRISE   541 AM CDT   SUNSET   830 PM CDT
JULY  4 2015..........SUNRISE   542 AM CDT   SUNSET   830 PM CDT


-  INDICATES NEGATIVE NUMBERS.
R  INDICATES RECORD WAS SET OR TIED.
MM INDICATES DATA IS MISSING.
T  INDICATES TRACE AMOUNT.




$$
