000
CDUS43 KLSX 152230
CLISTL


CLIMATE REPORT
NATIONAL WEATHER SERVICE ST LOUIS MO
529 PM CDT TUE APR 15 2014


...................................

...THE ST. LOUIS CLIMATE SUMMARY FOR APRIL 15 2014...
VALID TODAY AS OF 0500 PM LOCAL TIME.

CLIMATE NORMAL PERIOD 1981 TO 2010
CLIMATE RECORD PERIOD 1874 TO 2014


WEATHER ITEM   OBSERVED TIME   RECORD YEAR NORMAL DEPARTURE LAST
                VALUE   (LST)  VALUE       VALUE  FROM      YEAR
                                                  NORMAL
..................................................................
TEMPERATURE (F)
 TODAY
  MAXIMUM         50    356 PM  89    2002  67    -17       71
  MINIMUM         31    536 AM  27    1928  47    -16       50
  AVERAGE         41                        57    -16       61

PRECIPITATION (IN)
  TODAY            0.00          1.83 1939   0.12  -0.12     0.45
  MONTH TO DATE    6.05                      1.79   4.26     1.59
  SINCE MAR 1      7.60                      5.11   2.49     6.54
  SINCE JAN 1     10.75                      9.75   1.00    12.93

SNOWFALL (IN)
  TODAY            0.0           T    1993   0.0    0.0      0.0
  MONTH TO DATE    T                         0.3   -0.3       T
  SINCE MAR 1      1.6                       2.6   -1.0     14.3
  SINCE JUL 1     28.8                      17.6   11.2     27.9
  SNOW DEPTH       0

DEGREE DAYS
 HEATING
  TODAY           24                         9     15        4
  MONTH TO DATE  158                       169    -11      154
  SINCE MAR 1    848                       757     91      907
  SINCE JUL 1   4885                      4355    530     4224

 COOLING
  TODAY            0                         1     -1        0
  MONTH TO DATE   13                        15     -2       21
  SINCE MAR 1     13                        22     -9       21
  SINCE JAN 1     13                        22     -9       21
..................................................................


WIND (MPH)
  HIGHEST WIND SPEED    22   HIGHEST WIND DIRECTION    NW (310)
  HIGHEST GUST SPEED    25   HIGHEST GUST DIRECTION     W (270)
  AVERAGE WIND SPEED    10.5


SKY COVER
  AVERAGE SKY COVER 0.1



RELATIVE HUMIDITY (PERCENT)
 HIGHEST    72           200 AM
 LOWEST     31           200 PM
 AVERAGE    52

..........................................................


THE ST. LOUIS CLIMATE NORMALS FOR TOMORROW
                         NORMAL    RECORD    YEAR
 MAXIMUM TEMPERATURE (F)   68        90      2002
 MINIMUM TEMPERATURE (F)   47        25      1875


SUNRISE AND SUNSET
APRIL 15 2014.........SUNRISE   625 AM CDT   SUNSET   738 PM CDT
APRIL 16 2014.........SUNRISE   624 AM CDT   SUNSET   739 PM CDT


-  INDICATES NEGATIVE NUMBERS.
R  INDICATES RECORD WAS SET OR TIED.
MM INDICATES DATA IS MISSING.
T  INDICATES TRACE AMOUNT.




$$
