000
CDUS43 KLSX 140728
CLISTL


CLIMATE REPORT
NATIONAL WEATHER SERVICE ST LOUIS MO
127 AM CST SUN FEB 14 2016


...................................

...THE ST. LOUIS CLIMATE SUMMARY FOR FEBRUARY 13 2016...

CLIMATE NORMAL PERIOD 1981 TO 2010
CLIMATE RECORD PERIOD 1874 TO 2016


WEATHER ITEM   OBSERVED TIME   RECORD YEAR NORMAL DEPARTURE LAST
                VALUE   (LST)  VALUE       VALUE  FROM      YEAR
                                                  NORMAL
..................................................................
TEMPERATURE (F)
 YESTERDAY
  MAXIMUM         24   1159 PM  83    1962  44    -20       42
  MINIMUM         11    652 AM -18    1905  27    -16       19
  AVERAGE         18                        36    -18       31

PRECIPITATION (IN)
  YESTERDAY        0.00          1.40 1874   0.08  -0.08     0.00
  MONTH TO DATE    0.25                      1.04  -0.79     0.72
  SINCE DEC 1     12.79                      6.28   6.51     4.65
  SINCE JAN 1      1.05                      3.44  -2.39     1.93

SNOWFALL (IN)
  YESTERDAY        0.0          11.7  1914   0.1   -0.1      0.0
  MONTH TO DATE    2.2                       2.1    0.1      1.0
  SINCE DEC 1      5.5                      12.1   -6.6      1.5
  SINCE JUL 1      5.5                      12.8   -7.3      5.3
  SNOW DEPTH       0

DEGREE DAYS
 HEATING
  YESTERDAY       47                        29     18       34
  MONTH TO DATE  399                       400     -1      398
  SINCE DEC 1   1955                      2368   -413     2180
  SINCE JUL 1   2517                      3194   -677     3137

 COOLING
  YESTERDAY        0                         0      0        0
  MONTH TO DATE    0                         0      0        0
  SINCE DEC 1      0                         0      0        0
  SINCE JAN 1      0                         0      0        0
..................................................................


WIND (MPH)
  HIGHEST WIND SPEED    17   HIGHEST WIND DIRECTION     N (350)
  HIGHEST GUST SPEED    23   HIGHEST GUST DIRECTION     N (350)
  AVERAGE WIND SPEED     7.7


SKY COVER
  AVERAGE SKY COVER 0.6


WEATHER CONDITIONS
 THE FOLLOWING WEATHER WAS RECORDED YESTERDAY.
  NO SIGNIFICANT WEATHER WAS OBSERVED.


RELATIVE HUMIDITY (PERCENT)
 HIGHEST    64           300 AM
 LOWEST     32           400 PM
 AVERAGE    48

..........................................................


THE ST. LOUIS CLIMATE NORMALS FOR TODAY
                         NORMAL    RECORD    YEAR
 MAXIMUM TEMPERATURE (F)   45        74      1954
 MINIMUM TEMPERATURE (F)   27        -2      1905


SUNRISE AND SUNSET
FEBRUARY 14 2016......SUNRISE   654 AM CST   SUNSET   538 PM CST
FEBRUARY 15 2016......SUNRISE   653 AM CST   SUNSET   539 PM CST


-  INDICATES NEGATIVE NUMBERS.
R  INDICATES RECORD WAS SET OR TIED.
MM INDICATES DATA IS MISSING.
T  INDICATES TRACE AMOUNT.




$$
