000
CDUS43 KLSX 270726
CLISTL


CLIMATE REPORT
NATIONAL WEATHER SERVICE ST LOUIS MO
226 AM CDT SAT AUG 27 2016


...................................

...THE ST. LOUIS CLIMATE SUMMARY FOR AUGUST 26 2016...

CLIMATE NORMAL PERIOD 1981 TO 2010
CLIMATE RECORD PERIOD 1874 TO 2016


WEATHER ITEM   OBSERVED TIME   RECORD YEAR NORMAL DEPARTURE LAST
                VALUE   (LST)  VALUE       VALUE  FROM      YEAR
                                                  NORMAL
..................................................................
TEMPERATURE (F)
 YESTERDAY
  MAXIMUM         88    308 PM 103    1936  87      1       80
  MINIMUM         74    622 AM  53    1934  68      6       59
  AVERAGE         81                        78      3       70

PRECIPITATION (IN)
  YESTERDAY        0.00          2.46 1888   0.09  -0.09     0.00
  MONTH TO DATE    5.24                      2.53   2.71     6.67
  SINCE JUN 1     14.90                     10.92   3.98    23.94
  SINCE JAN 1     27.95                     27.29   0.66    38.93

SNOWFALL (IN)
  YESTERDAY        0.0           0.0  2015   0.0    0.0      0.0
  MONTH TO DATE    0.0                       0.0    0.0      0.0
  SINCE JUN 1      0.0                       0.0    0.0      0.0
  SINCE JUL 1      0.0                       0.0    0.0      0.0
  SNOW DEPTH       0

DEGREE DAYS
 HEATING
  YESTERDAY        0                         0      0        0
  MONTH TO DATE    0                         0      0        0
  SINCE JUN 1      0                         5     -5        3
  SINCE JUL 1      0                         0      0        0

 COOLING
  YESTERDAY       16                        13      3        5
  MONTH TO DATE  402                       366     36      343
  SINCE JUN 1   1419                      1167    252     1223
  SINCE JAN 1   1613                      1341    272     1447
..................................................................


WIND (MPH)
  HIGHEST WIND SPEED    15   HIGHEST WIND DIRECTION     E (110)
  HIGHEST GUST SPEED    18   HIGHEST GUST DIRECTION     E (110)
  AVERAGE WIND SPEED     6.6


SKY COVER
  AVERAGE SKY COVER 0.8


WEATHER CONDITIONS
 THE FOLLOWING WEATHER WAS RECORDED YESTERDAY.
  NO SIGNIFICANT WEATHER WAS OBSERVED.


RELATIVE HUMIDITY (PERCENT)
 HIGHEST    87           600 AM
 LOWEST     59           800 PM
 AVERAGE    73

..........................................................


THE ST. LOUIS CLIMATE NORMALS FOR TODAY
                         NORMAL    RECORD    YEAR
 MAXIMUM TEMPERATURE (F)   87       102      1881
 MINIMUM TEMPERATURE (F)   68        51      1968


SUNRISE AND SUNSET
AUGUST 27 2016........SUNRISE   627 AM CDT   SUNSET   738 PM CDT
AUGUST 28 2016........SUNRISE   628 AM CDT   SUNSET   737 PM CDT


-  INDICATES NEGATIVE NUMBERS.
R  INDICATES RECORD WAS SET OR TIED.
MM INDICATES DATA IS MISSING.
T  INDICATES TRACE AMOUNT.




$$
