000
CDUS43 KLSX 220745
CLISTL


CLIMATE REPORT
NATIONAL WEATHER SERVICE ST LOUIS MO
145 AM CST SUN JAN 22 2017


...................................

...THE ST. LOUIS CLIMATE SUMMARY FOR JANUARY 21 2017...

CLIMATE NORMAL PERIOD 1981 TO 2010
CLIMATE RECORD PERIOD 1874 TO 2017


WEATHER ITEM   OBSERVED TIME   RECORD YEAR NORMAL DEPARTURE LAST
                VALUE   (LST)  VALUE       VALUE  FROM      YEAR
                                                  NORMAL
..................................................................
TEMPERATURE (F)
 YESTERDAY
  MAXIMUM         72    340 PM  75    1986  40     32       28
  MINIMUM         49   1045 PM  -8    1970  24     25       17
  AVERAGE         61                        32     29       23

PRECIPITATION (IN)
  YESTERDAY        0.00          2.10 1906   0.07  -0.07     0.00
  MONTH TO DATE    1.80                      1.66   0.14     0.80
  SINCE DEC 1      2.93                      4.50  -1.57    12.54
  SINCE JAN 1      1.80                      1.66   0.14     0.80

SNOWFALL (IN)
  YESTERDAY        0.0           2.5  1959   0.2   -0.2      0.0
  MONTH TO DATE    1.0                       3.8   -2.8      3.3
  SINCE DEC 1      1.2                       8.2   -7.0      3.3
  SINCE JUL 1      1.2                       8.9   -7.7      3.3
  SNOW DEPTH       0

DEGREE DAYS
 HEATING
  YESTERDAY        4                        33    -29       42
  MONTH TO DATE  585                       701   -116      711
  SINCE DEC 1   1516                      1640   -124     1308
  SINCE JUL 1   2007                      2466   -459     1870

 COOLING
  YESTERDAY        0                         0      0        0
  MONTH TO DATE    0                         0      0        0
  SINCE DEC 1      0                         0      0        0
  SINCE JAN 1      0                         0      0        0
..................................................................


WIND (MPH)
  HIGHEST WIND SPEED    20   HIGHEST WIND DIRECTION    SW (220)
  HIGHEST GUST SPEED    24   HIGHEST GUST DIRECTION    SW (210)
  AVERAGE WIND SPEED     7.4


SKY COVER
  AVERAGE SKY COVER 0.5


WEATHER CONDITIONS
 THE FOLLOWING WEATHER WAS RECORDED YESTERDAY.
  NO SIGNIFICANT WEATHER WAS OBSERVED.


RELATIVE HUMIDITY (PERCENT)
 HIGHEST    83          1200 AM
 LOWEST     27           300 PM
 AVERAGE    55

..........................................................


THE ST. LOUIS CLIMATE NORMALS FOR TODAY
                         NORMAL    RECORD    YEAR
 MAXIMUM TEMPERATURE (F)   40        72      1967
 MINIMUM TEMPERATURE (F)   24       -14      1930


SUNRISE AND SUNSET
JANUARY 22 2017.......SUNRISE   715 AM CST   SUNSET   512 PM CST
JANUARY 23 2017.......SUNRISE   714 AM CST   SUNSET   513 PM CST


-  INDICATES NEGATIVE NUMBERS.
R  INDICATES RECORD WAS SET OR TIED.
MM INDICATES DATA IS MISSING.
T  INDICATES TRACE AMOUNT.




$$
