000
CDUS46 KMTR 020826
CLISTS


CLIMATE REPORT
NATIONAL WEATHER SERVICE SAN FRANCISCO BAY AREA
126 AM PDT THU OCT 2 2014


...................................

...THE SANTA ROSA AIRPORT CLIMATE SUMMARY FOR OCTOBER 1 2014...

CLIMATE NORMAL PERIOD 1981 TO 2010
CLIMATE RECORD PERIOD 1998 TO 2014


WEATHER ITEM   OBSERVED TIME   RECORD YEAR NORMAL DEPARTURE LAST
                VALUE   (LST)  VALUE       VALUE  FROM      YEAR
                                                  NORMAL
..................................................................
TEMPERATURE (F)
 YESTERDAY
  MAXIMUM         93    315 PM 101    2012  81     12       80
  MINIMUM         49    618 AM  40    2006  47      2       42
  AVERAGE         71                        64      7       61

PRECIPITATION (IN)
  YESTERDAY        0.00          0.01 1998   0.02  -0.02     0.00
                                      1998
                                      2011
  MONTH TO DATE    0.00                      0.02  -0.02     0.00
  SINCE JUL 1      0.84                      0.46   0.38     0.52
  SINCE JAN 1     13.41                     22.55  -9.14     7.04

DEGREE DAYS
 HEATING
  YESTERDAY        0                                         4
  MONTH TO DATE    0                                         4
  SINCE SEP 1      9                                        34
  SINCE JUL 1     14                                        71

 COOLING
  YESTERDAY        6                                         0
  MONTH TO DATE    6                                         0
  SINCE SEP 1     90                                        68
  SINCE JAN 1    439                                       411
..................................................................


WIND (MPH)
  RESULTANT WIND SPEED   3   RESULTANT WIND DIRECTION   N (340)
  HIGHEST WIND SPEED    14   HIGHEST WIND DIRECTION     W (250)
  HIGHEST GUST SPEED    17   HIGHEST GUST DIRECTION     N (340)
  AVERAGE WIND SPEED     4.9


SKY COVER
  POSSIBLE SUNSHINE  MM
  AVERAGE SKY COVER 0.0


WEATHER CONDITIONS
 THE FOLLOWING WEATHER WAS RECORDED YESTERDAY.
  NO SIGNIFICANT WEATHER WAS OBSERVED.


RELATIVE HUMIDITY (PERCENT)
 HIGHEST    89           300 AM
 LOWEST      8           200 PM
 AVERAGE    49

..........................................................


THE SANTA ROSA AIRPORT CLIMATE NORMALS FOR TODAY
                         NORMAL    RECORD    YEAR
 MAXIMUM TEMPERATURE (F)   81       102      2012
 MINIMUM TEMPERATURE (F)   47        40      2009


SUNRISE AND SUNSET
OCTOBER  2 2014.......SUNRISE   708 AM PDT   SUNSET   652 PM PDT
OCTOBER  3 2014.......SUNRISE   709 AM PDT   SUNSET   651 PM PDT


-  INDICATES NEGATIVE NUMBERS.
R  INDICATES RECORD WAS SET OR TIED.
MM INDICATES DATA IS MISSING.
T  INDICATES TRACE AMOUNT.




$$
