000
CDUS46 KMTR 090026
CLISTS


CLIMATE REPORT
NATIONAL WEATHER SERVICE SAN FRANCISCO BAY AREA
426 PM PST MON FEB 8 2016


...................................

...THE SANTA ROSA AIRPORT CLIMATE SUMMARY FOR FEBRUARY 8 2016...
VALID TODAY AS OF 0400 PM LOCAL TIME.

CLIMATE NORMAL PERIOD 1981 TO 2010
CLIMATE RECORD PERIOD 1998 TO 2016


WEATHER ITEM   OBSERVED TIME   RECORD YEAR NORMAL DEPARTURE LAST
                VALUE   (LST)  VALUE       VALUE  FROM      YEAR
                                                  NORMAL
..................................................................
TEMPERATURE (F)
 TODAY
  MAXIMUM         75R   246 PM  72    2006  60     15       65
  MINIMUM         41    714 AM  28    2003  38      3       53
  AVERAGE         58                        49      9       59

PRECIPITATION (IN)
  TODAY            0.00          3.46 2014   0.23  -0.23     1.31
  MONTH TO DATE    0.03                      1.67  -1.64     3.97
  SINCE OCT 1     19.48                     22.47  -2.99    22.64
  SINCE JAN 1     10.90                      8.72   2.18     4.09

DEGREE DAYS
 HEATING
  TODAY            7                                         6
  MONTH TO DATE  109                                        67
  SINCE DEC 1   1105                                       887
  SINCE JUL 1   1550                                      1245

 COOLING
  TODAY            0                                         0
  MONTH TO DATE    0                                         0
  SINCE DEC 1      0                                         0
  SINCE JAN 1      0                                         0
..................................................................


WIND (MPH)
  RESULTANT WIND SPEED   1   RESULTANT WIND DIRECTION   S (170)
  HIGHEST WIND SPEED    10   HIGHEST WIND DIRECTION     S (190)
  HIGHEST GUST SPEED    12   HIGHEST GUST DIRECTION     S (190)
  AVERAGE WIND SPEED     2.7


SKY COVER
  POSSIBLE SUNSHINE  MM
  AVERAGE SKY COVER 0.0


WEATHER CONDITIONS
 THE FOLLOWING WEATHER WAS RECORDED TODAY.
  FOG


RELATIVE HUMIDITY (PERCENT)
 HIGHEST   100           800 AM
 LOWEST     41           300 PM
 AVERAGE    71

..........................................................


THE SANTA ROSA AIRPORT CLIMATE NORMALS FOR TOMORROW
                         NORMAL    RECORD    YEAR
 MAXIMUM TEMPERATURE (F)   60        72      2006
 MINIMUM TEMPERATURE (F)   38        28      2003


SUNRISE AND SUNSET
FEBRUARY  8 2016......SUNRISE   710 AM PST   SUNSET   541 PM PST
FEBRUARY  9 2016......SUNRISE   709 AM PST   SUNSET   542 PM PST


-  INDICATES NEGATIVE NUMBERS.
R  INDICATES RECORD WAS SET OR TIED.
MM INDICATES DATA IS MISSING.
T  INDICATES TRACE AMOUNT.




$$
