000
CDUS46 KMTR 200825
CLISTS


CLIMATE REPORT
NATIONAL WEATHER SERVICE SAN FRANCISCO BAY AREA
125 AM PDT MON OCT 20 2014


...................................

...THE SANTA ROSA AIRPORT CLIMATE SUMMARY FOR OCTOBER 19 2014...

CLIMATE NORMAL PERIOD 1981 TO 2010
CLIMATE RECORD PERIOD 1998 TO 2014


WEATHER ITEM   OBSERVED TIME   RECORD YEAR NORMAL DEPARTURE LAST
                VALUE   (LST)  VALUE       VALUE  FROM      YEAR
                                                  NORMAL
..................................................................
TEMPERATURE (F)
 YESTERDAY
  MAXIMUM         76    223 PM  88    1998  76      0       85
  MINIMUM         57    809 AM  37    2013  45     12       37
  AVERAGE         67                        60      7       61

PRECIPITATION (IN)
  YESTERDAY        0.00          1.88 2004   0.08  -0.08     0.00
  MONTH TO DATE    0.11                      0.87  -0.76     0.00
  SINCE JUL 1      0.95                      1.31  -0.36     0.52
  SINCE JAN 1     13.52                     23.40  -9.88     7.04

DEGREE DAYS
 HEATING
  YESTERDAY        0                                         4
  MONTH TO DATE   19                                        74
  SINCE SEP 1     28                                       104
  SINCE JUL 1     33                                       141

 COOLING
  YESTERDAY        2                                         0
  MONTH TO DATE   64                                         4
  SINCE SEP 1    148                                        72
  SINCE JAN 1    497                                       415
..................................................................


WIND (MPH)
  RESULTANT WIND SPEED   3   RESULTANT WIND DIRECTION   S (190)
  HIGHEST WIND SPEED    12   HIGHEST WIND DIRECTION    SW (240)
  HIGHEST GUST SPEED    15   HIGHEST GUST DIRECTION     S (170)
  AVERAGE WIND SPEED     3.6


SKY COVER
  POSSIBLE SUNSHINE  MM
  AVERAGE SKY COVER 0.6


WEATHER CONDITIONS
 THE FOLLOWING WEATHER WAS RECORDED YESTERDAY.
  FOG
  FOG W/VISIBILITY <= 1/4 MILE


RELATIVE HUMIDITY (PERCENT)
 HIGHEST   100           100 AM
 LOWEST     54           200 PM
 AVERAGE    77

..........................................................


THE SANTA ROSA AIRPORT CLIMATE NORMALS FOR TODAY
                         NORMAL    RECORD    YEAR
 MAXIMUM TEMPERATURE (F)   75        91      2006
 MINIMUM TEMPERATURE (F)   44        37      2013


SUNRISE AND SUNSET
OCTOBER 20 2014.......SUNRISE   725 AM PDT   SUNSET   626 PM PDT
OCTOBER 21 2014.......SUNRISE   726 AM PDT   SUNSET   625 PM PDT


-  INDICATES NEGATIVE NUMBERS.
R  INDICATES RECORD WAS SET OR TIED.
MM INDICATES DATA IS MISSING.
T  INDICATES TRACE AMOUNT.




$$
