000
CDUS46 KMTR 300845
CLISTS


CLIMATE REPORT
NATIONAL WEATHER SERVICE SAN FRANCISCO BAY AREA
145 AM PDT MON MAY 30 2016


...................................

...THE SANTA ROSA AIRPORT CLIMATE SUMMARY FOR MAY 29 2016...

CLIMATE NORMAL PERIOD 1981 TO 2010
CLIMATE RECORD PERIOD 1998 TO 2016


WEATHER ITEM   OBSERVED TIME   RECORD YEAR NORMAL DEPARTURE LAST
                VALUE   (LST)  VALUE       VALUE  FROM      YEAR
                                                  NORMAL
..................................................................
TEMPERATURE (F)
 YESTERDAY
  MAXIMUM         76    108 PM  89    2002  77     -1       78
  MINIMUM         48    459 AM  40    2006  48      0       50
  AVERAGE         62                        63     -1       64

PRECIPITATION (IN)
  YESTERDAY        0.00          T    2013   0.02  -0.02     0.00
  MONTH TO DATE    0.30                      1.28  -0.98      T
  SINCE OCT 1     31.95                     35.55  -3.60    24.49
  SINCE JAN 1     23.37                     21.80   1.57     5.94

DEGREE DAYS
 HEATING
  YESTERDAY        3                                         1
  MONTH TO DATE  117                                       149
  SINCE MAR 1    586                                       572
  SINCE JUL 1   2316                                      2028

 COOLING
  YESTERDAY        0                                         0
  MONTH TO DATE   19                                         1
  SINCE MAR 1     21                                        12
  SINCE JAN 1     24                                        12
..................................................................


WIND (MPH)
  RESULTANT WIND SPEED   5   RESULTANT WIND DIRECTION   S (170)
  HIGHEST WIND SPEED    16   HIGHEST WIND DIRECTION     S (170)
  HIGHEST GUST SPEED    20   HIGHEST GUST DIRECTION     S (170)
  AVERAGE WIND SPEED     5.3


SKY COVER
  POSSIBLE SUNSHINE  MM
  AVERAGE SKY COVER 0.0


WEATHER CONDITIONS
 THE FOLLOWING WEATHER WAS RECORDED YESTERDAY.
  NO SIGNIFICANT WEATHER WAS OBSERVED.


RELATIVE HUMIDITY (PERCENT)
 HIGHEST    96           600 AM
 LOWEST     43           100 PM
 AVERAGE    70

..........................................................


THE SANTA ROSA AIRPORT CLIMATE NORMALS FOR TODAY
                         NORMAL    RECORD    YEAR
 MAXIMUM TEMPERATURE (F)   77       100      2001
 MINIMUM TEMPERATURE (F)   48        42      2013


SUNRISE AND SUNSET
MAY 30 2016...........SUNRISE   550 AM PDT   SUNSET   829 PM PDT
MAY 31 2016...........SUNRISE   549 AM PDT   SUNSET   829 PM PDT


-  INDICATES NEGATIVE NUMBERS.
R  INDICATES RECORD WAS SET OR TIED.
MM INDICATES DATA IS MISSING.
T  INDICATES TRACE AMOUNT.




$$
