000
CDUS43 KFSD 282228
CLISUX


CLIMATE REPORT
NATIONAL WEATHER SERVICE SIOUX FALLS SD
528 PM CDT FRI APR 28 2017


...................................

...THE SIOUX CITY IA CLIMATE SUMMARY FOR APRIL 28 2017...
VALID TODAY AS OF 0500 PM LOCAL TIME.

CLIMATE NORMAL PERIOD 1981 TO 2010
CLIMATE RECORD PERIOD 1889 TO 2017


WEATHER ITEM   OBSERVED TIME   RECORD YEAR NORMAL DEPARTURE LAST
                VALUE   (LST)  VALUE       VALUE  FROM      YEAR
                                                  NORMAL
..................................................................
TEMPERATURE (F)
 TODAY
  MAXIMUM         46    359 PM  98    1910  67    -21       48
  MINIMUM         32    434 AM  27    2008  42    -10       44
                                      1979
  AVERAGE         39                        55    -16       46

PRECIPITATION (IN)
  TODAY            0.03          1.60 1896   0.11  -0.08     0.03
  MONTH TO DATE    1.48                      2.74  -1.26     4.22
  SINCE MAR 1      2.99                      4.74  -1.75     7.28
  SINCE JAN 1      4.58                      6.03  -1.45     9.12

SNOWFALL (IN)
  TODAY            0.0           5.0  1917   0.1   -0.1      0.0
  MONTH TO DATE    T                         1.8   -1.8      0.0
  SINCE MAR 1      3.1                       8.3   -5.2     14.5
  SINCE JUL 1     28.6                      34.8   -6.2     57.6
  SNOW DEPTH       0

DEGREE DAYS
 HEATING
  TODAY           26                        11     15       19
  MONTH TO DATE  397                       454    -57      357
  SINCE MAR 1   1166                      1338   -172      990
  SINCE JUL 1   5403                      6632  -1229     5449

 COOLING
  TODAY            0                         1     -1        0
  MONTH TO DATE    1                         8     -7        0
  SINCE MAR 1      1                         8     -7        0
  SINCE JAN 1      1                         8     -7        0
..................................................................


WIND (MPH)
  HIGHEST WIND SPEED    18   HIGHEST WIND DIRECTION    NE (30)
  HIGHEST GUST SPEED    25   HIGHEST GUST DIRECTION    NE (40)
  AVERAGE WIND SPEED     9.4


SKY COVER
  POSSIBLE SUNSHINE  MM
  AVERAGE SKY COVER 0.7


WEATHER CONDITIONS
 THE FOLLOWING WEATHER WAS RECORDED TODAY.
  LIGHT RAIN


RELATIVE HUMIDITY (PERCENT)
 HIGHEST    89           300 AM
 LOWEST     62          1200 PM
 AVERAGE    76

..........................................................


THE SIOUX CITY IA CLIMATE NORMALS FOR TOMORROW
                         NORMAL    RECORD    YEAR
 MAXIMUM TEMPERATURE (F)   68        93      2007
                                             1891
 MINIMUM TEMPERATURE (F)   42        25      1958


SUNRISE AND SUNSET
APRIL 28 2017.........SUNRISE   624 AM CDT   SUNSET   822 PM CDT
APRIL 29 2017.........SUNRISE   623 AM CDT   SUNSET   823 PM CDT


-  INDICATES NEGATIVE NUMBERS.
R  INDICATES RECORD WAS SET OR TIED.
MM INDICATES DATA IS MISSING.
T  INDICATES TRACE AMOUNT.




$$
