000
CDUS41 KBGM 010613
CLISYR


CLIMATE REPORT
NATIONAL WEATHER SERVICE BINGHAMTON NY
211 AM EDT SUN MAY 1 2016


...................................

...THE SYRACUSE NY CLIMATE SUMMARY FOR APRIL 30 2016...

CLIMATE NORMAL PERIOD 1981 TO 2010
CLIMATE RECORD PERIOD 1902 TO 2016


WEATHER ITEM   OBSERVED TIME   RECORD YEAR NORMAL DEPARTURE LAST
                VALUE   (LST)  VALUE       VALUE  FROM      YEAR
                                                  NORMAL
..................................................................
TEMPERATURE (F)
 YESTERDAY
  MAXIMUM         65    417 PM  85    1970  64      1       71
  MINIMUM         43    133 AM  27    1978  42      1       41
  AVERAGE         54                        53      1       56

PRECIPITATION (IN)
  YESTERDAY        0.00          1.01 2014   0.10  -0.10     0.00
  MONTH TO DATE    2.01                      3.19  -1.18     2.79
  SINCE MAR 1      4.46                      6.14  -1.68     4.31
  SINCE JAN 1     10.98                     10.71   0.27     8.19

SNOWFALL (IN)
  YESTERDAY        0.0           T    2008   0.0    0.0      0.0
                                      1987
  MONTH TO DATE    8.1                       3.8    4.3      0.6
  SINCE MAR 1     13.5                      21.8   -8.3     12.9
  SINCE JUL 1     80.3                     123.7  -43.4    119.7
  SNOW DEPTH       0

DEGREE DAYS
 HEATING
  YESTERDAY       11                        13     -2        9
  MONTH TO DATE  663                       547    116      549
  SINCE MAR 1   1438                      1504    -66     1718
  SINCE JUL 1   5537                      6335   -798     6942

 COOLING
  YESTERDAY        0                         0      0        0
  MONTH TO DATE    0                         4     -4        0
  SINCE MAR 1      0                         4     -4        0
  SINCE JAN 1      0                         4     -4        0
..................................................................


WIND (MPH)
  HIGHEST WIND SPEED    13   HIGHEST WIND DIRECTION     S (200)
  HIGHEST GUST SPEED    16   HIGHEST GUST DIRECTION     S (190)
  AVERAGE WIND SPEED     4.1


SKY COVER
  POSSIBLE SUNSHINE  MM
  AVERAGE SKY COVER 0.7


WEATHER CONDITIONS
 THE FOLLOWING WEATHER WAS RECORDED YESTERDAY.
  FOG


RELATIVE HUMIDITY (PERCENT)
 HIGHEST    92           200 AM
 LOWEST     34           400 PM
 AVERAGE    63

..........................................................


THE SYRACUSE NY CLIMATE NORMALS FOR TODAY
                         NORMAL    RECORD    YEAR
 MAXIMUM TEMPERATURE (F)   64        87      1936
 MINIMUM TEMPERATURE (F)   42        27      1978


SUNRISE AND SUNSET
MAY  1 2016...........SUNRISE   557 AM EDT   SUNSET   806 PM EDT
MAY  2 2016...........SUNRISE   556 AM EDT   SUNSET   807 PM EDT


-  INDICATES NEGATIVE NUMBERS.
R  INDICATES RECORD WAS SET OR TIED.
MM INDICATES DATA IS MISSING.
T  INDICATES TRACE AMOUNT.

$$
