000
CDUS41 KBGM 040839
CLISYR


CLIMATE REPORT
NATIONAL WEATHER SERVICE BINGHAMTON NY
437 AM EDT SAT JUL 4 2015


...................................

...THE SYRACUSE NY CLIMATE SUMMARY FOR JULY 3 2015...

CLIMATE NORMAL PERIOD 1981 TO 2010
CLIMATE RECORD PERIOD 1902 TO 2015


WEATHER ITEM   OBSERVED TIME   RECORD YEAR NORMAL DEPARTURE LAST
                VALUE   (LST)  VALUE       VALUE  FROM      YEAR
                                                  NORMAL
..................................................................
TEMPERATURE (F)
 YESTERDAY
  MAXIMUM         78    306 PM  96    1966  81     -3       81
                                      1911
  MINIMUM         49    444 AM  46    1940  60    -11       64
  AVERAGE         64                        71     -7       73

PRECIPITATION (IN)
  YESTERDAY        0.00          3.90 1974   0.12  -0.12     0.20
  MONTH TO DATE    0.87                      0.36   0.51     0.49
  SINCE JUN 1     10.79                      3.67   7.12     3.23
  SINCE JAN 1     22.91                     17.60   5.31    20.61

SNOWFALL (IN)
  YESTERDAY        0.0           0.0  2002   0.0    0.0      0.0
                                      2000
                                      2001
  MONTH TO DATE    0.0                       0.0    0.0      0.0
  SINCE JUN 1      0.0                       0.0    0.0      0.0
  SINCE JUL 1      0.0                       0.0    0.0      0.0
  SNOW DEPTH       0

DEGREE DAYS
 HEATING
  YESTERDAY        1                         0      1        0
  MONTH TO DATE    2                         2      0        0
  SINCE JUN 1     55                        63     -8       23
  SINCE JUL 1      2                         2      0        0

 COOLING
  YESTERDAY        0                         6     -6        8
  MONTH TO DATE    2                        18    -16       43
  SINCE JUN 1     91                       131    -40      190
  SINCE JAN 1    196                       161     35      246
..................................................................


WIND (MPH)
  HIGHEST WIND SPEED    10   HIGHEST WIND DIRECTION    NE (60)
  HIGHEST GUST SPEED    13   HIGHEST GUST DIRECTION    NE (40)
  AVERAGE WIND SPEED     3.1


SKY COVER
  POSSIBLE SUNSHINE  MM
  AVERAGE SKY COVER 0.5


WEATHER CONDITIONS
 THE FOLLOWING WEATHER WAS RECORDED YESTERDAY.
  NO SIGNIFICANT WEATHER WAS OBSERVED.


RELATIVE HUMIDITY (PERCENT)
 HIGHEST    89          1200 AM
 LOWEST     38          1200 PM
 AVERAGE    64

..........................................................


THE SYRACUSE NY CLIMATE NORMALS FOR TODAY
                         NORMAL    RECORD    YEAR
 MAXIMUM TEMPERATURE (F)   81        97      1990
 MINIMUM TEMPERATURE (F)   60        46      1968


SUNRISE AND SUNSET
JULY  4 2015..........SUNRISE   530 AM EDT   SUNSET   847 PM EDT
JULY  5 2015..........SUNRISE   531 AM EDT   SUNSET   847 PM EDT


-  INDICATES NEGATIVE NUMBERS.
R  INDICATES RECORD WAS SET OR TIED.
MM INDICATES DATA IS MISSING.
T  INDICATES TRACE AMOUNT.




$$
