000
CDUS41 KBGM 020541
CLISYR


CLIMATE REPORT
NATIONAL WEATHER SERVICE BINGHAMTON NY
139 AM EDT THU OCT 2 2014


...................................

...THE SYRACUSE NY CLIMATE SUMMARY FOR OCTOBER 1 2014...

CLIMATE NORMAL PERIOD 1981 TO 2010
CLIMATE RECORD PERIOD 1902 TO 2014


WEATHER ITEM   OBSERVED TIME   RECORD YEAR NORMAL DEPARTURE LAST
                VALUE   (LST)  VALUE       VALUE  FROM      YEAR
                                                  NORMAL
..................................................................
TEMPERATURE (F)
 YESTERDAY
  MAXIMUM         75    251 PM  85    1927  66      9       76
                                      1905
  MINIMUM         55   1159 PM  30    1993  46      9       54
                                      1947
  AVERAGE         65                        56      9       65

PRECIPITATION (IN)
  YESTERDAY        0.00          2.39 1959   0.11  -0.11      T
  MONTH TO DATE    0.00                      0.11  -0.11      T
  SINCE SEP 1      1.60                      3.80  -2.20     3.20
  SINCE JAN 1     30.64                     28.39   2.25    29.78

SNOWFALL (IN)
  YESTERDAY        0.0           0.0  2002   0.0    0.0      0.0
  MONTH TO DATE    0.0                       0.0    0.0      0.0
  SINCE SEP 1      0.0                       0.0    0.0      0.0
  SINCE JUL 1      0.0                       0.0    0.0      0.0
  SNOW DEPTH       0

DEGREE DAYS
 HEATING
  YESTERDAY        0                        10    -10        0
  MONTH TO DATE    0                        10    -10        0
  SINCE SEP 1    103                       151    -48      172
  SINCE JUL 1    114                       177    -63      178

 COOLING
  YESTERDAY        0                         0      0        0
  MONTH TO DATE    0                         0      0        0
  SINCE SEP 1     75                        52     23       68
  SINCE JAN 1    634                       565     69      711
..................................................................


WIND (MPH)
  HIGHEST WIND SPEED    10   HIGHEST WIND DIRECTION     E (70)
  HIGHEST GUST SPEED    14   HIGHEST GUST DIRECTION    NE (60)
  AVERAGE WIND SPEED     5.7


SKY COVER
  POSSIBLE SUNSHINE  MM
  AVERAGE SKY COVER 0.6


WEATHER CONDITIONS
 THE FOLLOWING WEATHER WAS RECORDED YESTERDAY.
  FOG


RELATIVE HUMIDITY (PERCENT)
 HIGHEST    93           100 AM
 LOWEST     57           200 PM
 AVERAGE    75

..........................................................


THE SYRACUSE NY CLIMATE NORMALS FOR TODAY
                         NORMAL    RECORD    YEAR
 MAXIMUM TEMPERATURE (F)   65        86      1950
                                             1927
 MINIMUM TEMPERATURE (F)   46        33      1997
                                             1960
                                             1939


SUNRISE AND SUNSET
OCTOBER  2 2014.......SUNRISE   703 AM EDT   SUNSET   644 PM EDT
OCTOBER  3 2014.......SUNRISE   704 AM EDT   SUNSET   642 PM EDT


-  INDICATES NEGATIVE NUMBERS.
R  INDICATES RECORD WAS SET OR TIED.
MM INDICATES DATA IS MISSING.
T  INDICATES TRACE AMOUNT.

$$
