000
CDUS41 KBGM 010318
CLISYR


CLIMATE REPORT
NATIONAL WEATHER SERVICE BINGHAMTON NY
1017 PM EST SAT FEB 28 2015


...................................

...THE SYRACUSE NY CLIMATE SUMMARY FOR FEBRUARY 28 2015...
VALID AS OF 1000 PM LOCAL TIME.

CLIMATE NORMAL PERIOD 1981 TO 2010
CLIMATE RECORD PERIOD 1902 TO 2015


WEATHER ITEM   OBSERVED TIME   RECORD YEAR NORMAL DEPARTURE LAST
                VALUE   (LST)  VALUE       VALUE  FROM      YEAR
                                                  NORMAL
..................................................................
TEMPERATURE (F)
 TODAY
  MAXIMUM         19    338 PM  66    1954  37    -18       15
  MINIMUM         -4R   641 AM  -3    1907  20    -24        4
  AVERAGE          8                        29    -21       10

PRECIPITATION (IN)
  TODAY            T             0.71 1958   0.09  -0.09     0.03
  MONTH TO DATE    2.50                      2.07   0.43     3.35
  SINCE DEC 1      7.12                      7.79  -0.67     8.44
  SINCE JAN 1      4.10                      4.57  -0.47     5.55

SNOWFALL (IN)
  TODAY            T             5.3  2006   0.8   -0.8      2.1
  MONTH TO DATE   59.9                      25.3   34.6     41.3
  SINCE DEC 1     95.7                      92.0    3.7     95.6
  SINCE JUL 1    106.7                     101.9    4.8    109.9
  SNOW DEPTH      26

DEGREE DAYS
 HEATING
  TODAY           57                        36     21       55
  MONTH TO DATE 1559                      1095    464     1226
  SINCE DEC 1   4039                      3482    557     3759
  SINCE JUL 1   5224                      4831    393     5092

 COOLING
  TODAY            0                         0      0        0
  MONTH TO DATE    0                         0      0        0
  SINCE DEC 1      0                         0      0        0
  SINCE JAN 1      0                         0      0        0
..................................................................


WIND (MPH)
  HIGHEST WIND SPEED    13   HIGHEST WIND DIRECTION     W (260)
  HIGHEST GUST SPEED    MM   HIGHEST GUST DIRECTION    MM
  AVERAGE WIND SPEED     7.0


SKY COVER
  POSSIBLE SUNSHINE  MM
  AVERAGE SKY COVER 0.3


WEATHER CONDITIONS
 THE FOLLOWING WEATHER WAS RECORDED TODAY.
  LIGHT SNOW


RELATIVE HUMIDITY (PERCENT)
 HIGHEST    MM           500 AM
 LOWEST     53           600 PM
 AVERAGE    MM

..........................................................


THE SYRACUSE NY CLIMATE NORMALS FOR TOMORROW
                         NORMAL    RECORD    YEAR
 MAXIMUM TEMPERATURE (F)   38        63      1954
 MINIMUM TEMPERATURE (F)   20        -8      1980


SUNRISE AND SUNSET
FEBRUARY 28 2015......SUNRISE   643 AM EST   SUNSET   552 PM EST
MARCH  1 2015.........SUNRISE   641 AM EST   SUNSET   553 PM EST


-  INDICATES NEGATIVE NUMBERS.
R  INDICATES RECORD WAS SET OR TIED.
MM INDICATES DATA IS MISSING.
T  INDICATES TRACE AMOUNT.




$$
