000
CDUS41 KBGM 200223
CLISYR


CLIMATE REPORT
NATIONAL WEATHER SERVICE BINGHAMTON NY
1022 PM EDT SAT APR 19 2014


...................................

...THE SYRACUSE NY CLIMATE SUMMARY FOR APRIL 19 2014...
VALID AS OF 1000 PM LOCAL TIME.

CLIMATE NORMAL PERIOD 1981 TO 2010
CLIMATE RECORD PERIOD 1902 TO 2014


WEATHER ITEM   OBSERVED TIME   RECORD YEAR NORMAL DEPARTURE LAST
                VALUE   (LST)  VALUE       VALUE  FROM      YEAR
                                                  NORMAL
..................................................................
TEMPERATURE (F)
 TODAY
  MAXIMUM         53    351 PM  87    2008  59     -6       75
  MINIMUM         36    603 AM  20    1904  38     -2       43
  AVERAGE         45                        48     -3       59

PRECIPITATION (IN)
  TODAY            0.00          1.49 1925   0.10  -0.10     0.39
  MONTH TO DATE    2.62                      2.09   0.53     3.25
  SINCE MAR 1      6.10                      5.04   1.06     5.27
  SINCE JAN 1     11.65                      9.61   2.04     9.69

SNOWFALL (IN)
  TODAY            0.0           5.5  1983   0.1   -0.1      0.0
  MONTH TO DATE    0.4                       3.2   -2.8     12.0
  SINCE MAR 1     22.1                      21.2    0.9     32.2
  SINCE JUL 1    132.0                     123.1    8.9    115.4
  SNOW DEPTH       0

DEGREE DAYS
 HEATING
  TODAY           20                        17      3        6
  MONTH TO DATE  383                       388     -5      393
  SINCE MAR 1   1594                      1345    249     1357
  SINCE JUL 1   6686                      6176    510     5728

 COOLING
  TODAY            0                         0      0        0
  MONTH TO DATE    1                         0      1        0
  SINCE MAR 1      1                         0      1        0
  SINCE JAN 1      1                         0      1        0
..................................................................


WIND (MPH)
  HIGHEST WIND SPEED    16   HIGHEST WIND DIRECTION     N (340)
  HIGHEST GUST SPEED    22   HIGHEST GUST DIRECTION     W (290)
  AVERAGE WIND SPEED     9.3


SKY COVER
  POSSIBLE SUNSHINE  MM
  AVERAGE SKY COVER 0.6


WEATHER CONDITIONS
 THE FOLLOWING WEATHER WAS RECORDED TODAY.
  NO SIGNIFICANT WEATHER WAS OBSERVED.


RELATIVE HUMIDITY (PERCENT)
 HIGHEST    83          1200 AM
 LOWEST     38           300 PM
 AVERAGE    61

..........................................................


THE SYRACUSE NY CLIMATE NORMALS FOR TOMORROW
                         NORMAL    RECORD    YEAR
 MAXIMUM TEMPERATURE (F)   59        90      1941
 MINIMUM TEMPERATURE (F)   38        20      1904


SUNRISE AND SUNSET
APRIL 19 2014.........SUNRISE   616 AM EDT   SUNSET   752 PM EDT
APRIL 20 2014.........SUNRISE   614 AM EDT   SUNSET   753 PM EDT


-  INDICATES NEGATIVE NUMBERS.
R  INDICATES RECORD WAS SET OR TIED.
MM INDICATES DATA IS MISSING.
T  INDICATES TRACE AMOUNT.




$$
