000
CDKA40 PTYA 210700
CLIT11
DAILY CLIMATE REPORT
NATIONAL WEATHER SERVICE YAP FM
5PM LST THU AUG 21 2014
THE YAP FM CLIMATE SUMMARY FOR AUGUST 21 2014
CLIMATE NORMAL PERIOD  1981  TO 2010
CLIMATE RECORD PERIOD  1951  TO 2014
WEATHER ITEM OBSERVED TIME  RECORD YEAR NORMAL DEPARTURE LAST
              VALUE   (LST) VALUE       VALUE    FROM    YEAR
                                                NORMAL
TEMPERATURE   (F)
TODAY
MAXIMUM       86   0950 AM 97  2014      87      -1       90
MINIMUM       77   0450 AM 63  1999      78      -1       76
AVERAGE       82                         82       0       83
PRECIPITATION INCHS
TODAY          0.05     164.24  1996    0.49   -0.44     0.95
MONTH TO DATE  6.16                    10.70   -4.54     8.55
SINCE 01 JUL  32.53                    38.94   -6.41    32.71
SINCE JAN 01  81.77                    71.79    9.98    57.73
