000
CDKA40 PTYA 240700
CLIT11
DAILY CLIMATE REPORT
NATIONAL WEATHER SERVICE YAP FM
5PM LST SAT JUN 24 2017
THE YAP FM CLIMATE SUMMARY FOR JUNE 24 2017
CLIMATE NORMAL PERIOD  1981  TO 2010
CLIMATE RECORD PERIOD  1951  TO 2017
WEATHER ITEM OBSERVED TIME  RECORD YEAR NORMAL DEPARTURE LAST
              VALUE   (LST) VALUE       VALUE    FROM    YEAR
                                                NORMAL
TEMPERATURE   (F)
TODAY
MAXIMUM       88  1445        97  2014     88       0        91
MINIMUM       79  0245        63  1999     78       1        76
AVERAGE       84                           83       1        84
PRECIPITATION INCHES
TODAY          0.00           164.24/1996   0.49    -0.49    0.28
MONTH TO DATE  6.78                        10.22    -3.44    5.97
SINCE 01 JUN   6.78                        10.22    -3.44    5.97
SINCE JAN 01   59.58                       43.07    16.51   23.04
