000
CDUS45 KPUB 281040
CLITAD


CLIMATE REPORT
NATIONAL WEATHER SERVICE PUEBLO
440 AM MDT TUE MAR 28 2017


...................................

...THE TRINIDAD CO CLIMATE SUMMARY FOR MARCH 27 2017...

CLIMATE NORMAL PERIOD 1981 TO 2010
CLIMATE RECORD PERIOD 9999 TO 9999


WEATHER ITEM   OBSERVED TIME   NORMAL DEPARTURE LAST
                VALUE   (LST)  VALUE  FROM      YEAR
                                      NORMAL
......................................................
TEMPERATURE (F)
 YESTERDAY
  MAXIMUM         67    306 PM  60      7       50
  MINIMUM         34    606 AM  29      5       11
  AVERAGE         51            45      6       31

PRECIPITATION (IN)
  YESTERDAY        T             0.04  -0.04     0.00
  MONTH TO DATE    0.71          0.77  -0.06     0.40
  SINCE MAR 1      0.71          0.77  -0.06     0.40
  SINCE JAN 1      2.27          1.66   0.61     0.81

DEGREE DAYS
 HEATING
  YESTERDAY       14            20     -6       34
  MONTH TO DATE  392           628   -236      577
  SINCE MAR 1    392           628   -236      577
  SINCE JUL 1   3848          4750   -902     4075

 COOLING
  YESTERDAY        0             0      0        0
  MONTH TO DATE    1             0      1        0
  SINCE MAR 1      1             0      1        0
  SINCE JAN 1      1             0      1        0
......................................................


WIND (MPH)
  HIGHEST WIND SPEED    35   HIGHEST WIND DIRECTION     S (200)
  HIGHEST GUST SPEED    41   HIGHEST GUST DIRECTION     S (200)
  AVERAGE WIND SPEED    10.0


SKY COVER
  POSSIBLE SUNSHINE  MM
  AVERAGE SKY COVER 0.3


WEATHER CONDITIONS
 THE FOLLOWING WEATHER WAS RECORDED YESTERDAY.
  LIGHT RAIN


RELATIVE HUMIDITY (PERCENT)
 HIGHEST    92          1200 AM
 LOWEST     27           200 PM
 AVERAGE    60

..........................................................




SUNRISE AND SUNSET
MARCH 28 2017.........SUNRISE   648 AM MDT   SUNSET   717 PM MDT
MARCH 29 2017.........SUNRISE   647 AM MDT   SUNSET   718 PM MDT


-  INDICATES NEGATIVE NUMBERS.
R  INDICATES RECORD WAS SET OR TIED.
MM INDICATES DATA IS MISSING.
T  INDICATES TRACE AMOUNT.




$$
