000
CDUS45 KPUB 221148
CLITAD


CLIMATE REPORT
NATIONAL WEATHER SERVICE PUEBLO
447 AM MST THU FEB 22 2018


...................................

...THE TRINIDAD CO CLIMATE SUMMARY FOR FEBRUARY 21 2018...

CLIMATE NORMAL PERIOD 1981 TO 2010
CLIMATE RECORD PERIOD 9999 TO 9999


WEATHER ITEM   OBSERVED TIME   NORMAL DEPARTURE LAST
                VALUE   (LST)  VALUE  FROM      YEAR
                                      NORMAL
......................................................
TEMPERATURE (F)
 YESTERDAY
  MAXIMUM         39    401 PM  51    -12       77
  MINIMUM          4    615 AM  21    -17       32
  AVERAGE         22            36    -14       55

PRECIPITATION (IN)
  YESTERDAY        0.00          0.02  -0.02     0.00
  MONTH TO DATE    0.29          0.34  -0.05     0.06
  SINCE DEC 1      0.43          1.28  -0.85     1.86
  SINCE JAN 1      0.42          0.74  -0.32     1.56

DEGREE DAYS
 HEATING
  YESTERDAY       43            29     14       10
  MONTH TO DATE  577           647    -70      399
  SINCE DEC 1   2347          2696   -349     2493
  SINCE JUL 1   3314          3929   -615     3259

 COOLING
  YESTERDAY        0             0      0        0
  MONTH TO DATE    0             0      0        0
  SINCE DEC 1      0             0      0        0
  SINCE JAN 1      0             0      0        0
......................................................


WIND (MPH)
  HIGHEST WIND SPEED    16   HIGHEST WIND DIRECTION    NE (30)
  HIGHEST GUST SPEED    20   HIGHEST GUST DIRECTION    NE (30)
  AVERAGE WIND SPEED     6.9


SKY COVER
  POSSIBLE SUNSHINE  MM
  AVERAGE SKY COVER 0.0


WEATHER CONDITIONS
 THE FOLLOWING WEATHER WAS RECORDED YESTERDAY.
  NO SIGNIFICANT WEATHER WAS OBSERVED.


RELATIVE HUMIDITY (PERCENT)
 HIGHEST    88           300 AM
 LOWEST     32           300 PM
 AVERAGE    60

..........................................................




SUNRISE AND SUNSET
FEBRUARY 22 2018......SUNRISE   638 AM MST   SUNSET   544 PM MST
FEBRUARY 23 2018......SUNRISE   636 AM MST   SUNSET   545 PM MST


-  INDICATES NEGATIVE NUMBERS.
R  INDICATES RECORD WAS SET OR TIED.
MM INDICATES DATA IS MISSING.
T  INDICATES TRACE AMOUNT.




$$
