000
CDUS45 KPUB 201035
CLITAD


CLIMATE REPORT
NATIONAL WEATHER SERVICE PUEBLO
434 AM MDT FRI OCT 20 2017


...................................

...THE TRINIDAD CO CLIMATE SUMMARY FOR OCTOBER 19 2017...

CLIMATE NORMAL PERIOD 1981 TO 2010
CLIMATE RECORD PERIOD 9999 TO 9999


WEATHER ITEM   OBSERVED TIME   NORMAL DEPARTURE LAST
                VALUE   (LST)  VALUE  FROM      YEAR
                                      NORMAL
......................................................
TEMPERATURE (F)
 YESTERDAY
  MAXIMUM         79    141 PM  67     12       60
  MINIMUM         40    606 AM  36      4       38
  AVERAGE         60            52      8       49

PRECIPITATION (IN)
  YESTERDAY        0.00          0.04  -0.04     0.00
  MONTH TO DATE    0.28          0.52  -0.24      T
  SINCE SEP 1      3.94          1.76   2.18     1.16
  SINCE JAN 1     20.14         12.22   7.92     7.39

DEGREE DAYS
 HEATING
  YESTERDAY        5            14     -9       16
  MONTH TO DATE  153           203    -50      121
  SINCE SEP 1    243           303    -60      166
  SINCE JUL 1    246           313    -67      173

 COOLING
  YESTERDAY        0             0      0        0
  MONTH TO DATE    0             0      0       14
  SINCE SEP 1    111            74     37      144
  SINCE JAN 1    796           716     80      559
......................................................


WIND (MPH)
  HIGHEST WIND SPEED    18   HIGHEST WIND DIRECTION     S (170)
  HIGHEST GUST SPEED    23   HIGHEST GUST DIRECTION     S (160)
  AVERAGE WIND SPEED     8.8


SKY COVER
  POSSIBLE SUNSHINE  MM
  AVERAGE SKY COVER 0.0


WEATHER CONDITIONS
 THE FOLLOWING WEATHER WAS RECORDED YESTERDAY.
  NO SIGNIFICANT WEATHER WAS OBSERVED.


RELATIVE HUMIDITY (PERCENT)
 HIGHEST    51           600 AM
 LOWEST      9           300 PM
 AVERAGE    30

..........................................................




SUNRISE AND SUNSET
OCTOBER 20 2017.......SUNRISE   710 AM MDT   SUNSET   613 PM MDT
OCTOBER 21 2017.......SUNRISE   711 AM MDT   SUNSET   612 PM MDT


-  INDICATES NEGATIVE NUMBERS.
R  INDICATES RECORD WAS SET OR TIED.
MM INDICATES DATA IS MISSING.
T  INDICATES TRACE AMOUNT.




$$
