680
CDUS45 KPUB 171208
CLITAD


CLIMATE REPORT
NATIONAL WEATHER SERVICE PUEBLO
507 AM MST TUE JAN 17 2017


...................................

...THE TRINIDAD CO CLIMATE SUMMARY FOR JANUARY 16 2017...

CLIMATE NORMAL PERIOD 1981 TO 2010
CLIMATE RECORD PERIOD 9999 TO 9999


WEATHER ITEM   OBSERVED TIME   NORMAL DEPARTURE LAST
                VALUE   (LST)  VALUE  FROM      YEAR
                                      NORMAL
......................................................
TEMPERATURE (F)
 YESTERDAY
  MAXIMUM         32    532 PM  47    -15       38
  MINIMUM         30   1159 PM  18     12       14
  AVERAGE         31            32     -1       26

PRECIPITATION (IN)
  YESTERDAY        0.53          0.01   0.52     0.00
  MONTH TO DATE    1.39          0.20   1.19     0.24
  SINCE DEC 1      1.69          0.74   0.95     0.47
  SINCE JAN 1      1.39          0.20   1.19     0.24

DEGREE DAYS
 HEATING
  YESTERDAY       34            33      1       39
  MONTH TO DATE  554           528     26      577
  SINCE DEC 1   1580          1563     17     1490
  SINCE JUL 1   2346          2796   -450     2408

 COOLING
  YESTERDAY        0             0      0        0
  MONTH TO DATE    0             0      0        0
  SINCE DEC 1      0             0      0        0
  SINCE JAN 1      0             0      0        0
......................................................


WIND (MPH)
  HIGHEST WIND SPEED    15   HIGHEST WIND DIRECTION     N (350)
  HIGHEST GUST SPEED    20   HIGHEST GUST DIRECTION     N (350)
  AVERAGE WIND SPEED     7.4


SKY COVER
  POSSIBLE SUNSHINE  MM
  AVERAGE SKY COVER 1.0


WEATHER CONDITIONS
 THE FOLLOWING WEATHER WAS RECORDED YESTERDAY.
  SNOW
  LIGHT SNOW
  FOG
  FOG W/VISIBILITY <= 1/4 MILE


RELATIVE HUMIDITY (PERCENT)
 HIGHEST   100           200 AM
 LOWEST     85           600 AM
 AVERAGE    93

..........................................................




SUNRISE AND SUNSET
JANUARY 17 2017.......SUNRISE   709 AM MST   SUNSET   506 PM MST
JANUARY 18 2017.......SUNRISE   709 AM MST   SUNSET   507 PM MST


-  INDICATES NEGATIVE NUMBERS.
R  INDICATES RECORD WAS SET OR TIED.
MM INDICATES DATA IS MISSING.
T  INDICATES TRACE AMOUNT.




$$
