000
CDUS44 KBMX 271042
CLITCL


CLIMATE REPORT
NATIONAL WEATHER SERVICE BIRMINGHAM, AL
541 AM CDT WED AUG 27 2014


...................................

...THE TUSCALOOSA CLIMATE SUMMARY FOR AUGUST 26 2014...

CLIMATE NORMAL PERIOD 1981 TO 2010
CLIMATE RECORD PERIOD 1948 TO 2014


WEATHER ITEM   OBSERVED TIME   RECORD YEAR NORMAL DEPARTURE LAST
                VALUE   (LST)  VALUE       VALUE  FROM      YEAR
                                                  NORMAL
..................................................................
TEMPERATURE (F)
 YESTERDAY
  MAXIMUM         95    239 PM 102    2011  92      3       87
  MINIMUM         70   1159 PM  59    1966  70      0       67
                                      1952
  AVERAGE         83                        81      2       77

PRECIPITATION (IN)
  YESTERDAY        0.00          1.20 1963   0.09  -0.09     0.00
  MONTH TO DATE    2.44                      2.79  -0.35     4.02
  SINCE JUN 1      8.51                     11.96  -3.45    16.86
  SINCE JAN 1     33.55                     35.36  -1.81    38.82

..................................................................


WIND (MPH)
  HIGHEST WIND SPEED    16   HIGHEST WIND DIRECTION    NE (50)
  HIGHEST GUST SPEED    20   HIGHEST GUST DIRECTION    NE (40)
  AVERAGE WIND SPEED     5.2


SKY COVER
  AVERAGE SKY COVER 0.0


WEATHER CONDITIONS
 THE FOLLOWING WEATHER WAS RECORDED YESTERDAY.
  NO SIGNIFICANT WEATHER WAS OBSERVED.


RELATIVE HUMIDITY (PERCENT)
 HIGHEST    84           300 AM
 LOWEST     30           200 PM
 AVERAGE    57

..........................................................


THE TUSCALOOSA CLIMATE NORMALS FOR TODAY
                         NORMAL    RECORD    YEAR
 MAXIMUM TEMPERATURE (F)   91       103      2000
 MINIMUM TEMPERATURE (F)   70        56      1952


SUNRISE AND SUNSET
AUGUST 27 2014........SUNRISE   621 AM CDT   SUNSET   722 PM CDT
AUGUST 28 2014........SUNRISE   622 AM CDT   SUNSET   721 PM CDT


-  INDICATES NEGATIVE NUMBERS.
R  INDICATES RECORD WAS SET OR TIED.
MM INDICATES DATA IS MISSING.
T  INDICATES TRACE AMOUNT.




$$
