007
CDUS44 KBMX 230838
CLITCL


CLIMATE REPORT
NATIONAL WEATHER SERVICE BIRMINGHAM, AL
238 AM CST FRI FEB 23 2018


...................................

...THE TUSCALOOSA CLIMATE SUMMARY FOR FEBRUARY 22 2018...

CLIMATE NORMAL PERIOD 1981 TO 2010
CLIMATE RECORD PERIOD 1948 TO 2018


WEATHER ITEM   OBSERVED TIME   RECORD YEAR NORMAL DEPARTURE LAST
                VALUE   (LST)  VALUE       VALUE  FROM      YEAR
                                                  NORMAL
..................................................................
TEMPERATURE (F)
 YESTERDAY
  MAXIMUM         83R   340 PM  80    1980  62     21       72
  MINIMUM         68   1121 PM  12    1963  39     29       54
  AVERAGE         76                        51     25       63

PRECIPITATION (IN)
  YESTERDAY        T             2.06 1983   0.19  -0.19     0.01
  MONTH TO DATE    8.08                      4.23   3.85     3.47
  SINCE DEC 1     12.17                     14.20  -2.03    13.58
  SINCE JAN 1      9.80                      9.58   0.22    10.67

SNOWFALL (IN)
  YESTERDAY        0.0                       0.0    0.0
  MONTH TO DATE    0.0                       0.0    0.0
  SINCE DEC 1      0.0                       0.3   -0.3
  SINCE JUL 1      0.0                       0.3   -0.3

DEGREE DAYS
 HEATING
  YESTERDAY        0                        14    -14
  MONTH TO DATE  209                       376   -167
  SINCE DEC 1   1504                      1571    -67
  SINCE JUL 1   1888                      2008   -120
..................................................................


WIND (MPH)
  HIGHEST WIND SPEED    20   HIGHEST WIND DIRECTION     S (160)
  HIGHEST GUST SPEED    23   HIGHEST GUST DIRECTION     S (180)
  AVERAGE WIND SPEED     9.4


SKY COVER
  AVERAGE SKY COVER 0.3


WEATHER CONDITIONS
 THE FOLLOWING WEATHER WAS RECORDED YESTERDAY.
  NO SIGNIFICANT WEATHER WAS OBSERVED.


RELATIVE HUMIDITY (PERCENT)
 HIGHEST    97           400 AM
 LOWEST     55           200 PM
 AVERAGE    76

..........................................................


THE TUSCALOOSA CLIMATE NORMALS FOR TODAY
                         NORMAL    RECORD    YEAR
 MAXIMUM TEMPERATURE (F)   63        84      1996
 MINIMUM TEMPERATURE (F)   39        19      1963


SUNRISE AND SUNSET
FEBRUARY 23 2018......SUNRISE   626 AM CST   SUNSET   542 PM CST
FEBRUARY 24 2018......SUNRISE   624 AM CST   SUNSET   543 PM CST


-  INDICATES NEGATIVE NUMBERS.
R  INDICATES RECORD WAS SET OR TIED.
MM INDICATES DATA IS MISSING.
T  INDICATES TRACE AMOUNT.




$$
