000
CDUS44 KBMX 230836
CLITCL


CLIMATE REPORT
NATIONAL WEATHER SERVICE BIRMINGHAM, AL
236 AM CST MON JAN 23 2017


...................................

...THE TUSCALOOSA CLIMATE SUMMARY FOR JANUARY 22 2017...

CLIMATE NORMAL PERIOD 1981 TO 2010
CLIMATE RECORD PERIOD 1948 TO 2017


WEATHER ITEM   OBSERVED TIME   RECORD YEAR NORMAL DEPARTURE LAST
                VALUE   (LST)  VALUE       VALUE  FROM      YEAR
                                                  NORMAL
..................................................................
TEMPERATURE (F)
 YESTERDAY
  MAXIMUM         62   1125 AM  76    1952  56      6       48
  MINIMUM         50   1050 PM  10    1985  34     16       32
  AVERAGE         56                        45     11       40

PRECIPITATION (IN)
  YESTERDAY        1.23          2.48 1980   0.18   1.05     0.23
  MONTH TO DATE    6.83                      3.61   3.22     2.58
  SINCE DEC 1      9.74                      8.23   1.51    10.85
  SINCE JAN 1      6.83                      3.61   3.22     2.58

SNOWFALL (IN)
  YESTERDAY        0.0                       0.0    0.0
  MONTH TO DATE    0.0                       0.2   -0.2
  SINCE DEC 1      0.0                       0.2   -0.2
  SINCE JUL 1      0.0                       0.2   -0.2

DEGREE DAYS
 HEATING
  YESTERDAY        9                        20    -11
  MONTH TO DATE  237                       454   -217
  SINCE DEC 1    627                      1018   -391
  SINCE JUL 1    886                      1455   -569
..................................................................


WIND (MPH)
  HIGHEST WIND SPEED    36   HIGHEST WIND DIRECTION    SW (240)
  HIGHEST GUST SPEED    53   HIGHEST GUST DIRECTION    SW (210)
  AVERAGE WIND SPEED     6.1


SKY COVER
  AVERAGE SKY COVER 0.8


WEATHER CONDITIONS
 THE FOLLOWING WEATHER WAS RECORDED YESTERDAY.
  THUNDERSTORM
  HEAVY RAIN
  RAIN
  LIGHT RAIN
  FOG
  FOG W/VISIBILITY <= 1/4 MILE


RELATIVE HUMIDITY (PERCENT)
 HIGHEST   100           300 AM
 LOWEST     89           800 PM
 AVERAGE    95

..........................................................


THE TUSCALOOSA CLIMATE NORMALS FOR TODAY
                         NORMAL    RECORD    YEAR
 MAXIMUM TEMPERATURE (F)   56        77      2002
                                             1949
 MINIMUM TEMPERATURE (F)   34         6      1963


SUNRISE AND SUNSET
JANUARY 23 2017.......SUNRISE   651 AM CST   SUNSET   514 PM CST
JANUARY 24 2017.......SUNRISE   651 AM CST   SUNSET   515 PM CST


-  INDICATES NEGATIVE NUMBERS.
R  INDICATES RECORD WAS SET OR TIED.
MM INDICATES DATA IS MISSING.
T  INDICATES TRACE AMOUNT.




$$
