000
CDUS44 KBMX 300743
CLITCL


CLIMATE REPORT
NATIONAL WEATHER SERVICE BIRMINGHAM, AL
237 AM CDT SUN AUG 30 2015


...................................

...THE TUSCALOOSA CLIMATE SUMMARY FOR AUGUST 29 2015...

CLIMATE NORMAL PERIOD 1994 TO 1994
CLIMATE RECORD PERIOD 1994 TO 2015


WEATHER ITEM   OBSERVED TIME   RECORD YEAR NORMAL DEPARTURE LAST
                VALUE   (LST)  VALUE       VALUE  FROM      YEAR
                                                  NORMAL
..................................................................
TEMPERATURE (F)
 YESTERDAY
  MAXIMUM         89    100 PM 107    2000  91     -2       96
  MINIMUM         73   1159 PM  56    1992  69      4       65
                                      1986
  AVERAGE         81                        80      1       81

PRECIPITATION (IN)
  YESTERDAY        0.04          1.83 1974   0.11  -0.07     0.00
  MONTH TO DATE    4.28                      3.10   1.18     2.44
  SINCE JUN 1      8.90                     12.27  -3.37     8.51
  SINCE JAN 1     34.48                     35.67  -1.19    33.55

..................................................................


WIND (MPH)
  HIGHEST WIND SPEED    16   HIGHEST WIND DIRECTION     N (20)
  HIGHEST GUST SPEED    20   HIGHEST GUST DIRECTION     N (20)
  AVERAGE WIND SPEED     5.8


SKY COVER
  AVERAGE SKY COVER 0.3


WEATHER CONDITIONS
 THE FOLLOWING WEATHER WAS RECORDED YESTERDAY.
  THUNDERSTORM
  LIGHT RAIN


RELATIVE HUMIDITY (PERCENT)
 HIGHEST    87           700 PM
 LOWEST     59           100 PM
 AVERAGE    73

..........................................................


THE TUSCALOOSA CLIMATE NORMALS FOR TODAY
                         NORMAL    RECORD    YEAR
 MAXIMUM TEMPERATURE (F)   91       103      1951
 MINIMUM TEMPERATURE (F)   69        54      1968


SUNRISE AND SUNSET
AUGUST 30 2015........SUNRISE   623 AM CDT   SUNSET   718 PM CDT
AUGUST 31 2015........SUNRISE   624 AM CDT   SUNSET   717 PM CDT


-  INDICATES NEGATIVE NUMBERS.
R  INDICATES RECORD WAS SET OR TIED.
MM INDICATES DATA IS MISSING.
T  INDICATES TRACE AMOUNT.




$$
