000
CDUS44 KBMX 220947
CLITCL


CLIMATE REPORT
NATIONAL WEATHER SERVICE BIRMINGHAM, AL
445 AM CDT MON SEP 22 2014


...................................

...THE TUSCALOOSA CLIMATE SUMMARY FOR SEPTEMBER 21 2014...

CLIMATE NORMAL PERIOD 1981 TO 2010
CLIMATE RECORD PERIOD 1948 TO 2014


WEATHER ITEM   OBSERVED TIME   RECORD YEAR NORMAL DEPARTURE LAST
                VALUE   (LST)  VALUE       VALUE  FROM      YEAR
                                                  NORMAL
..................................................................
TEMPERATURE (F)
 YESTERDAY
  MAXIMUM         92    246 PM  99    1955  86      6       76
  MINIMUM         62    556 AM  46    1956  62      0       64
  AVERAGE         77                        74      3       70

PRECIPITATION (IN)
  YESTERDAY        T             1.93 2009   0.11  -0.11     0.71
  MONTH TO DATE    1.24                      2.46  -1.22     0.82
  SINCE SEP 1      1.24                      2.46  -1.22     0.82
  SINCE JAN 1     34.90                     38.33  -3.43    39.64

DEGREE DAYS
 HEATING
  YESTERDAY        0                         0      0
  MONTH TO DATE    0                         0      0
  SINCE SEP 1      0                         0      0
  SINCE JUL 1      0                         0      0
..................................................................


WIND (MPH)
  HIGHEST WIND SPEED    12   HIGHEST WIND DIRECTION    NW (310)
  HIGHEST GUST SPEED    15   HIGHEST GUST DIRECTION    NW (310)
  AVERAGE WIND SPEED     3.3


SKY COVER
  AVERAGE SKY COVER 0.1


WEATHER CONDITIONS
 THE FOLLOWING WEATHER WAS RECORDED YESTERDAY.
  FOG


RELATIVE HUMIDITY (PERCENT)
 HIGHEST    93           100 AM
 LOWEST     36           300 PM
 AVERAGE    65

..........................................................


THE TUSCALOOSA CLIMATE NORMALS FOR TODAY
                         NORMAL    RECORD    YEAR
 MAXIMUM TEMPERATURE (F)   85        99      1955
 MINIMUM TEMPERATURE (F)   62        42      1983


SUNRISE AND SUNSET
SEPTEMBER 22 2014.....SUNRISE   639 AM CDT   SUNSET   647 PM CDT
SEPTEMBER 23 2014.....SUNRISE   639 AM CDT   SUNSET   646 PM CDT


-  INDICATES NEGATIVE NUMBERS.
R  INDICATES RECORD WAS SET OR TIED.
MM INDICATES DATA IS MISSING.
T  INDICATES TRACE AMOUNT.




$$
