000
CDUS44 KBMX 100937
CLITCL


CLIMATE REPORT
NATIONAL WEATHER SERVICE BIRMINGHAM, AL
437 AM CDT THU JUL 10 2014


...................................

...THE TUSCALOOSA CLIMATE SUMMARY FOR JULY 9 2014...

CLIMATE NORMAL PERIOD 1981 TO 2010
CLIMATE RECORD PERIOD 1948 TO 2014


WEATHER ITEM   OBSERVED TIME   RECORD YEAR NORMAL DEPARTURE LAST
                VALUE   (LST)  VALUE       VALUE  FROM      YEAR
                                                  NORMAL
..................................................................
TEMPERATURE (F)
 YESTERDAY
  MAXIMUM         88    311 PM 100    2000  92     -4       92
                                      1969
  MINIMUM         71    619 AM  63    1972  71      0       73
  AVERAGE         80                        82     -2       83

PRECIPITATION (IN)
  YESTERDAY        T             2.07 1979   0.14  -0.14     0.01
  MONTH TO DATE    0.02                      1.38  -1.36     2.74
  SINCE JUN 1      5.17                      6.15  -0.98     8.42
  SINCE JAN 1     30.21                     29.55   0.66    30.38

..................................................................


WIND (MPH)
  HIGHEST WIND SPEED    15   HIGHEST WIND DIRECTION     N (350)
  HIGHEST GUST SPEED    20   HIGHEST GUST DIRECTION     N (350)
  AVERAGE WIND SPEED     3.6


SKY COVER
  AVERAGE SKY COVER 0.2


WEATHER CONDITIONS
 THE FOLLOWING WEATHER WAS RECORDED YESTERDAY.
  NO SIGNIFICANT WEATHER WAS OBSERVED.


RELATIVE HUMIDITY (PERCENT)
 HIGHEST    93          1100 PM
 LOWEST     59           300 PM
 AVERAGE    76

..........................................................


THE TUSCALOOSA CLIMATE NORMALS FOR TODAY
                         NORMAL    RECORD    YEAR
 MAXIMUM TEMPERATURE (F)   92       101      2000
 MINIMUM TEMPERATURE (F)   71        61      1963
                                             1961


SUNRISE AND SUNSET
JULY 10 2014..........SUNRISE   549 AM CDT   SUNSET   802 PM CDT
JULY 11 2014..........SUNRISE   550 AM CDT   SUNSET   802 PM CDT


-  INDICATES NEGATIVE NUMBERS.
R  INDICATES RECORD WAS SET OR TIED.
MM INDICATES DATA IS MISSING.
T  INDICATES TRACE AMOUNT.




$$
