000
CDUS44 KBMX 250939
CLITCL


CLIMATE REPORT
NATIONAL WEATHER SERVICE BIRMINGHAM, AL
438 AM CDT SAT OCT 25 2014


...................................

...THE TUSCALOOSA CLIMATE SUMMARY FOR OCTOBER 24 2014...

CLIMATE NORMAL PERIOD 1981 TO 2010
CLIMATE RECORD PERIOD 1948 TO 2014


WEATHER ITEM   OBSERVED TIME   RECORD YEAR NORMAL DEPARTURE LAST
                VALUE   (LST)  VALUE       VALUE  FROM      YEAR
                                                  NORMAL
..................................................................
TEMPERATURE (F)
 YESTERDAY
  MAXIMUM         77    305 PM  86    2010  75      2       73
  MINIMUM         48   1044 PM  32    1962  49     -1       40
  AVERAGE         63                        62      1       57

PRECIPITATION (IN)
  YESTERDAY        0.00          1.70 1986   0.12  -0.12     0.00
  MONTH TO DATE    3.28                      2.77   0.51     0.69
  SINCE SEP 1      4.70                      6.29  -1.59     1.89
  SINCE JAN 1     38.36                     42.16  -3.80    40.71

SNOWFALL (IN)
  YESTERDAY        0.0                       0.0    0.0
  MONTH TO DATE    0.0                       0.0    0.0
  SINCE SEP 1      0.0                       0.0    0.0
  SINCE JUL 1      0.0                       0.0    0.0

DEGREE DAYS
 HEATING
  YESTERDAY        2                         5     -3
  MONTH TO DATE   49                        68    -19
  SINCE SEP 1     49                        75    -26
  SINCE JUL 1     49                        75    -26
..................................................................


WIND (MPH)
  HIGHEST WIND SPEED    13   HIGHEST WIND DIRECTION     N (10)
  HIGHEST GUST SPEED    16   HIGHEST GUST DIRECTION     N (10)
  AVERAGE WIND SPEED     3.5


SKY COVER
  AVERAGE SKY COVER 0.0


WEATHER CONDITIONS
 THE FOLLOWING WEATHER WAS RECORDED YESTERDAY.
  NO SIGNIFICANT WEATHER WAS OBSERVED.


RELATIVE HUMIDITY (PERCENT)
 HIGHEST    89          1200 AM
 LOWEST     25           100 PM
 AVERAGE    57

..........................................................


THE TUSCALOOSA CLIMATE NORMALS FOR TODAY
                         NORMAL    RECORD    YEAR
 MAXIMUM TEMPERATURE (F)   74        86      2010
 MINIMUM TEMPERATURE (F)   49        29      1965


SUNRISE AND SUNSET
OCTOBER 25 2014.......SUNRISE   703 AM CDT   SUNSET   606 PM CDT
OCTOBER 26 2014.......SUNRISE   704 AM CDT   SUNSET   605 PM CDT


-  INDICATES NEGATIVE NUMBERS.
R  INDICATES RECORD WAS SET OR TIED.
MM INDICATES DATA IS MISSING.
T  INDICATES TRACE AMOUNT.




$$
