000
CDUS44 KBMX 210859
CLITCL


CLIMATE REPORT
NATIONAL WEATHER SERVICE BIRMINGHAM, AL
238 AM CST SUN DEC 21 2014


...................................

...THE TUSCALOOSA CLIMATE SUMMARY FOR DECEMBER 20 2014...

CLIMATE NORMAL PERIOD 1981 TO 2010
CLIMATE RECORD PERIOD 1948 TO 2014


WEATHER ITEM   OBSERVED TIME   RECORD YEAR NORMAL DEPARTURE LAST
                VALUE   (LST)  VALUE       VALUE  FROM      YEAR
                                                  NORMAL
..................................................................
TEMPERATURE (F)
 YESTERDAY
  MAXIMUM         55    245 PM  76    1978  57     -2       71
  MINIMUM         35   1159 PM  11    1981  36     -1       51
  AVERAGE         45                        46     -1       61

PRECIPITATION (IN)
  YESTERDAY        T             3.64 1951   0.13  -0.13      T
  MONTH TO DATE    1.13                      3.16  -2.03     4.00
  SINCE DEC 1      1.13                      3.16  -2.03     4.00
  SINCE JAN 1     44.00                     51.14  -7.14    47.83

SNOWFALL (IN)
  YESTERDAY        0.0                       0.0    0.0
  MONTH TO DATE    0.0                       0.0    0.0
  SINCE DEC 1      0.0                       0.0    0.0
  SINCE JUL 1      0.0                       0.0    0.0

DEGREE DAYS
 HEATING
  YESTERDAY       20                        19      1
  MONTH TO DATE  287                       345    -58
  SINCE DEC 1    287                       345    -58
  SINCE JUL 1    831                       782     49
..................................................................


WIND (MPH)
  HIGHEST WIND SPEED    12   HIGHEST WIND DIRECTION    NE (30)
  HIGHEST GUST SPEED    15   HIGHEST GUST DIRECTION     N (10)
  AVERAGE WIND SPEED     3.6


SKY COVER
  AVERAGE SKY COVER 0.5


WEATHER CONDITIONS
 THE FOLLOWING WEATHER WAS RECORDED YESTERDAY.
  LIGHT RAIN
  FOG
  HAZE


RELATIVE HUMIDITY (PERCENT)
 HIGHEST    92           700 AM
 LOWEST     54           200 PM
 AVERAGE    73

..........................................................


THE TUSCALOOSA CLIMATE NORMALS FOR TODAY
                         NORMAL    RECORD    YEAR
 MAXIMUM TEMPERATURE (F)   56        80      2013
 MINIMUM TEMPERATURE (F)   35        18      1989


SUNRISE AND SUNSET
DECEMBER 21 2014......SUNRISE   650 AM CST   SUNSET   447 PM CST
DECEMBER 22 2014......SUNRISE   650 AM CST   SUNSET   448 PM CST


-  INDICATES NEGATIVE NUMBERS.
R  INDICATES RECORD WAS SET OR TIED.
MM INDICATES DATA IS MISSING.
T  INDICATES TRACE AMOUNT.




$$
