000
CDUS42 KTAE 260639
CLITLH


CLIMATE REPORT
NATIONAL WEATHER SERVICE TALLAHASSEE FL
238 AM EDT MON SEP 26 2016


...................................

...THE TALLAHASSEE CLIMATE SUMMARY FOR SEPTEMBER 25 2016...

CLIMATE NORMAL PERIOD 1981 TO 2010
CLIMATE RECORD PERIOD 1896 TO 2016


WEATHER ITEM   OBSERVED TIME   RECORD YEAR NORMAL DEPARTURE LAST
                VALUE   (LST)  VALUE       VALUE  FROM      YEAR
                                                  NORMAL
..................................................................
TEMPERATURE (F)
 YESTERDAY
  MAXIMUM         94   1254 PM  96    1931  87      7       81
  MINIMUM         72    551 AM  45    1990  66      6       63
  AVERAGE         83                        76      7       72

PRECIPITATION (IN)
  YESTERDAY        T             3.50 1960   0.14  -0.14     0.00
  MONTH TO DATE    7.34                      4.02   3.32     2.52
  SINCE SEP 1      7.34                      4.02   3.32     2.52
  SINCE JAN 1     54.65                     47.93   6.72    40.26

SNOWFALL (IN)
  YESTERDAY        0.0                       0.0    0.0

DEGREE DAYS
 HEATING
  YESTERDAY        0                                0
  MONTH TO DATE    0                                0
  SINCE SEP 1      0                                0
  SINCE JUL 1      0                                0

 COOLING
  YESTERDAY       18                                7
  MONTH TO DATE  438                               92
  SINCE SEP 1    438                               92
  SINCE JAN 1   2843                              544
..................................................................


WIND (MPH)
  HIGHEST WIND SPEED    21   HIGHEST WIND DIRECTION    SE (120)
  HIGHEST GUST SPEED    28   HIGHEST GUST DIRECTION     E (110)
  AVERAGE WIND SPEED     4.1




RELATIVE HUMIDITY (PERCENT)
 HIGHEST    94
 LOWEST     56
 AVERAGE    75

..........................................................


THE TALLAHASSEE CLIMATE NORMALS FOR TODAY
                         NORMAL    RECORD    YEAR
 MAXIMUM TEMPERATURE (F)   86        99      1931
 MINIMUM TEMPERATURE (F)   65        50      1975


SUNRISE AND SUNSET
SEPTEMBER 26 2016.....SUNRISE   728 AM EDT   SUNSET   728 PM EDT
SEPTEMBER 27 2016.....SUNRISE   729 AM EDT   SUNSET   727 PM EDT


-  INDICATES NEGATIVE NUMBERS.
R  INDICATES RECORD WAS SET OR TIED.
MM INDICATES DATA IS MISSING.
T  INDICATES TRACE AMOUNT.




$$
