000
CDUS42 KTAE 200633
CLITLH


CLIMATE REPORT
NATIONAL WEATHER SERVICE TALLAHASSEE FL
222 AM EDT SUN APR 20 2014

...................................

...THE TALLAHASSEE CLIMATE SUMMARY FOR APRIL 19 2014...

CLIMATE NORMAL PERIOD 1981 TO 2010
CLIMATE RECORD PERIOD 1896 TO 2014


WEATHER ITEM   OBSERVED TIME   RECORD YEAR NORMAL DEPARTURE LAST
                VALUE   (LST)  VALUE       VALUE  FROM      YEAR
                                                  NORMAL
..................................................................
TEMPERATURE (F)
 YESTERDAY
  MAXIMUM         64    408 PM  92    1942  81    -17
  MINIMUM         55    645 AM  33    2001  53      2
  AVERAGE         60                        67     -7

PRECIPITATION (IN)
  YESTERDAY        0.01          4.65 1893   0.09   0.08     0.85
  MONTH TO DATE    8.42                      2.13   6.29     2.74
  SINCE MAR 1     18.65                      8.07  10.58     7.09
  SINCE JAN 1     26.70                     17.26   9.44    20.30

SNOWFALL (IN)
  YESTERDAY        0.0                       0.0    0.0

DEGREE DAYS
 HEATING
  YESTERDAY        5                                3
  MONTH TO DATE   35                              -19
  SINCE MAR 1    209                              -26
  SINCE JUL 1   1352                             -226

 COOLING
  YESTERDAY        0                               -3
  MONTH TO DATE   59                               10
  SINCE MAR 1     71                              -18
  SINCE JAN 1     83                              -20
..................................................................


WIND (MPH)
  HIGHEST WIND SPEED    17   HIGHEST WIND DIRECTION     N (360)
  HIGHEST GUST SPEED    23   HIGHEST GUST DIRECTION     N (340)
  AVERAGE WIND SPEED     9.3




RELATIVE HUMIDITY (PERCENT)
 HIGHEST    86
 LOWEST     67
 AVERAGE    77

..........................................................


THE TALLAHASSEE CLIMATE NORMALS FOR TODAY
                         NORMAL    RECORD    YEAR
 MAXIMUM TEMPERATURE (F)   81        93      2006
 MINIMUM TEMPERATURE (F)   53        40      1953


SUNRISE AND SUNSET
APRIL 20 2014.........SUNRISE   705 AM EDT   SUNSET   808 PM EDT
APRIL 21 2014.........SUNRISE   704 AM EDT   SUNSET   809 PM EDT


-  INDICATES NEGATIVE NUMBERS.
R  INDICATES RECORD WAS SET OR TIED.
MM INDICATES DATA IS MISSING.
T  INDICATES TRACE AMOUNT.

$$
