000
CDUS42 KTAE 010634
CLITLH


CLIMATE REPORT
NATIONAL WEATHER SERVICE TALLAHASSEE FL
233 AM EDT TUE SEP 1 2015


...................................

...THE TALLAHASSEE CLIMATE SUMMARY FOR AUGUST 31 2015...

CLIMATE NORMAL PERIOD 1981 TO 2010
CLIMATE RECORD PERIOD 1896 TO 2015


WEATHER ITEM   OBSERVED TIME   RECORD YEAR NORMAL DEPARTURE LAST
                VALUE   (LST)  VALUE       VALUE  FROM      YEAR
                                                  NORMAL
..................................................................
TEMPERATURE (F)
 YESTERDAY
  MAXIMUM         96    301 PM  97    2014  91      5       97
                                      1998
                                      1954
  MINIMUM         71    337 AM  58    1992  71      0       75
  AVERAGE         84                        81      3       86

PRECIPITATION (IN)
  YESTERDAY        0.00          7.07 1950   0.18  -0.18     0.01
  MONTH TO DATE    6.07                      7.35  -1.28     2.26
  SINCE JUN 1     19.21                     22.25  -3.04     8.99
  SINCE JAN 1     37.74                     43.91  -6.17    41.08

SNOWFALL (IN)
  YESTERDAY        0.0                       0.0    0.0

DEGREE DAYS
 HEATING
  YESTERDAY        0                                0
  MONTH TO DATE    0                                0
  SINCE JUN 1      0                                0
  SINCE JUL 1      0                                0

 COOLING
  YESTERDAY       19                                3
  MONTH TO DATE  606                               85
  SINCE JUN 1   1774                              267
  SINCE JAN 1   2595                              642
..................................................................


WIND (MPH)
  HIGHEST WIND SPEED    13   HIGHEST WIND DIRECTION     E (80)
  HIGHEST GUST SPEED    16   HIGHEST GUST DIRECTION     E (70)
  AVERAGE WIND SPEED     4.3




RELATIVE HUMIDITY (PERCENT)
 HIGHEST   100
 LOWEST     44
 AVERAGE    72

..........................................................


THE TALLAHASSEE CLIMATE NORMALS FOR TODAY
                         NORMAL    RECORD    YEAR
 MAXIMUM TEMPERATURE (F)   91        97      1951
                                             1947
 MINIMUM TEMPERATURE (F)   71        61      1934


SUNRISE AND SUNSET
SEPTEMBER  1 2015.....SUNRISE   714 AM EDT   SUNSET   800 PM EDT
SEPTEMBER  2 2015.....SUNRISE   715 AM EDT   SUNSET   759 PM EDT


-  INDICATES NEGATIVE NUMBERS.
R  INDICATES RECORD WAS SET OR TIED.
MM INDICATES DATA IS MISSING.
T  INDICATES TRACE AMOUNT.




$$
