000
CDUS44 KBMX 270808
CLITOI


CLIMATE REPORT
NATIONAL WEATHER SERVICE BIRMINGHAM, AL
252 AM CDT WED MAY 27 2015


...................................

...THE TROY CLIMATE SUMMARY FOR MAY 26 2015...

CLIMATE NORMAL PERIOD 1981 TO 2010
CLIMATE RECORD PERIOD 9999 TO 9999


WEATHER ITEM   OBSERVED TIME   RECORD YEAR NORMAL DEPARTURE LAST
                VALUE   (LST)  VALUE       VALUE  FROM      YEAR
                                                  NORMAL
..................................................................
TEMPERATURE (F)
 YESTERDAY
  MAXIMUM         86   1113 AM  MM      MM  86      0       90
  MINIMUM         64    220 AM  MM      MM  62      2       64
  AVERAGE         75                        74      1       77

PRECIPITATION (IN)
  YESTERDAY        0.42                      0.17   0.25     0.37
  MONTH TO DATE    1.68                      2.68  -1.00     4.55
  SINCE MAR 1     11.50                     12.70  -1.20    20.21
  SINCE JAN 1     18.41                     21.83  -3.42    29.27

DEGREE DAYS
 COOLING
  YESTERDAY       10                         9      1       12
  MONTH TO DATE  219                       162     57      180
  SINCE MAR 1    423                       234    189      252
  SINCE JAN 1    425                       239    186      263
..................................................................


WIND (MPH)
  HIGHEST WIND SPEED    21   HIGHEST WIND DIRECTION     W (290)
  HIGHEST GUST SPEED    33   HIGHEST GUST DIRECTION     W (280)
  AVERAGE WIND SPEED     4.4


SKY COVER
  AVERAGE SKY COVER 0.3


WEATHER CONDITIONS
 THE FOLLOWING WEATHER WAS RECORDED YESTERDAY.
  THUNDERSTORM
  HEAVY RAIN
  RAIN
  LIGHT RAIN
  FOG


RELATIVE HUMIDITY (PERCENT)
 HIGHEST   100           100 AM
 LOWEST     65          1100 AM
 AVERAGE    83

..........................................................


THE TROY CLIMATE NORMALS FOR TODAY
                         NORMAL    RECORD    YEAR
 MAXIMUM TEMPERATURE (F)   86        MM        MM
 MINIMUM TEMPERATURE (F)   62        MM        MM


SUNRISE AND SUNSET
MAY 27 2015...........SUNRISE   541 AM CDT   SUNSET   742 PM CDT
MAY 28 2015...........SUNRISE   540 AM CDT   SUNSET   742 PM CDT


-  INDICATES NEGATIVE NUMBERS.
R  INDICATES RECORD WAS SET OR TIED.
MM INDICATES DATA IS MISSING.
T  INDICATES TRACE AMOUNT.




$$
