000
CDUS44 KBMX 040147
CLITOI


CLIMATE REPORT
NATIONAL WEATHER SERVICE BIRMINGHAM, AL
746 PM CST SAT DEC 3 2016


...................................

...THE TROY CLIMATE SUMMARY FOR DECEMBER 3 2016...
VALID TODAY AS OF 0700 PM LOCAL TIME.

CLIMATE NORMAL PERIOD 1981 TO 2010
CLIMATE RECORD PERIOD 9999 TO 9999


WEATHER ITEM   OBSERVED TIME   RECORD YEAR NORMAL DEPARTURE LAST
                VALUE   (LST)  VALUE       VALUE  FROM      YEAR
                                                  NORMAL
..................................................................
TEMPERATURE (F)
 TODAY
  MAXIMUM         60    125 PM  MM      MM  63     -3       50
  MINIMUM         45    214 AM  MM      MM  39      6       36
  AVERAGE         53                        51      2       43

PRECIPITATION (IN)
  TODAY            T                         0.17  -0.17     0.00
  MONTH TO DATE    T                         0.50  -0.50     0.02
  SINCE DEC 1      T                         0.50  -0.50     0.02
  SINCE JAN 1     35.62                     50.28 -14.66    43.70

SNOWFALL (IN)
  TODAY           MM                        MM     MM        0.0
  MONTH TO DATE    0.0                      MM     MM        0.0
  SINCE DEC 1      0.0                      MM     MM        0.0
  SINCE JUL 1      0.0                      MM     MM        0.0
  SNOW DEPTH       0

DEGREE DAYS
 HEATING
  TODAY           12                        14     -2       22
  MONTH TO DATE   46                        42      4       29
  SINCE DEC 1     46                        42      4       29
  SINCE JUL 1    298                       435   -137      214
..................................................................


WIND (MPH)
  HIGHEST WIND SPEED    13   HIGHEST WIND DIRECTION    NE (30)
  HIGHEST GUST SPEED    17   HIGHEST GUST DIRECTION    NE (40)
  AVERAGE WIND SPEED     5.9


SKY COVER
  AVERAGE SKY COVER 0.7


WEATHER CONDITIONS
 THE FOLLOWING WEATHER WAS RECORDED TODAY.
  LIGHT RAIN


RELATIVE HUMIDITY (PERCENT)
 HIGHEST    86           200 AM
 LOWEST     40          1200 PM
 AVERAGE    63

..........................................................


THE TROY CLIMATE NORMALS FOR TOMORROW
                         NORMAL    RECORD    YEAR
 MAXIMUM TEMPERATURE (F)   63        MM        MM
 MINIMUM TEMPERATURE (F)   38        MM        MM


SUNRISE AND SUNSET
DECEMBER  3 2016......SUNRISE   628 AM CST   SUNSET   440 PM CST
DECEMBER  4 2016......SUNRISE   629 AM CST   SUNSET   440 PM CST


-  INDICATES NEGATIVE NUMBERS.
R  INDICATES RECORD WAS SET OR TIED.
MM INDICATES DATA IS MISSING.
T  INDICATES TRACE AMOUNT.




$$
