000
CDUS44 KBMX 030740
CLITOI


CLIMATE REPORT
NATIONAL WEATHER SERVICE BIRMINGHAM, AL
240 AM CDT MON AUG 3 2015


...................................

...THE TROY CLIMATE SUMMARY FOR AUGUST 2 2015...

CLIMATE NORMAL PERIOD 1981 TO 2010
CLIMATE RECORD PERIOD 9999 TO 9999


WEATHER ITEM   OBSERVED TIME   RECORD YEAR NORMAL DEPARTURE LAST
                VALUE   (LST)  VALUE       VALUE  FROM      YEAR
                                                  NORMAL
..................................................................
TEMPERATURE (F)
 YESTERDAY
  MAXIMUM         95    338 PM  MM      MM  91      4       91
  MINIMUM         73    547 AM  MM      MM  70      3       72
  AVERAGE         84                        81      3       82

PRECIPITATION (IN)
  YESTERDAY        0.00                      0.17  -0.17     0.00
  MONTH TO DATE    1.20                      0.34   0.86     0.00
  SINCE JUN 1      8.00                     10.84  -2.84     4.91
  SINCE JAN 1     27.82                     33.67  -5.85    34.97

DEGREE DAYS
 COOLING
  YESTERDAY       19                        16      3       17
  MONTH TO DATE   38                        32      6       30
  SINCE JUN 1   1074                       905    169      923
  SINCE JAN 1   1557                      1192    365     1245
..................................................................


WIND (MPH)
  HIGHEST WIND SPEED    14   HIGHEST WIND DIRECTION    NE (40)
  HIGHEST GUST SPEED    19   HIGHEST GUST DIRECTION    NE (40)
  AVERAGE WIND SPEED     3.9


SKY COVER
  AVERAGE SKY COVER 0.2


WEATHER CONDITIONS
 THE FOLLOWING WEATHER WAS RECORDED YESTERDAY.
  FOG


RELATIVE HUMIDITY (PERCENT)
 HIGHEST   100           300 AM
 LOWEST     46          1200 PM
 AVERAGE    73

..........................................................


THE TROY CLIMATE NORMALS FOR TODAY
                         NORMAL    RECORD    YEAR
 MAXIMUM TEMPERATURE (F)   91        MM        MM
 MINIMUM TEMPERATURE (F)   70        MM        MM


SUNRISE AND SUNSET
AUGUST  3 2015........SUNRISE   601 AM CDT   SUNSET   739 PM CDT
AUGUST  4 2015........SUNRISE   601 AM CDT   SUNSET   738 PM CDT


-  INDICATES NEGATIVE NUMBERS.
R  INDICATES RECORD WAS SET OR TIED.
MM INDICATES DATA IS MISSING.
T  INDICATES TRACE AMOUNT.




$$
