000
CDUS44 KBMX 060720
CLITOI


CLIMATE REPORT
NATIONAL WEATHER SERVICE BIRMINGHAM, AL
118 AM CST FRI MAR 6 2015


...................................

...THE TROY CLIMATE SUMMARY FOR MARCH 5 2015...

CLIMATE NORMAL PERIOD 1981 TO 2010
CLIMATE RECORD PERIOD 9999 TO 9999


WEATHER ITEM   OBSERVED TIME   RECORD YEAR NORMAL DEPARTURE LAST
                VALUE   (LST)  VALUE       VALUE  FROM      YEAR
                                                  NORMAL
..................................................................
TEMPERATURE (F)
 YESTERDAY
  MAXIMUM         72    833 AM  MM      MM  67      5       63
  MINIMUM         32   1159 PM  MM      MM  41     -9       40
  AVERAGE         52                        54     -2       52

PRECIPITATION (IN)
  YESTERDAY        0.86                      0.15   0.71     0.00
  MONTH TO DATE    1.16                      0.78   0.38     0.14
  SINCE MAR 1      1.16                      0.78   0.38     0.14
  SINCE JAN 1      8.07                      9.91  -1.84     9.20

SNOWFALL (IN)
  YESTERDAY        0.0                      MM     MM        0.0
  MONTH TO DATE    0.0                      MM     MM        0.0
  SINCE MAR 1      0.0                      MM     MM        0.0
  SINCE JUL 1      0.0                      MM     MM        0.3
  SNOW DEPTH       0

DEGREE DAYS
 HEATING
  YESTERDAY       13                        11      2       13
  MONTH TO DATE   37                        59    -22       64
  SINCE MAR 1     37                        59    -22       64
  SINCE JUL 1   2038                      1978     60     2004

 COOLING
  YESTERDAY        0                         0      0        0
  MONTH TO DATE   10                         0     10        0
  SINCE MAR 1     10                         0     10        0
  SINCE JAN 1     12                         5      7       11
..................................................................


WIND (MPH)
  HIGHEST WIND SPEED    24   HIGHEST WIND DIRECTION    NW (320)
  HIGHEST GUST SPEED    34   HIGHEST GUST DIRECTION    NW (310)
  AVERAGE WIND SPEED    14.1


SKY COVER
  AVERAGE SKY COVER 0.8


WEATHER CONDITIONS
 THE FOLLOWING WEATHER WAS RECORDED YESTERDAY.
  HEAVY RAIN
  RAIN
  LIGHT RAIN
  FOG


RELATIVE HUMIDITY (PERCENT)
 HIGHEST    93           300 AM
 LOWEST     70          1000 PM
 AVERAGE    82

..........................................................


THE TROY CLIMATE NORMALS FOR TODAY
                         NORMAL    RECORD    YEAR
 MAXIMUM TEMPERATURE (F)   67        MM        MM
 MINIMUM TEMPERATURE (F)   41        MM        MM


SUNRISE AND SUNSET
MARCH  6 2015.........SUNRISE   606 AM CST   SUNSET   545 PM CST
MARCH  7 2015.........SUNRISE   604 AM CST   SUNSET   546 PM CST


-  INDICATES NEGATIVE NUMBERS.
R  INDICATES RECORD WAS SET OR TIED.
MM INDICATES DATA IS MISSING.
T  INDICATES TRACE AMOUNT.




$$
