000
CDUS44 KBMX 190742
CLITOI


CLIMATE REPORT
NATIONAL WEATHER SERVICE BIRMINGHAM, AL
241 AM CDT SAT AUG 19 2017


...................................

...THE TROY CLIMATE SUMMARY FOR AUGUST 18 2017...

CLIMATE NORMAL PERIOD 1981 TO 2010
CLIMATE RECORD PERIOD 9999 TO 9999


WEATHER ITEM   OBSERVED TIME   RECORD YEAR NORMAL DEPARTURE LAST
                VALUE   (LST)  VALUE       VALUE  FROM      YEAR
                                                  NORMAL
..................................................................
TEMPERATURE (F)
 YESTERDAY
  MAXIMUM         93    138 PM  MM      MM  91      2       92
  MINIMUM         73   1159 PM  MM      MM  70      3       71
  AVERAGE         83                        80      3       82

PRECIPITATION (IN)
  YESTERDAY        0.00                      0.16  -0.16     0.01
  MONTH TO DATE    5.65                      3.05   2.60     3.03
  SINCE JUN 1     19.03                     13.55   5.48    13.08
  SINCE JAN 1     51.53                     36.38  15.15    32.42

DEGREE DAYS
 COOLING
  YESTERDAY       18                        15      3       17
  MONTH TO DATE  271                       285    -14      311
  SINCE JUN 1   1116                      1158    -42     1271
  SINCE JAN 1   1520                      1445     75     1686
..................................................................


WIND (MPH)
  HIGHEST WIND SPEED    16   HIGHEST WIND DIRECTION    NW (320)
  HIGHEST GUST SPEED    20   HIGHEST GUST DIRECTION    NW (330)
  AVERAGE WIND SPEED     4.3


SKY COVER
  AVERAGE SKY COVER 0.1


WEATHER CONDITIONS
 THE FOLLOWING WEATHER WAS RECORDED YESTERDAY.
  FOG


RELATIVE HUMIDITY (PERCENT)
 HIGHEST   100          1200 AM
 LOWEST     52           400 PM
 AVERAGE    76

..........................................................


THE TROY CLIMATE NORMALS FOR TODAY
                         NORMAL    RECORD    YEAR
 MAXIMUM TEMPERATURE (F)   91        MM        MM
 MINIMUM TEMPERATURE (F)   70        MM        MM


SUNRISE AND SUNSET
AUGUST 19 2017........SUNRISE   612 AM CDT   SUNSET   723 PM CDT
AUGUST 20 2017........SUNRISE   612 AM CDT   SUNSET   722 PM CDT


-  INDICATES NEGATIVE NUMBERS.
R  INDICATES RECORD WAS SET OR TIED.
MM INDICATES DATA IS MISSING.
T  INDICATES TRACE AMOUNT.




$$
