000
CDUS44 KBMX 280855
CLITOI


CLIMATE REPORT
NATIONAL WEATHER SERVICE BIRMINGHAM, AL
353 AM CDT SAT MAR 28 2015


...................................

...THE TROY CLIMATE SUMMARY FOR MARCH 27 2015...

CLIMATE NORMAL PERIOD 1981 TO 2010
CLIMATE RECORD PERIOD 9999 TO 9999


WEATHER ITEM   OBSERVED TIME   RECORD YEAR NORMAL DEPARTURE LAST
                VALUE   (LST)  VALUE       VALUE  FROM      YEAR
                                                  NORMAL
..................................................................
TEMPERATURE (F)
 YESTERDAY
  MAXIMUM         65    118 AM  MM      MM  72     -7       72
  MINIMUM         44   1159 PM  MM      MM  45     -1       38
  AVERAGE         55                        59     -4       55

PRECIPITATION (IN)
  YESTERDAY        0.00                      0.25  -0.25     0.00
  MONTH TO DATE    2.42                      5.17  -2.75     2.98
  SINCE MAR 1      2.42                      5.17  -2.75     2.98
  SINCE JAN 1      9.33                     14.30  -4.97    12.04

SNOWFALL (IN)
  YESTERDAY        0.0                      MM     MM        0.0
  MONTH TO DATE    0.0                      MM     MM        0.0
  SINCE MAR 1      0.0                      MM     MM        0.0
  SINCE JUL 1      0.0                      MM     MM        0.3
  SNOW DEPTH       0

DEGREE DAYS
 HEATING
  YESTERDAY       10                         7      3       10
  MONTH TO DATE  120                       256   -136      271
  SINCE MAR 1    120                       256   -136      271
  SINCE JUL 1   2121                      2175    -54     2211

 COOLING
  YESTERDAY        0                         1     -1        0
  MONTH TO DATE   56                         7     49        1
  SINCE MAR 1     56                         7     49        1
  SINCE JAN 1     58                        12     46       12
..................................................................


WIND (MPH)
  HIGHEST WIND SPEED    23   HIGHEST WIND DIRECTION    NW (320)
  HIGHEST GUST SPEED    30   HIGHEST GUST DIRECTION    NW (320)
  AVERAGE WIND SPEED    12.3


SKY COVER
  AVERAGE SKY COVER 0.5


WEATHER CONDITIONS
 THE FOLLOWING WEATHER WAS RECORDED YESTERDAY.
  NO SIGNIFICANT WEATHER WAS OBSERVED.


RELATIVE HUMIDITY (PERCENT)
 HIGHEST    87          1200 AM
 LOWEST     30           400 PM
 AVERAGE    59

..........................................................


THE TROY CLIMATE NORMALS FOR TODAY
                         NORMAL    RECORD    YEAR
 MAXIMUM TEMPERATURE (F)   72        MM        MM
 MINIMUM TEMPERATURE (F)   46        MM        MM


SUNRISE AND SUNSET
MARCH 28 2015.........SUNRISE   638 AM CDT   SUNSET   701 PM CDT
MARCH 29 2015.........SUNRISE   637 AM CDT   SUNSET   702 PM CDT


-  INDICATES NEGATIVE NUMBERS.
R  INDICATES RECORD WAS SET OR TIED.
MM INDICATES DATA IS MISSING.
T  INDICATES TRACE AMOUNT.




$$
