000
CDUS41 KCLE 010526
CLITOL


CLIMATE REPORT
NATIONAL WEATHER SERVICE CLEVELAND OH
126 AM EDT SUN MAY 1 2016


...................................

...THE TOLEDO OH CLIMATE SUMMARY FOR APRIL 30 2016...

CLIMATE NORMAL PERIOD 1981 TO 2010
CLIMATE RECORD PERIOD 1873 TO 2016


WEATHER ITEM   OBSERVED TIME   RECORD YEAR NORMAL DEPARTURE LAST
                VALUE   (LST)  VALUE       VALUE  FROM      YEAR
                                                  NORMAL
..................................................................
TEMPERATURE (F)
 YESTERDAY
  MAXIMUM         54   1100 AM  89    1942  66    -12       53
  MINIMUM         36    547 AM  30    1961  44     -8       45
                                      1958
                                      1876
  AVERAGE         45                        55    -10       49

PRECIPITATION (IN)
  YESTERDAY        0.70                      0.10   0.60     0.17
  MONTH TO DATE    4.00                      3.19   0.81     2.69
  SINCE MAR 1      9.10                      5.67   3.43     4.03
  SINCE JAN 1     12.32                      9.79   2.53     7.65

SNOWFALL (IN)
  YESTERDAY        0.0                       0.0    0.0      0.0
  MONTH TO DATE    8.7                       1.3    7.4      0.0
  SINCE MAR 1     11.4                       7.0    4.4      5.4
  SINCE JUL 1     26.4                      37.5  -11.1     45.7
  SNOW DEPTH       0

DEGREE DAYS
 HEATING
  YESTERDAY       20                        11      9       16
  MONTH TO DATE  548                       476     72      483
  SINCE MAR 1   1222                      1326   -104     1473
  SINCE JUL 1   5120                      5902   -782     6729

 COOLING
  YESTERDAY        0                         0      0        0
  MONTH TO DATE    0                         8     -8        0
  SINCE MAR 1      0                         8     -8        0
  SINCE JAN 1      0                         8     -8        0
..................................................................


WIND (MPH)
  HIGHEST WIND SPEED    16   HIGHEST WIND DIRECTION     E (80)
  HIGHEST GUST SPEED    22   HIGHEST GUST DIRECTION     E (70)
  AVERAGE WIND SPEED     8.9


SKY COVER
  POSSIBLE SUNSHINE  MM
  AVERAGE SKY COVER 0.6


WEATHER CONDITIONS
 THE FOLLOWING WEATHER WAS RECORDED YESTERDAY.
  HEAVY RAIN
  RAIN
  LIGHT RAIN
  FOG


RELATIVE HUMIDITY (PERCENT)
 HIGHEST   100           700 PM
 LOWEST     54          1000 AM
 AVERAGE    77

..........................................................


THE TOLEDO OH CLIMATE NORMALS FOR TODAY
                         NORMAL    RECORD    YEAR
 MAXIMUM TEMPERATURE (F)   66        88      1942
 MINIMUM TEMPERATURE (F)   44        28      1978
                                             1963
                                             1945


SUNRISE AND SUNSET
MAY  1 2016...........SUNRISE   631 AM EDT   SUNSET   834 PM EDT
MAY  2 2016...........SUNRISE   630 AM EDT   SUNSET   835 PM EDT


-  INDICATES NEGATIVE NUMBERS.
R  INDICATES RECORD WAS SET OR TIED.
MM INDICATES DATA IS MISSING.
T  INDICATES TRACE AMOUNT.




$$
