000
CDUS41 KCLE 250545
CLITOL


CLIMATE REPORT
NATIONAL WEATHER SERVICE CLEVELAND OH
145 AM EDT SAT OCT 25 2014


...................................

...THE TOLEDO OH CLIMATE SUMMARY FOR OCTOBER 24 2014...

CLIMATE NORMAL PERIOD 1981 TO 2010
CLIMATE RECORD PERIOD 1873 TO 2014


WEATHER ITEM   OBSERVED TIME   RECORD YEAR NORMAL DEPARTURE LAST
                VALUE   (LST)  VALUE       VALUE  FROM      YEAR
                                                  NORMAL
..................................................................
TEMPERATURE (F)
 YESTERDAY
  MAXIMUM         60    359 PM  82    1963  60      0       47
  MINIMUM         33    700 AM  18    1969  40     -7       32
  AVERAGE         47                        50     -3       40

PRECIPITATION (IN)
  YESTERDAY        0.00                      0.08  -0.08      T
  MONTH TO DATE    1.72                      2.03  -0.31     2.33
  SINCE SEP 1      7.09                      4.81   2.28     4.30
  SINCE JAN 1     28.28                     28.13   0.15    31.09

SNOWFALL (IN)
  YESTERDAY        0.0                       0.0    0.0      0.0
  MONTH TO DATE    0.0                       0.1   -0.1      0.0
  SINCE SEP 1      0.0                       0.1   -0.1      0.0
  SINCE JUL 1      0.0                       0.1   -0.1      0.0
  SNOW DEPTH       0

DEGREE DAYS
 HEATING
  YESTERDAY       18                        15      3       25
  MONTH TO DATE  305                       286     19      253
  SINCE SEP 1    430                       396     34      371
  SINCE JUL 1    444                       410     34      400

 COOLING
  YESTERDAY        0                         0      0        0
  MONTH TO DATE    0                         8     -8       21
  SINCE SEP 1     56                        90    -34      111
  SINCE JAN 1    654                       792   -138      793
..................................................................


WIND (MPH)
  HIGHEST WIND SPEED    10   HIGHEST WIND DIRECTION     W (250)
  HIGHEST GUST SPEED    14   HIGHEST GUST DIRECTION     W (250)
  AVERAGE WIND SPEED     2.1


SKY COVER
  POSSIBLE SUNSHINE  MM
  AVERAGE SKY COVER 0.4


WEATHER CONDITIONS
 THE FOLLOWING WEATHER WAS RECORDED YESTERDAY.
  FOG
  HAZE


RELATIVE HUMIDITY (PERCENT)
 HIGHEST   100           300 AM
 LOWEST     51          1200 PM
 AVERAGE    76

..........................................................


THE TOLEDO OH CLIMATE NORMALS FOR TODAY
                         NORMAL    RECORD    YEAR
 MAXIMUM TEMPERATURE (F)   59        81      1963
 MINIMUM TEMPERATURE (F)   39        21      1960


SUNRISE AND SUNSET
OCTOBER 25 2014.......SUNRISE   759 AM EDT   SUNSET   639 PM EDT
OCTOBER 26 2014.......SUNRISE   800 AM EDT   SUNSET   638 PM EDT


-  INDICATES NEGATIVE NUMBERS.
R  INDICATES RECORD WAS SET OR TIED.
MM INDICATES DATA IS MISSING.
T  INDICATES TRACE AMOUNT.




$$
