000
CDUS41 KCLE 312112
CLITOL


CLIMATE REPORT
NATIONAL WEATHER SERVICE CLEVELAND OH
512 PM EDT TUE MAY 31 2016


...................................

...THE TOLEDO OH CLIMATE SUMMARY FOR MAY 31 2016...
VALID TODAY AS OF 0500 PM LOCAL TIME.

CLIMATE NORMAL PERIOD 1981 TO 2010
CLIMATE RECORD PERIOD 1873 TO 2016


WEATHER ITEM   OBSERVED TIME   RECORD YEAR NORMAL DEPARTURE LAST
                VALUE   (LST)  VALUE       VALUE  FROM      YEAR
                                                  NORMAL
..................................................................
TEMPERATURE (F)
 TODAY
  MAXIMUM         84    247 PM  94    1988  76      8       54
  MINIMUM         57    247 AM  36    1984  53      4       49
  AVERAGE         71                        65      6       52

PRECIPITATION (IN)
  TODAY            0.00                      0.12  -0.12     1.69
  MONTH TO DATE    1.44                      3.58  -2.14     4.25
  SINCE MAR 1     10.54                      9.25   1.29     8.28
  SINCE JAN 1     13.76                     13.37   0.39    11.90

SNOWFALL (IN)
  TODAY            0.0                       0.0    0.0      0.0
  MONTH TO DATE    0.0                       0.1   -0.1      0.0
  SINCE MAR 1     11.4                       7.1    4.3      5.4
  SINCE JUL 1     26.4                      37.6  -11.2     45.7
  SNOW DEPTH       0

DEGREE DAYS
 HEATING
  TODAY            0                         3     -3       13
  MONTH TO DATE  224                       208     16      132
  SINCE MAR 1   1446                      1534    -88     1605
  SINCE JUL 1   5344                      6110   -766     6861

 COOLING
  TODAY            6                         3      3        0
  MONTH TO DATE   69                        45     24       93
  SINCE MAR 1     69                        53     16       93
  SINCE JAN 1     69                        53     16       93
..................................................................


WIND (MPH)
  HIGHEST WIND SPEED    15   HIGHEST WIND DIRECTION    NE (50)
  HIGHEST GUST SPEED    19   HIGHEST GUST DIRECTION    NE (60)


SKY COVER
  POSSIBLE SUNSHINE  MM
  AVERAGE SKY COVER 0.0


WEATHER CONDITIONS
 THE FOLLOWING WEATHER WAS RECORDED TODAY.
  NO SIGNIFICANT WEATHER WAS OBSERVED.


RELATIVE HUMIDITY (PERCENT)
 HIGHEST    80           300 AM
 LOWEST     31           300 PM
 AVERAGE    56

..........................................................


THE TOLEDO OH CLIMATE NORMALS FOR TOMORROW
                         NORMAL    RECORD    YEAR
 MAXIMUM TEMPERATURE (F)   76        98      1934
 MINIMUM TEMPERATURE (F)   54        38      1966


SUNRISE AND SUNSET
MAY 31 2016...........SUNRISE   604 AM EDT   SUNSET   903 PM EDT
JUNE  1 2016..........SUNRISE   603 AM EDT   SUNSET   903 PM EDT


-  INDICATES NEGATIVE NUMBERS.
R  INDICATES RECORD WAS SET OR TIED.
MM INDICATES DATA IS MISSING.
T  INDICATES TRACE AMOUNT.




$$
