705
CDUS41 KCLE 110532
CLITOL


CLIMATE REPORT
NATIONAL WEATHER SERVICE CLEVELAND OH
1231 AM EST THU FEB 11 2016


...................................

...THE TOLEDO OH CLIMATE SUMMARY FOR FEBRUARY 10 2016...

CLIMATE NORMAL PERIOD 1981 TO 2010
CLIMATE RECORD PERIOD 1873 TO 2016


WEATHER ITEM   OBSERVED TIME   RECORD YEAR NORMAL DEPARTURE LAST
                VALUE   (LST)  VALUE       VALUE  FROM      YEAR
                                                  NORMAL
..................................................................
TEMPERATURE (F)
 YESTERDAY
  MAXIMUM         24   1237 PM  61    1932  35    -11       25
  MINIMUM         13   1159 PM -14    1899  20     -7       13
                                      1885
  AVERAGE         19                        27     -8       19

PRECIPITATION (IN)
  YESTERDAY        0.01                      0.08  -0.07      T
  MONTH TO DATE    0.43                      0.69  -0.26     1.14
  SINCE DEC 1      4.88                      5.42  -0.54     4.28
  SINCE JAN 1      1.90                      2.74  -0.84     3.19

SNOWFALL (IN)
  YESTERDAY        0.2                       0.4   -0.2       T
  MONTH TO DATE    0.9                       3.7   -2.8     16.6
  SINCE DEC 1      6.8                      22.7  -15.9     28.8
  SINCE JUL 1     10.3                      24.8  -14.5     31.6
  SNOW DEPTH       1

DEGREE DAYS
 HEATING
  YESTERDAY       46                        38      8       46
  MONTH TO DATE  321                       386    -65      447
  SINCE DEC 1   2243                      2702   -459     2802
  SINCE JUL 1   3253                      3935   -682     4240

 COOLING
  YESTERDAY        0                         0      0        0
  MONTH TO DATE    0                         0      0        0
  SINCE DEC 1      0                         0      0        0
  SINCE JAN 1      0                         0      0        0
..................................................................


WIND (MPH)
  HIGHEST WIND SPEED    23   HIGHEST WIND DIRECTION     W (270)
  HIGHEST GUST SPEED    28   HIGHEST GUST DIRECTION     W (280)
  AVERAGE WIND SPEED    14.7


SKY COVER
  POSSIBLE SUNSHINE  MM
  AVERAGE SKY COVER 0.9


WEATHER CONDITIONS
 THE FOLLOWING WEATHER WAS RECORDED YESTERDAY.
  LIGHT SNOW
  FOG
  HAZE


RELATIVE HUMIDITY (PERCENT)
 HIGHEST    84           200 AM
 LOWEST     57           100 PM
 AVERAGE    71

..........................................................


THE TOLEDO OH CLIMATE NORMALS FOR TODAY
                         NORMAL    RECORD    YEAR
 MAXIMUM TEMPERATURE (F)   35        71      1999
 MINIMUM TEMPERATURE (F)   20       -16      1885


SUNRISE AND SUNSET
FEBRUARY 11 2016......SUNRISE   736 AM EST   SUNSET   603 PM EST
FEBRUARY 12 2016......SUNRISE   735 AM EST   SUNSET   604 PM EST


-  INDICATES NEGATIVE NUMBERS.
R  INDICATES RECORD WAS SET OR TIED.
MM INDICATES DATA IS MISSING.
T  INDICATES TRACE AMOUNT.




$$
