000
CDUS41 KCLE 290534
CLITOL


CLIMATE REPORT
NATIONAL WEATHER SERVICE CLEVELAND OH
134 AM EDT TUE JUL 29 2014


...................................

...THE TOLEDO OH CLIMATE SUMMARY FOR JULY 28 2014...

CLIMATE NORMAL PERIOD 1981 TO 2010
CLIMATE RECORD PERIOD 1873 TO 2014


WEATHER ITEM   OBSERVED TIME   RECORD YEAR NORMAL DEPARTURE LAST
                VALUE   (LST)  VALUE       VALUE  FROM      YEAR
                                                  NORMAL
..................................................................
TEMPERATURE (F)
 YESTERDAY
  MAXIMUM         75    121 PM 100    1930  84     -9       68
  MINIMUM         55   1159 PM  50    2013  62     -7       50
                                      1977
  AVERAGE         65                        73     -8       59

PRECIPITATION (IN)
  YESTERDAY        0.00                      0.11  -0.11     0.07
  MONTH TO DATE    0.81                      2.90  -2.09     3.84
  SINCE JUN 1      4.79                      6.47  -1.68    10.19
  SINCE JAN 1     18.64                     19.84  -1.20    24.69

SNOWFALL (IN)
  YESTERDAY        0.0                       0.0    0.0      0.0
  MONTH TO DATE    0.0                       0.0    0.0      0.0
  SINCE JUN 1      0.0                       0.0    0.0      0.0
  SINCE JUL 1      0.0                       0.0    0.0      0.0
  SNOW DEPTH       0

DEGREE DAYS
 HEATING
  YESTERDAY        0                         0      0        6
  MONTH TO DATE    6                         0      6        9
  SINCE JUN 1     22                        35    -13       40
  SINCE JUL 1      6                         0      6        9

 COOLING
  YESTERDAY        0                         8     -8        0
  MONTH TO DATE  135                       243   -108      239
  SINCE JUN 1    326                       413    -87      401
  SINCE JAN 1    388                       466    -78      495
..................................................................


WIND (MPH)
  HIGHEST WIND SPEED    20   HIGHEST WIND DIRECTION    NW (320)
  HIGHEST GUST SPEED    25   HIGHEST GUST DIRECTION    NW (320)
  AVERAGE WIND SPEED    10.1


SKY COVER
  POSSIBLE SUNSHINE  MM
  AVERAGE SKY COVER 0.8


WEATHER CONDITIONS
 THE FOLLOWING WEATHER WAS RECORDED YESTERDAY.
  NO SIGNIFICANT WEATHER WAS OBSERVED.


RELATIVE HUMIDITY (PERCENT)
 HIGHEST    90           200 AM
 LOWEST     44           100 PM
 AVERAGE    67

..........................................................


THE TOLEDO OH CLIMATE NORMALS FOR TODAY
                         NORMAL    RECORD    YEAR
 MAXIMUM TEMPERATURE (F)   84        97      1916
 MINIMUM TEMPERATURE (F)   62        50      1968


SUNRISE AND SUNSET
JULY 29 2014..........SUNRISE   627 AM EDT   SUNSET   856 PM EDT
JULY 30 2014..........SUNRISE   628 AM EDT   SUNSET   855 PM EDT


-  INDICATES NEGATIVE NUMBERS.
R  INDICATES RECORD WAS SET OR TIED.
MM INDICATES DATA IS MISSING.
T  INDICATES TRACE AMOUNT.




$$
