000
CDUS41 KCLE 240526
CLITOL


CLIMATE REPORT
NATIONAL WEATHER SERVICE CLEVELAND OH
1225 AM EST FRI NOV 24 2017


...................................

...THE TOLEDO OH CLIMATE SUMMARY FOR NOVEMBER 23 2017...

CLIMATE NORMAL PERIOD 1981 TO 2010
CLIMATE RECORD PERIOD 1873 TO 2017


WEATHER ITEM   OBSERVED TIME   RECORD YEAR NORMAL DEPARTURE LAST
                VALUE   (LST)  VALUE       VALUE  FROM      YEAR
                                                  NORMAL
..................................................................
TEMPERATURE (F)
 YESTERDAY
  MAXIMUM         41    411 PM  71    1999  46     -5       38
                                      1931
  MINIMUM         28   1044 PM   5    1971  31     -3       27
  AVERAGE         35                        38     -3       33

PRECIPITATION (IN)
  YESTERDAY        0.00                      0.10  -0.10     0.41
  MONTH TO DATE    5.09                      2.17   2.92     1.06
  SINCE SEP 1     11.01                      7.55   3.46     7.80
  SINCE JAN 1     37.81                     30.87   6.94    31.11

SNOWFALL (IN)
  YESTERDAY        0.0                       0.1   -0.1      0.0
  MONTH TO DATE    T                         1.1   -1.1       T
  SINCE SEP 1      T                         1.3   -1.3       T
  SINCE JUL 1      T                         1.3   -1.3       T
  SNOW DEPTH       0

DEGREE DAYS
 HEATING
  YESTERDAY       30                        27      3       32
  MONTH TO DATE  550                       508     42      424
  SINCE SEP 1    889                      1020   -131      767
  SINCE JUL 1    903                      1034   -131      768

 COOLING
  YESTERDAY        0                         0      0        0
  MONTH TO DATE    0                         0      0        4
  SINCE SEP 1    151                        91     60      148
  SINCE JAN 1    744                       793    -49     1037
..................................................................


WIND (MPH)
  HIGHEST WIND SPEED    16   HIGHEST WIND DIRECTION     S (200)
  HIGHEST GUST SPEED    20   HIGHEST GUST DIRECTION    SW (210)
  AVERAGE WIND SPEED     6.2


SKY COVER
  POSSIBLE SUNSHINE  MM
  AVERAGE SKY COVER 0.5


WEATHER CONDITIONS
 THE FOLLOWING WEATHER WAS RECORDED YESTERDAY.
  NO SIGNIFICANT WEATHER WAS OBSERVED.


RELATIVE HUMIDITY (PERCENT)
 HIGHEST    92          1100 PM
 LOWEST     55           300 PM
 AVERAGE    74

..........................................................


THE TOLEDO OH CLIMATE NORMALS FOR TODAY
                         NORMAL    RECORD    YEAR
 MAXIMUM TEMPERATURE (F)   45        67      2001
 MINIMUM TEMPERATURE (F)   30         3      1950


SUNRISE AND SUNSET
NOVEMBER 24 2017......SUNRISE   735 AM EST   SUNSET   509 PM EST
NOVEMBER 25 2017......SUNRISE   736 AM EST   SUNSET   508 PM EST


-  INDICATES NEGATIVE NUMBERS.
R  INDICATES RECORD WAS SET OR TIED.
MM INDICATES DATA IS MISSING.
T  INDICATES TRACE AMOUNT.




$$
