548
CDUS41 KCLE 090539
CLITOL


CLIMATE REPORT
NATIONAL WEATHER SERVICE CLEVELAND OH
1238 AM EST FRI DEC 9 2016


...................................

...THE TOLEDO OH CLIMATE SUMMARY FOR DECEMBER 8 2016...

CLIMATE NORMAL PERIOD 1981 TO 2010
CLIMATE RECORD PERIOD 1873 TO 2016


WEATHER ITEM   OBSERVED TIME   RECORD YEAR NORMAL DEPARTURE LAST
                VALUE   (LST)  VALUE       VALUE  FROM      YEAR
                                                  NORMAL
..................................................................
TEMPERATURE (F)
 YESTERDAY
  MAXIMUM         29   1212 AM  65    1966  39    -10       48
  MINIMUM         21   1159 PM  -7    1977  25     -4       33
  AVERAGE         25                        32     -7       41

PRECIPITATION (IN)
  YESTERDAY        T                         0.09  -0.09     0.00
  MONTH TO DATE    0.48                      0.73  -0.25     0.05
  SINCE DEC 1      0.48                      0.73  -0.25     0.05
  SINCE JAN 1     32.33                     32.29   0.04    33.58

SNOWFALL (IN)
  YESTERDAY        T                         0.2   -0.2      0.0
  MONTH TO DATE    0.6                       1.4   -0.8       T
  SINCE DEC 1      0.6                       1.4   -0.8       T
  SINCE JUL 1      0.6                       3.5   -2.9      3.5
  SNOW DEPTH       0

DEGREE DAYS
 HEATING
  YESTERDAY       40                        33      7       24
  MONTH TO DATE  254                       254      0      228
  SINCE DEC 1    254                       254      0      228
  SINCE JUL 1   1178                      1487   -309     1238

 COOLING
  YESTERDAY        0                         0      0        0
  MONTH TO DATE    0                         0      0        0
  SINCE DEC 1      0                         0      0        0
  SINCE JAN 1   1037                       793    244      719
..................................................................


WIND (MPH)
  HIGHEST WIND SPEED    28   HIGHEST WIND DIRECTION     W (250)
  HIGHEST GUST SPEED    35   HIGHEST GUST DIRECTION     W (250)
  AVERAGE WIND SPEED    19.4


SKY COVER
  POSSIBLE SUNSHINE  MM
  AVERAGE SKY COVER 1.0


WEATHER CONDITIONS
 THE FOLLOWING WEATHER WAS RECORDED YESTERDAY.
  LIGHT SNOW


RELATIVE HUMIDITY (PERCENT)
 HIGHEST    84           600 PM
 LOWEST     68           400 AM
 AVERAGE    76

..........................................................


THE TOLEDO OH CLIMATE NORMALS FOR TODAY
                         NORMAL    RECORD    YEAR
 MAXIMUM TEMPERATURE (F)   38        60      1952
 MINIMUM TEMPERATURE (F)   25        -5      1917


SUNRISE AND SUNSET
DECEMBER  9 2016......SUNRISE   751 AM EST   SUNSET   505 PM EST
DECEMBER 10 2016......SUNRISE   751 AM EST   SUNSET   505 PM EST


-  INDICATES NEGATIVE NUMBERS.
R  INDICATES RECORD WAS SET OR TIED.
MM INDICATES DATA IS MISSING.
T  INDICATES TRACE AMOUNT.




$$
