000
CDUS43 KTOP 252232
CLITOP


CLIMATE REPORT
NATIONAL WEATHER SERVICE TOPEKA KS
431 PM CST THU DEC 25 2014


...................................

...THE TOPEKA KS CLIMATE SUMMARY FOR DECEMBER 25 2014...
VALID TODAY AS OF 0400 PM LOCAL TIME.

CLIMATE NORMAL PERIOD 1981 TO 2010
CLIMATE RECORD PERIOD 1887 TO 2014


WEATHER ITEM   OBSERVED TIME   RECORD YEAR NORMAL DEPARTURE LAST
                VALUE   (LST)  VALUE       VALUE  FROM      YEAR
                                                  NORMAL
..................................................................
TEMPERATURE (F)
 TODAY
  MAXIMUM         56    227 PM  68    1922  40     16       40
  MINIMUM         32    346 AM -11    1983  21     11       17
  AVERAGE         44                        30     14       29

PRECIPITATION (IN)
  TODAY            0.00          0.46 1941   0.03  -0.03     0.00
  MONTH TO DATE    2.26                      1.16   1.10     0.56
  SINCE DEC 1      2.26                      1.16   1.10     0.56
  SINCE JAN 1     31.14                     36.27  -5.13    34.01

SNOWFALL (IN)
  TODAY            0.0           4.1  2009   0.1   -0.1      0.0
  MONTH TO DATE    2.0                       4.0   -2.0      4.3
  SINCE JAN 1     25.5                      16.6    8.9     28.5
  SINCE JUL 1      2.4                       5.3   -2.9      4.3
  SNOW DEPTH       0

DEGREE DAYS
 HEATING
  TODAY           21                        35    -14       36
  MONTH TO DATE  655                       813   -158      918
  SINCE DEC 1    655                       813   -158      918
  SINCE JUL 1   1686                      1807   -121     1914

 COOLING
  TODAY            0                         0      0        0
  MONTH TO DATE    0                         0      0        0
  SINCE DEC 1      0                         0      0        0
  SINCE JAN 1   1611                      1422    189     1586
..................................................................


WIND (MPH)
  HIGHEST WIND SPEED    29   HIGHEST WIND DIRECTION     S (180)
  HIGHEST GUST SPEED    40   HIGHEST GUST DIRECTION     S (170)
  AVERAGE WIND SPEED    13.7



WEATHER CONDITIONS
 THE FOLLOWING WEATHER WAS RECORDED TODAY.
  NO SIGNIFICANT WEATHER WAS OBSERVED.


RELATIVE HUMIDITY (PERCENT)
 HIGHEST    82          1200 AM
 LOWEST     38           200 PM
 AVERAGE    60

..........................................................


THE TOPEKA KS CLIMATE NORMALS FOR TOMORROW
                         NORMAL    RECORD    YEAR
 MAXIMUM TEMPERATURE (F)   40        67      2008
 MINIMUM TEMPERATURE (F)   21       -10      1962
                                             1892


SUNRISE AND SUNSET
DECEMBER 25 2014......SUNRISE   740 AM CST   SUNSET   506 PM CST
DECEMBER 26 2014......SUNRISE   740 AM CST   SUNSET   506 PM CST


-  INDICATES NEGATIVE NUMBERS.
R  INDICATES RECORD WAS SET OR TIED.
MM INDICATES DATA IS MISSING.
T  INDICATES TRACE AMOUNT.




$$
