000
CDUS45 KCYS 300326
CLITOR


CLIMATE REPORT
NATIONAL WEATHER SERVICE CHEYENNE WY
926 PM MDT WED JUL 29 2015


...................................

...THE TORRINGTON WY AIRPORT CLIMATE SUMMARY FOR JULY 29 2015...
VALID TODAY AS OF 0900 PM LOCAL TIME.

CLIMATE NORMAL PERIOD 1981 TO 2010
CLIMATE RECORD PERIOD 1998 TO 2015


WEATHER ITEM   OBSERVED TIME   RECORD YEAR NORMAL DEPARTURE LAST
                VALUE   (LST)  VALUE       VALUE  FROM      YEAR
                                                  NORMAL
..................................................................
TEMPERATURE (F)
 TODAY
  MAXIMUM         86    438 PM 102    2006  91     -5       84
  MINIMUM         46R   425 AM  50    2004  59    -13       56
  AVERAGE         66                        74     -8       70

PRECIPITATION (IN)
  TODAY            0.00          0.27 2004   0.06  -0.06     0.16
  MONTH TO DATE    1.92                      1.68   0.24     1.35
  SINCE JAN 1     15.43                      9.57   5.86    11.46

DEGREE DAYS
 HEATING
  TODAY            0                         0      0        0
  MONTH TO DATE    8                         0      8        7
  SINCE JUN 1     11                        75    -64       85
  SINCE JUL 1      8                         0      8        7

 COOLING
  TODAY            1                        10     -9        5
  MONTH TO DATE  206                       263    -57      249
  SINCE JUN 1    356                       379    -23      311
  SINCE JAN 1    356                       397    -41      327
..................................................................


WIND (MPH)
  HIGHEST WIND SPEED    15   HIGHEST WIND DIRECTION    SE (120)
  HIGHEST GUST SPEED    20   HIGHEST GUST DIRECTION    SE (120)
  AVERAGE WIND SPEED     6.1


SKY COVER
  AVERAGE SKY COVER 0.0


WEATHER CONDITIONS
 THE FOLLOWING WEATHER WAS RECORDED TODAY.
  NO SIGNIFICANT WEATHER WAS OBSERVED.


RELATIVE HUMIDITY (PERCENT)
 HIGHEST    71           300 AM
 LOWEST     23           400 PM
 AVERAGE    47

..........................................................


THE TORRINGTON WY AIRPORT CLIMATE NORMALS FOR TOMORROW
                         NORMAL    RECORD    YEAR
 MAXIMUM TEMPERATURE (F)   90       101      2006
 MINIMUM TEMPERATURE (F)   59        42      2009


SUNRISE AND SUNSET
JULY 29 2015..........SUNRISE   547 AM MDT   SUNSET   819 PM MDT
JULY 30 2015..........SUNRISE   548 AM MDT   SUNSET   818 PM MDT


-  INDICATES NEGATIVE NUMBERS.
R  INDICATES RECORD WAS SET OR TIED.
MM INDICATES DATA IS MISSING.
T  INDICATES TRACE AMOUNT.




$$
