000
CDUS45 KCYS 120728
CLITOR


CLIMATE REPORT
NATIONAL WEATHER SERVICE CHEYENNE WY
128 AM MDT SAT JUL 12 2014


...................................

...THE TORRINGTON WY AIRPORT CLIMATE SUMMARY FOR JULY 11 2014...

CLIMATE NORMAL PERIOD 1981 TO 2010
CLIMATE RECORD PERIOD 1998 TO 2014


WEATHER ITEM   OBSERVED TIME   RECORD YEAR NORMAL DEPARTURE LAST
                VALUE   (LST)  VALUE       VALUE  FROM      YEAR
                                                  NORMAL
..................................................................
TEMPERATURE (F)
 YESTERDAY
  MAXIMUM         92    131 PM 100    2013  90      2      100
                                      2004
  MINIMUM         62   1107 PM  53    2010  58      4       60
                                      2002
  AVERAGE         77                        74      3       80

PRECIPITATION (IN)
  YESTERDAY        0.22          0.56 2009   0.06   0.16     0.00
  MONTH TO DATE    0.46                      0.43   0.03     0.40
  SINCE JAN 1     10.57                      8.32   2.25     5.82

DEGREE DAYS
 HEATING
  YESTERDAY        0                         0      0        0
  MONTH TO DATE    4                         0      4        0
  SINCE JUN 1     82                        75      7       34
  SINCE JUL 1      4                         0      4        0

 COOLING
  YESTERDAY       12                         9      3       15
  MONTH TO DATE   90                        88      2      114
  SINCE JUN 1    152                       204    -52      274
  SINCE JAN 1    168                       222    -54      313
..................................................................


WIND (MPH)
  HIGHEST WIND SPEED    25   HIGHEST WIND DIRECTION    NE (50)
  HIGHEST GUST SPEED    32   HIGHEST GUST DIRECTION     N (340)
  AVERAGE WIND SPEED     7.7


SKY COVER
  AVERAGE SKY COVER 0.4


WEATHER CONDITIONS
 THE FOLLOWING WEATHER WAS RECORDED YESTERDAY.
  THUNDERSTORM
  RAIN
  LIGHT RAIN
  FOG


RELATIVE HUMIDITY (PERCENT)
 HIGHEST   100           300 AM
 LOWEST     34           100 PM
 AVERAGE    67

..........................................................


THE TORRINGTON WY AIRPORT CLIMATE NORMALS FOR TODAY
                         NORMAL    RECORD    YEAR
 MAXIMUM TEMPERATURE (F)   90        99      2003
                                             2002
 MINIMUM TEMPERATURE (F)   58        47      2008


SUNRISE AND SUNSET
JULY 12 2014..........SUNRISE   532 AM MDT   SUNSET   832 PM MDT
JULY 13 2014..........SUNRISE   533 AM MDT   SUNSET   832 PM MDT


-  INDICATES NEGATIVE NUMBERS.
R  INDICATES RECORD WAS SET OR TIED.
MM INDICATES DATA IS MISSING.
T  INDICATES TRACE AMOUNT.




$$
