000
CDUS45 KCYS 250728
CLITOR


CLIMATE REPORT
NATIONAL WEATHER SERVICE CHEYENNE WY
127 AM MDT SAT OCT 25 2014


...................................

...THE TORRINGTON WY AIRPORT CLIMATE SUMMARY FOR OCTOBER 24 2014...

CLIMATE NORMAL PERIOD 1981 TO 2010
CLIMATE RECORD PERIOD 1998 TO 2014


WEATHER ITEM   OBSERVED TIME   RECORD YEAR NORMAL DEPARTURE LAST
                VALUE   (LST)  VALUE       VALUE  FROM      YEAR
                                                  NORMAL
..................................................................
TEMPERATURE (F)
 YESTERDAY
  MAXIMUM         82R   259 PM  78    1999  60     22       57
  MINIMUM         44   1111 PM  18    2005  31     13       30
  AVERAGE         63                        46     17       44

PRECIPITATION (IN)
  YESTERDAY        0.00          0.37 2012   0.03  -0.03     0.00
  MONTH TO DATE    0.04                      0.92  -0.88     3.72
  SINCE JAN 1     16.79                     13.25   3.54    12.90

DEGREE DAYS
 HEATING
  YESTERDAY        2                        19    -17       21
  MONTH TO DATE  268                       369   -101      447
  SINCE SEP 1    406                       541   -135      550
  SINCE JUL 1    421                       563   -142      552

 COOLING
  YESTERDAY        0                         0      0        0
  MONTH TO DATE    0                         0      0        0
  SINCE SEP 1     50                        45      5      120
  SINCE JAN 1    587                       678    -91      893
..................................................................


WIND (MPH)
  HIGHEST WIND SPEED    24   HIGHEST WIND DIRECTION     W (290)
  HIGHEST GUST SPEED    32   HIGHEST GUST DIRECTION     W (280)
  AVERAGE WIND SPEED    10.8


SKY COVER
  AVERAGE SKY COVER 0.0


WEATHER CONDITIONS
 THE FOLLOWING WEATHER WAS RECORDED YESTERDAY.
  NO SIGNIFICANT WEATHER WAS OBSERVED.


RELATIVE HUMIDITY (PERCENT)
 HIGHEST    50           100 AM
 LOWEST     12           400 PM
 AVERAGE    31

..........................................................


THE TORRINGTON WY AIRPORT CLIMATE NORMALS FOR TODAY
                         NORMAL    RECORD    YEAR
 MAXIMUM TEMPERATURE (F)   60        81      2007
 MINIMUM TEMPERATURE (F)   31        20      2012
                                             2001


SUNRISE AND SUNSET
OCTOBER 25 2014.......SUNRISE   721 AM MDT   SUNSET   600 PM MDT
OCTOBER 26 2014.......SUNRISE   722 AM MDT   SUNSET   558 PM MDT


-  INDICATES NEGATIVE NUMBERS.
R  INDICATES RECORD WAS SET OR TIED.
MM INDICATES DATA IS MISSING.
T  INDICATES TRACE AMOUNT.




$$
