000
CDUS42 KTBW 222123
CLITPA


CLIMATE REPORT
NATIONAL WEATHER SERVICE TAMPA BAY FL
518 PM EDT FRI AUG 22 2014


...................................

...THE TAMPA CLIMATE SUMMARY FOR AUGUST 22 2014...
VALID TODAY AS OF 0500 PM LOCAL TIME.

CLIMATE NORMAL PERIOD 1981 TO 2010
CLIMATE RECORD PERIOD 1890 TO 2014


WEATHER ITEM   OBSERVED TIME   RECORD YEAR NORMAL DEPARTURE LAST
                VALUE   (LST)  VALUE       VALUE  FROM      YEAR
                                                  NORMAL
..................................................................
TEMPERATURE (F)
 TODAY
  MAXIMUM         93    307 PM  98    1975  90      3       91
  MINIMUM         79    645 AM  66    1911  76      3       74
  AVERAGE         86                        83      3       83

PRECIPITATION (IN)
  TODAY            T             3.93 1898   0.25  -0.25     0.13
  MONTH TO DATE    3.04                      5.50  -2.46    10.81
  SINCE JUN 1     17.49                     19.25  -1.76    32.30
  SINCE JAN 1     36.82                     31.45   5.37    41.42

DEGREE DAYS
 HEATING
  TODAY            0                         0      0        0
  MONTH TO DATE    0                         0      0        0
  SINCE JUN 1      0                         0      0        0
  SINCE JUL 1      0                         0      0        0

 COOLING
  TODAY           21                        18      3       18
  MONTH TO DATE  423                       396     27      427
  SINCE JUN 1   1513                      1470     43     1499
  SINCE JAN 1   2336                      2347    -11     2474
..................................................................


WIND (MPH)
  RESULTANT WIND SPEED   2   RESULTANT WIND DIRECTION  SW (230)
  HIGHEST WIND SPEED    21   HIGHEST WIND DIRECTION     W (270)
  HIGHEST GUST SPEED    26   HIGHEST GUST DIRECTION     W (270)
  AVERAGE WIND SPEED     4.0


SKY COVER
  POSSIBLE SUNSHINE  MM
  AVERAGE SKY COVER 0.5


WEATHER CONDITIONS
 THE FOLLOWING WEATHER WAS RECORDED TODAY.
  THUNDERSTORM
  LIGHT RAIN


RELATIVE HUMIDITY (PERCENT)
 HIGHEST    79           300 AM
 LOWEST     52           200 PM

..........................................................


THE TAMPA CLIMATE NORMALS FOR TOMORROW
                         NORMAL    RECORD    YEAR
 MAXIMUM TEMPERATURE (F)   90        95      1989
                                             1975
 MINIMUM TEMPERATURE (F)   76        68      1957


SUNRISE AND SUNSET
AUGUST 22 2014........SUNRISE   704 AM EDT   SUNSET   802 PM EDT
AUGUST 23 2014........SUNRISE   704 AM EDT   SUNSET   801 PM EDT


-  INDICATES NEGATIVE NUMBERS.
R  INDICATES RECORD WAS SET OR TIED.
MM INDICATES DATA IS MISSING.
T  INDICATES TRACE AMOUNT.




$$


&&
------------------------------------------------------------------
******************** SUPPLEMENTAL DATA ***************************

...RUSKIN                HIGH 92    LOW 74    PCPN 0.05
...SARASOTA/BRADENTON    HIGH 95    LOW 78    PCPN 0.39
...LAKELAND              HIGH 95    LOW 73    PCPN 0.13
...ST. PETERSBURG        HIGH 92    LOW 82    PCPN T
...GULF WATER TEMPERATURE AT CLEARWATER BEACH 90
