000
CDUS42 KTBW 252125
CLITPA


CLIMATE REPORT
NATIONAL WEATHER SERVICE TAMPA BAY FL
522 PM EDT FRI JUL 25 2014


...................................

...THE TAMPA CLIMATE SUMMARY FOR JULY 25 2014...
VALID TODAY AS OF 0500 PM LOCAL TIME.

CLIMATE NORMAL PERIOD 1981 TO 2010
CLIMATE RECORD PERIOD 1890 TO 2014


WEATHER ITEM   OBSERVED TIME   RECORD YEAR NORMAL DEPARTURE LAST
                VALUE   (LST)  VALUE       VALUE  FROM      YEAR
                                                  NORMAL
..................................................................
TEMPERATURE (F)
 TODAY
  MAXIMUM         90    303 PM  96    1931  90      0       89
  MINIMUM         80    627 AM  67    1934  76      4       76
  AVERAGE         85                        83      2       83

PRECIPITATION (IN)
  TODAY            T             5.38 1957   0.22  -0.22     1.77
  MONTH TO DATE   12.62                      5.72   6.90     7.09
  SINCE JUN 1     14.39                     12.40   1.99    18.39
  SINCE JAN 1     33.72                     24.60   9.12    27.51

DEGREE DAYS
 HEATING
  TODAY            0                         0      0        0
  MONTH TO DATE    0                         0      0        0
  SINCE JUN 1      0                         0      0        0
  SINCE JUL 1      0                         0      0        0

 COOLING
  TODAY           20                        18      2       18
  MONTH TO DATE  443                       450     -7      436
  SINCE JUN 1    969                       966      3      959
  SINCE JAN 1   1792                      1843    -51     1934
..................................................................


WIND (MPH)
  RESULTANT WIND SPEED   4   RESULTANT WIND DIRECTION  SW (230)
  HIGHEST WIND SPEED    14   HIGHEST WIND DIRECTION     W (260)
  HIGHEST GUST SPEED    17   HIGHEST GUST DIRECTION     W (250)
  AVERAGE WIND SPEED     5.1


SKY COVER
  POSSIBLE SUNSHINE  MM
  AVERAGE SKY COVER 0.7


WEATHER CONDITIONS
 THE FOLLOWING WEATHER WAS RECORDED TODAY.
  THUNDERSTORM


RELATIVE HUMIDITY (PERCENT)
 HIGHEST    91           600 AM
 LOWEST     59           400 PM

..........................................................


THE TAMPA CLIMATE NORMALS FOR TOMORROW
                         NORMAL    RECORD    YEAR
 MAXIMUM TEMPERATURE (F)   90        95      1993
                                             1963
                                             1931
 MINIMUM TEMPERATURE (F)   76        69      1929
                                             1904


SUNRISE AND SUNSET
JULY 25 2014..........SUNRISE   649 AM EDT   SUNSET   824 PM EDT
JULY 26 2014..........SUNRISE   649 AM EDT   SUNSET   824 PM EDT


-  INDICATES NEGATIVE NUMBERS.
R  INDICATES RECORD WAS SET OR TIED.
MM INDICATES DATA IS MISSING.
T  INDICATES TRACE AMOUNT.




$$


&&
------------------------------------------------------------------
******************** SUPPLEMENTAL DATA ***************************

...RUSKIN                HIGH 91    LOW 76    PCPN 0.04
...SARASOTA/BRADENTON    HIGH 92    LOW 77    PCPN 0.02
...LAKELAND              HIGH 94    LOW 76    PCPN T
...ST. PETERSBURG        HIGH 90    LOW 80    PCPN 0.08

...GULF WATER TEMPERATURE AT CLEARWATER BEACH 89
