000
CDUS42 KTBW 182127
CLITPA


CLIMATE REPORT
NATIONAL WEATHER SERVICE TAMPA BAY FL
525 PM EDT FRI AUG 18 2017


...................................

...THE TAMPA CLIMATE SUMMARY FOR AUGUST 18 2017...
VALID TODAY AS OF 0500 PM LOCAL TIME.

CLIMATE NORMAL PERIOD 1981 TO 2010
CLIMATE RECORD PERIOD 1890 TO 2017


WEATHER ITEM   OBSERVED TIME   RECORD YEAR NORMAL DEPARTURE LAST
                VALUE   (LST)  VALUE       VALUE  FROM      YEAR
                                                  NORMAL
..................................................................
TEMPERATURE (F)
 TODAY
  MAXIMUM         90   1126 AM  95    1960  90      0       92
                                      1951
                                      1916
  MINIMUM         79    322 AM  70    1966  76      3       76
                                      1937
                                      1901
  AVERAGE         85                        83      2       84

PRECIPITATION (IN)
  TODAY            0.01          1.92 1999   0.25  -0.24     0.08
  MONTH TO DATE    3.28                      4.49  -1.21     5.94
  SINCE JUN 1     20.17                     18.24   1.93    23.76
  SINCE JAN 1     26.19                     30.44  -4.25    39.66

DEGREE DAYS
 HEATING
  TODAY            0                         0      0        0
  MONTH TO DATE    0                         0      0        0
  SINCE JUN 1      0                         0      0        0
  SINCE JUL 1      0                         0      0        0

 COOLING
  TODAY           20                        18      2       19
  MONTH TO DATE  371                       324     47      333
  SINCE JUN 1   1508                      1398    110     1508
  SINCE JAN 1   2824                      2275    549     2528
..................................................................


WIND (MPH)
  RESULTANT WIND SPEED   1   RESULTANT WIND DIRECTION   W (250)
  HIGHEST WIND SPEED    21   HIGHEST WIND DIRECTION    SW (230)
  HIGHEST GUST SPEED    29   HIGHEST GUST DIRECTION    SW (240)
  AVERAGE WIND SPEED     3.4


SKY COVER
  POSSIBLE SUNSHINE  MM
  AVERAGE SKY COVER 0.5


WEATHER CONDITIONS
 THE FOLLOWING WEATHER WAS RECORDED TODAY.
  THUNDERSTORM
  LIGHT RAIN


RELATIVE HUMIDITY (PERCENT)
 HIGHEST    91           200 AM
 LOWEST     68          1100 AM

..........................................................


THE TAMPA CLIMATE NORMALS FOR TOMORROW
                         NORMAL    RECORD    YEAR
 MAXIMUM TEMPERATURE (F)   90        96      2007
 MINIMUM TEMPERATURE (F)   76        68      1947


SUNRISE AND SUNSET
AUGUST 18 2017........SUNRISE   702 AM EDT   SUNSET   805 PM EDT
AUGUST 19 2017........SUNRISE   702 AM EDT   SUNSET   804 PM EDT


-  INDICATES NEGATIVE NUMBERS.
R  INDICATES RECORD WAS SET OR TIED.
MM INDICATES DATA IS MISSING.
T  INDICATES TRACE AMOUNT.




$$


&&
------------------------------------------------------------------
******************** SUPPLEMENTAL DATA ***************************

...RUSKIN                HIGH 92    LOW 75    PCPN 0.00
...SARASOTA/BRADENTON    HIGH 90    LOW 75    PCPN TRACE
...LAKELAND*             HIGH 93    LOW 75    PCPN 0.04
...ST. PETERSBURG        HIGH 89    LOW 80    PCPN 0.00
...GULF WATER TEMPERATURE AT CLEARWATER BEACH 89 DEGREES

*LAKELAND DATA IS FROM 4:30 PM THURSDAY TO 4:30 PM FRIDAY
AND MAY REFLECT YESTERDAYS RAINFALL AND HIGH TEMPERATURE.
