000
CDUS42 KTBW 302113
CLITPA


CLIMATE REPORT
NATIONAL WEATHER SERVICE TAMPA BAY FL
512 PM EDT MON MAY 30 2016


...................................

...THE TAMPA CLIMATE SUMMARY FOR MAY 30 2016...
VALID TODAY AS OF 0500 PM LOCAL TIME.

CLIMATE NORMAL PERIOD 1981 TO 2010
CLIMATE RECORD PERIOD 1890 TO 2016


WEATHER ITEM   OBSERVED TIME   RECORD YEAR NORMAL DEPARTURE LAST
                VALUE   (LST)  VALUE       VALUE  FROM      YEAR
                                                  NORMAL
..................................................................
TEMPERATURE (F)
 TODAY
  MAXIMUM         90    355 PM  96    1989  89      1       89
  MINIMUM         74    552 AM  57    1968  73      1       72
  AVERAGE         82                        81      1       81

PRECIPITATION (IN)
  TODAY            0.00          3.94 1983   0.10  -0.10     0.83
  MONTH TO DATE    3.76                      1.99   1.77     6.55
  SINCE MAR 1      7.19                      7.05   0.14    12.40
  SINCE JAN 1     15.90                     12.09   3.81    20.70

DEGREE DAYS
 HEATING
  TODAY            0                         0      0        0
  MONTH TO DATE    0                         0      0        0
  SINCE MAR 1     15                        67    -52       12
  SINCE JUL 1    323                       538   -215      467

 COOLING
  TODAY           17                        16      1       16
  MONTH TO DATE  415                       402     13      471
  SINCE MAR 1    924                       749    175     1136
  SINCE JAN 1   1002                       862    140     1203
..................................................................


WIND (MPH)
  RESULTANT WIND SPEED   3   RESULTANT WIND DIRECTION   W (260)
  HIGHEST WIND SPEED    14   HIGHEST WIND DIRECTION    SW (230)
  HIGHEST GUST SPEED    19   HIGHEST GUST DIRECTION    SW (230)
  AVERAGE WIND SPEED     5.3


SKY COVER
  POSSIBLE SUNSHINE  MM
  AVERAGE SKY COVER 0.4


WEATHER CONDITIONS
 THE FOLLOWING WEATHER WAS RECORDED TODAY.
  NO SIGNIFICANT WEATHER WAS OBSERVED.


RELATIVE HUMIDITY (PERCENT)
 HIGHEST    82           500 AM
 LOWEST     47           400 PM

..........................................................


THE TAMPA CLIMATE NORMALS FOR TOMORROW
                         NORMAL    RECORD    YEAR
 MAXIMUM TEMPERATURE (F)   89        97      1989
 MINIMUM TEMPERATURE (F)   73        59      1971


SUNRISE AND SUNSET
MAY 30 2016...........SUNRISE   634 AM EDT   SUNSET   821 PM EDT
MAY 31 2016...........SUNRISE   634 AM EDT   SUNSET   822 PM EDT


-  INDICATES NEGATIVE NUMBERS.
R  INDICATES RECORD WAS SET OR TIED.
MM INDICATES DATA IS MISSING.
T  INDICATES TRACE AMOUNT.




$$


&&
------------------------------------------------------------------
******************** SUPPLEMENTAL DATA ***************************

...RUSKIN                HIGH 90    LOW 69    PCPN 0.00
...SARASOTA/BRADENTON    HIGH 89    LOW 72    PCPN TRACE
...LAKELAND              HIGH 92    LOW 70    PCPN 0.00
...ST. PETERSBURG        HIGH 88    LOW 77    PCPN TRACE
...GULF WATER TEMPERATURE AT CLEARWATER BEACH 85 DEGREES
