855
CDUS42 KTBW 190934
CLITPA


CLIMATE REPORT
NATIONAL WEATHER SERVICE TAMPA BAY FL
432 AM EST THU JAN 19 2017


...................................

...THE TAMPA CLIMATE SUMMARY FOR JANUARY 18 2017...

CLIMATE NORMAL PERIOD 1981 TO 2010
CLIMATE RECORD PERIOD 1890 TO 2017


WEATHER ITEM   OBSERVED TIME   RECORD YEAR NORMAL DEPARTURE LAST
                VALUE   (LST)  VALUE       VALUE  FROM      YEAR
                                                  NORMAL
..................................................................
TEMPERATURE (F)
 YESTERDAY
  MAXIMUM         79    314 PM  84    1990  70      9       62
  MINIMUM         61    550 AM  29    1981  51     10       45
                                      1977
                                      1965
  AVERAGE         70                        61      9       54

PRECIPITATION (IN)
  YESTERDAY        0.00          1.31 2004   0.06  -0.06     0.00
  MONTH TO DATE    0.23                      1.21  -0.98     2.97
  SINCE DEC 1      0.66                      3.68  -3.02     3.46
  SINCE JAN 1      0.23                      1.21  -0.98     2.97

DEGREE DAYS
 HEATING
  YESTERDAY        0                         6     -6       11
  MONTH TO DATE   42                       108    -66       82
  SINCE DEC 1     69                       247   -178       90
  SINCE JUL 1     84                       291   -207       95

 COOLING
  YESTERDAY        5                         2      3        0
  MONTH TO DATE   85                        34     51       28
  SINCE DEC 1    277                       114    163      303
  SINCE JAN 1     85                        34     51       28
..................................................................


WIND (MPH)
  RESULTANT WIND SPEED   1   RESULTANT WIND DIRECTION   S (200)
  HIGHEST WIND SPEED    10   HIGHEST WIND DIRECTION     S (190)
  HIGHEST GUST SPEED    12   HIGHEST GUST DIRECTION     S (200)
  AVERAGE WIND SPEED     3.1


SKY COVER
  POSSIBLE SUNSHINE  MM
  AVERAGE SKY COVER 0.5


WEATHER CONDITIONS
 THE FOLLOWING WEATHER WAS RECORDED YESTERDAY.
  NO SIGNIFICANT WEATHER WAS OBSERVED.


RELATIVE HUMIDITY (PERCENT)
 HIGHEST    93           400 AM
 LOWEST     54           300 PM
 AVERAGE    74

..........................................................


THE TAMPA CLIMATE NORMALS FOR TODAY
                         NORMAL    RECORD    YEAR
 MAXIMUM TEMPERATURE (F)   70        85      1990
                                             1937
 MINIMUM TEMPERATURE (F)   51        27      1977


SUNRISE AND SUNSET
JANUARY 19 2017.......SUNRISE   722 AM EST   SUNSET   600 PM EST
JANUARY 20 2017.......SUNRISE   722 AM EST   SUNSET   601 PM EST


-  INDICATES NEGATIVE NUMBERS.
R  INDICATES RECORD WAS SET OR TIED.
MM INDICATES DATA IS MISSING.
T  INDICATES TRACE AMOUNT.




$$


&&
------------------------------------------------------------------
******************** SUPPLEMENTAL DATA ***************************

...RUSKIN                HIGH 79    LOW 57    PCPN 0.00
...SARASOTA/BRADENTON    HIGH 77    LOW 56    PCPN TRACE
...ST. PETERSBURG        HIGH 78    LOW 62    PCPN 0.00
...GULF WATER TEMPERATURE AT CLEARWATER BEACH 67 DEGREES
