000
CDUS42 KTBW 240836
CLITPA


CLIMATE REPORT
NATIONAL WEATHER SERVICE TAMPA BAY FL
433 AM EDT FRI OCT 24 2014


...................................

...THE TAMPA CLIMATE SUMMARY FOR OCTOBER 23 2014...

CLIMATE NORMAL PERIOD 1981 TO 2010
CLIMATE RECORD PERIOD 1890 TO 2014


WEATHER ITEM   OBSERVED TIME   RECORD YEAR NORMAL DEPARTURE LAST
                VALUE   (LST)  VALUE       VALUE  FROM      YEAR
                                                  NORMAL
..................................................................
TEMPERATURE (F)
 YESTERDAY
  MAXIMUM         83    333 PM  89    1985  83      0       81
  MINIMUM         63    713 AM  47    1898  66     -3       67
  AVERAGE         73                        74     -1       74

PRECIPITATION (IN)
  YESTERDAY        0.00          2.13 1897   0.05  -0.05      T
  MONTH TO DATE    1.52                      1.84  -0.32     0.82
  SINCE SEP 1     11.09                      8.14   2.95     8.19
  SINCE JAN 1     51.04                     41.86   9.18    50.71

DEGREE DAYS
 HEATING
  YESTERDAY        0                         0      0        0
  MONTH TO DATE    0                         0      0        0
  SINCE SEP 1      0                         0      0        0
  SINCE JUL 1      0                         0      0        0

 COOLING
  YESTERDAY        8                        10     -2        9
  MONTH TO DATE  285                       281      4      332
  SINCE SEP 1    774                       782     -8      847
  SINCE JAN 1   3291                      3297     -6     3484
..................................................................


WIND (MPH)
  RESULTANT WIND SPEED   6   RESULTANT WIND DIRECTION  NE (50)
  HIGHEST WIND SPEED    13   HIGHEST WIND DIRECTION    NE (40)
  HIGHEST GUST SPEED    18   HIGHEST GUST DIRECTION    NE (30)
  AVERAGE WIND SPEED     6.6


SKY COVER
  POSSIBLE SUNSHINE  MM
  AVERAGE SKY COVER 0.1


WEATHER CONDITIONS
 THE FOLLOWING WEATHER WAS RECORDED YESTERDAY.
  NO SIGNIFICANT WEATHER WAS OBSERVED.


RELATIVE HUMIDITY (PERCENT)
 HIGHEST    73           100 AM
 LOWEST     36           500 PM
 AVERAGE    55

..........................................................


THE TAMPA CLIMATE NORMALS FOR TODAY
                         NORMAL    RECORD    YEAR
 MAXIMUM TEMPERATURE (F)   83        90      2010
                                             1951
 MINIMUM TEMPERATURE (F)   66        44      1891


SUNRISE AND SUNSET
OCTOBER 24 2014.......SUNRISE   736 AM EDT   SUNSET   652 PM EDT
OCTOBER 25 2014.......SUNRISE   737 AM EDT   SUNSET   651 PM EDT


-  INDICATES NEGATIVE NUMBERS.
R  INDICATES RECORD WAS SET OR TIED.
MM INDICATES DATA IS MISSING.
T  INDICATES TRACE AMOUNT.




$$


&&
------------------------------------------------------------------
******************** SUPPLEMENTAL DATA ***************************

...RUSKIN                HIGH 84    LOW 62    PCPN 0.00
...SARASOTA/BRADENTON    HIGH 84    LOW 64    PCPN 0.00
...ST. PETERSBURG        HIGH 82    LOW 69    PCPN 0.00
...GULF WATER TEMPERATURE AT CLEARWATER BEACH 80
