000
CDUS42 KTBW 272132
CLITPA


CLIMATE REPORT
NATIONAL WEATHER SERVICE TAMPA BAY FL
526 PM EDT MON JUL 27 2015


...................................

...THE TAMPA CLIMATE SUMMARY FOR JULY 27 2015...
VALID TODAY AS OF 0500 PM LOCAL TIME.

CLIMATE NORMAL PERIOD 1981 TO 2010
CLIMATE RECORD PERIOD 1890 TO 2015


WEATHER ITEM   OBSERVED TIME   RECORD YEAR NORMAL DEPARTURE LAST
                VALUE   (LST)  VALUE       VALUE  FROM      YEAR
                                                  NORMAL
..................................................................
TEMPERATURE (F)
 TODAY
  MAXIMUM         84   1232 PM  97    1996  90     -6       91
  MINIMUM         77    242 PM  69    1955  76      1       81
                                      1909
  AVERAGE         81                        83     -2       86

PRECIPITATION (IN)
  TODAY            1.37          1.71 1955   0.23   1.14     0.00
  MONTH TO DATE    8.73                      6.18   2.55    12.62
  SINCE JUN 1     14.96                     12.86   2.10    14.39
  SINCE JAN 1     35.85                     25.06  10.79    33.72

DEGREE DAYS
 HEATING
  TODAY            0                         0      0        0
  MONTH TO DATE    0                         0      0        0
  SINCE JUN 1      0                         0      0        0
  SINCE JUL 1      0                         0      0        0

 COOLING
  TODAY           16                        18     -2       21
  MONTH TO DATE  505                       486     19      484
  SINCE JUN 1   1048                      1002     46     1010
  SINCE JAN 1   2269                      1879    390     1833
..................................................................


WIND (MPH)
  RESULTANT WIND SPEED   5   RESULTANT WIND DIRECTION   S (180)
  HIGHEST WIND SPEED    17   HIGHEST WIND DIRECTION     W (250)
  HIGHEST GUST SPEED    21   HIGHEST GUST DIRECTION     W (250)
  AVERAGE WIND SPEED     5.9


SKY COVER
  POSSIBLE SUNSHINE  MM
  AVERAGE SKY COVER 0.7


WEATHER CONDITIONS
 THE FOLLOWING WEATHER WAS RECORDED TODAY.
  HEAVY RAIN
  RAIN
  LIGHT RAIN
  FOG
  HAZE


RELATIVE HUMIDITY (PERCENT)
 HIGHEST    91          1200 AM
 LOWEST     74           400 PM

..........................................................


THE TAMPA CLIMATE NORMALS FOR TOMORROW
                         NORMAL    RECORD    YEAR
 MAXIMUM TEMPERATURE (F)   90        97      1996
 MINIMUM TEMPERATURE (F)   76        69      1926


SUNRISE AND SUNSET
JULY 27 2015..........SUNRISE   650 AM EDT   SUNSET   823 PM EDT
JULY 28 2015..........SUNRISE   650 AM EDT   SUNSET   822 PM EDT


-  INDICATES NEGATIVE NUMBERS.
R  INDICATES RECORD WAS SET OR TIED.
MM INDICATES DATA IS MISSING.
T  INDICATES TRACE AMOUNT.




$$


&&
------------------------------------------------------------------
******************** SUPPLEMENTAL DATA ***************************

...RUSKIN                HIGH 80    LOW 75    PCPN 1.35
...SARASOTA/BRADENTON    HIGH 85    LOW 75    PCPN 0.97
...LAKELAND              HIGH 86    LOW 76    PCPN 0.23
...ST. PETERSBURG        HIGH 82    LOW 77    PCPN 0.61
...GULF WATER TEMPERATURE AT CLEARWATER BEACH 85
