000
CDUS42 KTBW 172212
CLITPA


CLIMATE REPORT
NATIONAL WEATHER SERVICE TAMPA BAY FL
511 PM EST WED JAN 17 2018


...................................

...THE TAMPA CLIMATE SUMMARY FOR JANUARY 17 2018...
VALID TODAY AS OF 0500 PM LOCAL TIME.

CLIMATE NORMAL PERIOD 1981 TO 2010
CLIMATE RECORD PERIOD 1890 TO 2018


WEATHER ITEM   OBSERVED TIME   RECORD YEAR NORMAL DEPARTURE LAST
                VALUE   (LST)  VALUE       VALUE  FROM      YEAR
                                                  NORMAL
..................................................................
TEMPERATURE (F)
 TODAY
  MAXIMUM         69   1241 PM  82    1990  70     -1       81
                                      1947
                                      1943
  MINIMUM         49    547 AM  29    1893  51     -2       64
  AVERAGE         59                        60     -1       73

PRECIPITATION (IN)
  TODAY            0.00          2.17 2011   0.06  -0.06     0.00
  MONTH TO DATE    1.14                      1.15  -0.01     0.23
  SINCE DEC 1      1.99                      3.62  -1.63     0.66
  SINCE JAN 1      1.14                      1.15  -0.01     0.23

DEGREE DAYS
 HEATING
  TODAY            6                         6      0        0
  MONTH TO DATE  145                       102     43       42
  SINCE DEC 1    201                       241    -40       69
  SINCE JUL 1    209                       285    -76       84

 COOLING
  TODAY            0                         2     -2        8
  MONTH TO DATE   22                        32    -10       80
  SINCE DEC 1    160                       112     48      272
  SINCE JAN 1     22                        32    -10       80
..................................................................


WIND (MPH)
  RESULTANT WIND SPEED   5   RESULTANT WIND DIRECTION  NW (320)
  HIGHEST WIND SPEED    22   HIGHEST WIND DIRECTION    NW (330)
  HIGHEST GUST SPEED    28   HIGHEST GUST DIRECTION     N (340)
  AVERAGE WIND SPEED     6.2


SKY COVER
  POSSIBLE SUNSHINE  MM
  AVERAGE SKY COVER 0.3


WEATHER CONDITIONS
 THE FOLLOWING WEATHER WAS RECORDED TODAY.
  NO SIGNIFICANT WEATHER WAS OBSERVED.


RELATIVE HUMIDITY (PERCENT)
 HIGHEST    89           800 AM
 LOWEST     52           100 PM

..........................................................


THE TAMPA CLIMATE NORMALS FOR TOMORROW
                         NORMAL    RECORD    YEAR
 MAXIMUM TEMPERATURE (F)   70        84      1990
 MINIMUM TEMPERATURE (F)   51        29      1981
                                             1977
                                             1965


SUNRISE AND SUNSET
JANUARY 17 2018.......SUNRISE   722 AM EST   SUNSET   558 PM EST
JANUARY 18 2018.......SUNRISE   722 AM EST   SUNSET   559 PM EST


-  INDICATES NEGATIVE NUMBERS.
R  INDICATES RECORD WAS SET OR TIED.
MM INDICATES DATA IS MISSING.
T  INDICATES TRACE AMOUNT.




$$


&&
------------------------------------------------------------------
******************** SUPPLEMENTAL DATA ***************************

...RUSKIN                HIGH 67    LOW 47    PCPN 0.00
...SARASOTA/BRADENTON    HIGH 69    LOW 45    PCPN 0.00
...LAKELAND*             HIGH 71    LOW 44    PCPN 0.00
...ST. PETERSBURG        HIGH 65    LOW 51    PCPN 0.00
...GULF WATER TEMPERATURE AT CLEARWATER BEACH 56 DEGREES

*LAKELAND DATA IS FROM 4:30 PM TUESDAY TO 4:30 PM WEDNESDAY
AND MAY REFLECT YESTERDAYS RAINFALL AND HIGH TEMPERATURE.
