000
CDUS42 KTBW 282113
CLITPA


CLIMATE REPORT
NATIONAL WEATHER SERVICE TAMPA BAY FL
512 PM EDT THU MAY 28 2015


...................................

...THE TAMPA CLIMATE SUMMARY FOR MAY 28 2015...
VALID TODAY AS OF 0500 PM LOCAL TIME.

CLIMATE NORMAL PERIOD 1981 TO 2010
CLIMATE RECORD PERIOD 1890 TO 2015


WEATHER ITEM   OBSERVED TIME   RECORD YEAR NORMAL DEPARTURE LAST
                VALUE   (LST)  VALUE       VALUE  FROM      YEAR
                                                  NORMAL
..................................................................
TEMPERATURE (F)
 TODAY
  MAXIMUM         89    359 PM  97    1989  89      0       87
  MINIMUM         73    617 AM  59    1934  73      0       71
  AVERAGE         81                        81      0       79

PRECIPITATION (IN)
  TODAY            0.00          1.60 2014   0.09  -0.09     1.60
  MONTH TO DATE    5.72                      1.79   3.93     7.69
  SINCE MAR 1     11.57                      6.85   4.72    13.53
  SINCE JAN 1     19.87                     11.89   7.98    18.48

DEGREE DAYS
 HEATING
  TODAY            0                         0      0        0
  MONTH TO DATE    0                         0      0        0
  SINCE MAR 1     12                        67    -55       48
  SINCE JUL 1    467                       538    -71      444

 COOLING
  TODAY           16                        16      0       14
  MONTH TO DATE  439                       370     69      361
  SINCE MAR 1   1104                       717    387      674
  SINCE JAN 1   1171                       830    341      778
..................................................................


WIND (MPH)
  RESULTANT WIND SPEED   5   RESULTANT WIND DIRECTION   E (80)
  HIGHEST WIND SPEED    14   HIGHEST WIND DIRECTION    NE (40)
  HIGHEST GUST SPEED    18   HIGHEST GUST DIRECTION    NE (30)
  AVERAGE WIND SPEED     5.3


SKY COVER
  POSSIBLE SUNSHINE  MM
  AVERAGE SKY COVER 0.3


WEATHER CONDITIONS
 THE FOLLOWING WEATHER WAS RECORDED TODAY.
  NO SIGNIFICANT WEATHER WAS OBSERVED.


RELATIVE HUMIDITY (PERCENT)
 HIGHEST    79           400 AM
 LOWEST     38           200 PM

..........................................................


THE TAMPA CLIMATE NORMALS FOR TOMORROW
                         NORMAL    RECORD    YEAR
 MAXIMUM TEMPERATURE (F)   89        96      2006
 MINIMUM TEMPERATURE (F)   73        64      1968


SUNRISE AND SUNSET
MAY 28 2015...........SUNRISE   635 AM EDT   SUNSET   820 PM EDT
MAY 29 2015...........SUNRISE   635 AM EDT   SUNSET   820 PM EDT


-  INDICATES NEGATIVE NUMBERS.
R  INDICATES RECORD WAS SET OR TIED.
MM INDICATES DATA IS MISSING.
T  INDICATES TRACE AMOUNT.




$$


&&
------------------------------------------------------------------
******************** SUPPLEMENTAL DATA ***************************

...RUSKIN                HIGH 91    LOW 70    PCPN 0.00
...SARASOTA/BRADENTON    HIGH 89    LOW 69    PCPN 0.00
...LAKELAND              HIGH  M    LOW  M    PCPN    M
...ST. PETERSBURG        HIGH 87    LOW 76    PCPN 0.00
...GULF WATER TEMPERATURE AT CLEARWATER BEACH 84
