000
CDUS45 KLKN 190930
CLITPH


CLIMATE REPORT
NATIONAL WEATHER SERVICE ELKO NV
227 AM PDT SAT APR 19 2014


...................................

...THE TONOPAH AIRPORT NV CLIMATE SUMMARY FOR APRIL 18 2014...

CLIMATE NORMAL PERIOD 1981 TO 2010
CLIMATE RECORD PERIOD 1954 TO 2014


WEATHER ITEM   OBSERVED TIME   RECORD YEAR NORMAL DEPARTURE LAST
                VALUE   (LST)  VALUE       VALUE  FROM      YEAR
                                                  NORMAL
..................................................................
TEMPERATURE (F)
 YESTERDAY
  MAXIMUM         71    139 PM  84    1989  65      6       59
  MINIMUM         48   1159 PM  21    2013  35     13       21
                                      2002
  AVERAGE         60                        50     10       40

PRECIPITATION (IN)
  YESTERDAY        T             0.30 1983   0.01  -0.01     0.00
  MONTH TO DATE    0.01                      0.26  -0.25     0.15
  SINCE OCT 1      1.16                      2.93  -1.77     1.98
  SINCE JAN 1      0.70                      1.84  -1.14     0.76

DEGREE DAYS
 HEATING
  YESTERDAY        5                        15    -10       25
  MONTH TO DATE  237                       310    -73      287
  SINCE MAR 1    851                       995   -144      813
  SINCE JUL 1   4624                      5037   -413     4647

 COOLING
  YESTERDAY        0                         0      0        0
  MONTH TO DATE    0                         0      0        0
  SINCE MAR 1      0                         0      0        0
  SINCE JAN 1      0                         0      0        0
..................................................................


WIND (MPH)
  HIGHEST WIND SPEED    24   HIGHEST WIND DIRECTION    NE (30)
  HIGHEST GUST SPEED    31   HIGHEST GUST DIRECTION    NE (40)
  AVERAGE WIND SPEED     6.9



WEATHER CONDITIONS
 THE FOLLOWING WEATHER WAS RECORDED YESTERDAY.
  THUNDERSTORM
  LIGHT RAIN


RELATIVE HUMIDITY (PERCENT)
 HIGHEST    71          1100 PM
 LOWEST     18           200 PM
 AVERAGE    45

..........................................................


THE TONOPAH AIRPORT NV CLIMATE NORMALS FOR TODAY
                         NORMAL    RECORD    YEAR
 MAXIMUM TEMPERATURE (F)   65        84      1989
 MINIMUM TEMPERATURE (F)   35        18      2007


SUNRISE AND SUNSET
APRIL 19 2014.........SUNRISE   607 AM PDT   SUNSET   728 PM PDT
APRIL 20 2014.........SUNRISE   606 AM PDT   SUNSET   729 PM PDT


-  INDICATES NEGATIVE NUMBERS.
R  INDICATES RECORD WAS SET OR TIED.
MM INDICATES DATA IS MISSING.
T  INDICATES TRACE AMOUNT.




$$
