000
CDUS45 KLKN 220931
CLITPH


CLIMATE REPORT
NATIONAL WEATHER SERVICE ELKO NV
130 AM PST MON JAN 22 2018


...................................

...THE TONOPAH AIRPORT NV CLIMATE SUMMARY FOR JANUARY 21 2018...

CLIMATE NORMAL PERIOD 1981 TO 2010
CLIMATE RECORD PERIOD 1954 TO 2018


WEATHER ITEM   OBSERVED TIME   RECORD YEAR NORMAL DEPARTURE LAST
                VALUE   (LST)  VALUE       VALUE  FROM      YEAR
                                                  NORMAL
..................................................................
TEMPERATURE (F)
 YESTERDAY
  MAXIMUM         40    359 PM  60    2005  45     -5       42
                                      1981
  MINIMUM         17    740 AM  -8    1962  21     -4       23
  AVERAGE         29                        33     -4       33

PRECIPITATION (IN)
  YESTERDAY        0.00          0.36 2010   0.01  -0.01     0.00
  MONTH TO DATE    0.45                      0.32   0.13     0.20
  SINCE OCT 1      0.46                      1.41  -0.95     0.73
  SINCE JAN 1      0.45                      0.32   0.13     0.20

DEGREE DAYS
 HEATING
  YESTERDAY       36                        32      4       32
  MONTH TO DATE  518                       691   -173      685
  SINCE DEC 1   1413                      1719   -306     1726
  SINCE JUL 1   2489                      2936   -447     2743

 COOLING
  YESTERDAY        0                         0      0        0
  MONTH TO DATE    0                         0      0        0
  SINCE DEC 1      0                         0      0        0
  SINCE JAN 1      0                         0      0        0
..................................................................


WIND (MPH)
  HIGHEST WIND SPEED    16   HIGHEST WIND DIRECTION     N (360)
  HIGHEST GUST SPEED    19   HIGHEST GUST DIRECTION    NW (300)
  AVERAGE WIND SPEED     7.1



WEATHER CONDITIONS
 THE FOLLOWING WEATHER WAS RECORDED YESTERDAY.
  NO SIGNIFICANT WEATHER WAS OBSERVED.


RELATIVE HUMIDITY (PERCENT)
 HIGHEST    80           400 AM
 LOWEST     33           200 PM
 AVERAGE    57

..........................................................


THE TONOPAH AIRPORT NV CLIMATE NORMALS FOR TODAY
                         NORMAL    RECORD    YEAR
 MAXIMUM TEMPERATURE (F)   45        59      2005
                                             1994
 MINIMUM TEMPERATURE (F)   21        -9      1962


SUNRISE AND SUNSET
JANUARY 22 2018.......SUNRISE   700 AM PST   SUNSET   500 PM PST
JANUARY 23 2018.......SUNRISE   659 AM PST   SUNSET   501 PM PST


-  INDICATES NEGATIVE NUMBERS.
R  INDICATES RECORD WAS SET OR TIED.
MM INDICATES DATA IS MISSING.
T  INDICATES TRACE AMOUNT.




$$
