000
CDUS45 KLKN 030940
CLITPH


CLIMATE REPORT
NATIONAL WEATHER SERVICE ELKO NV
139 AM PST SAT DEC 3 2016


...................................

...THE TONOPAH AIRPORT NV CLIMATE SUMMARY FOR DECEMBER 2 2016...

CLIMATE NORMAL PERIOD 1981 TO 2010
CLIMATE RECORD PERIOD 1954 TO 2016


WEATHER ITEM   OBSERVED TIME   RECORD YEAR NORMAL DEPARTURE LAST
                VALUE   (LST)  VALUE       VALUE  FROM      YEAR
                                                  NORMAL
..................................................................
TEMPERATURE (F)
 YESTERDAY
  MAXIMUM         36    324 PM  64    1958  47    -11       51
  MINIMUM         20   1159 PM   8    1967  21     -1       20
  AVERAGE         28                        34     -6       36

PRECIPITATION (IN)
  YESTERDAY        0.00          0.21 1985   0.01  -0.01     0.00
  MONTH TO DATE    0.00                      0.02  -0.02     0.00
  SINCE OCT 1      0.20                      0.80  -0.60     3.31
  SINCE JAN 1      3.77                      4.95  -1.18     5.78

DEGREE DAYS
 HEATING
  YESTERDAY       37                        31      6       29
  MONTH TO DATE   70                        62      8       60
  SINCE DEC 1     70                        62      8       60
  SINCE JUL 1   1087                      1279   -192     1134

 COOLING
  YESTERDAY        0                         0      0        0
  MONTH TO DATE    0                         0      0        0
  SINCE DEC 1      0                         0      0        0
  SINCE JAN 1   1022                       783    239     1034
..................................................................


WIND (MPH)
  HIGHEST WIND SPEED    26   HIGHEST WIND DIRECTION     N (10)
  HIGHEST GUST SPEED    33   HIGHEST GUST DIRECTION     N (10)
  AVERAGE WIND SPEED    14.1



WEATHER CONDITIONS
 THE FOLLOWING WEATHER WAS RECORDED YESTERDAY.
  HAZE


RELATIVE HUMIDITY (PERCENT)
 HIGHEST    74           400 AM
 LOWEST     32          1200 PM
 AVERAGE    53

..........................................................


THE TONOPAH AIRPORT NV CLIMATE NORMALS FOR TODAY
                         NORMAL    RECORD    YEAR
 MAXIMUM TEMPERATURE (F)   46        66      1977
 MINIMUM TEMPERATURE (F)   21         7      1955


SUNRISE AND SUNSET
DECEMBER  3 2016......SUNRISE   648 AM PST   SUNSET   429 PM PST
DECEMBER  4 2016......SUNRISE   649 AM PST   SUNSET   429 PM PST


-  INDICATES NEGATIVE NUMBERS.
R  INDICATES RECORD WAS SET OR TIED.
MM INDICATES DATA IS MISSING.
T  INDICATES TRACE AMOUNT.




$$
