000
CDUS45 KLKN 290932
CLITPH


CLIMATE REPORT
NATIONAL WEATHER SERVICE ELKO NV
231 AM PDT SUN MAR 29 2015


...................................

...THE TONOPAH AIRPORT NV CLIMATE SUMMARY FOR MARCH 28 2015...

CLIMATE NORMAL PERIOD 1981 TO 2010
CLIMATE RECORD PERIOD 1954 TO 2015


WEATHER ITEM   OBSERVED TIME   RECORD YEAR NORMAL DEPARTURE LAST
                VALUE   (LST)  VALUE       VALUE  FROM      YEAR
                                                  NORMAL
..................................................................
TEMPERATURE (F)
 YESTERDAY
  MAXIMUM         76R   233 PM  76    1986  60     16       62
  MINIMUM         41    557 AM  12    1972  31     10       30
  AVERAGE         59                        45     14       46

PRECIPITATION (IN)
  YESTERDAY        0.00          0.35 1979   0.02  -0.02     0.00
  MONTH TO DATE    0.26                      0.53  -0.27      T
  SINCE OCT 1      0.92                      2.63  -1.71     1.12
  SINCE JAN 1      0.44                      1.54  -1.10     0.66

DEGREE DAYS
 HEATING
  YESTERDAY        6                        20    -14       19
  MONTH TO DATE  433                       626   -193      552
  SINCE MAR 1    433                       626   -193      552
  SINCE JUL 1   3555                      4668  -1113     4325

 COOLING
  YESTERDAY        0                         0      0        0
  MONTH TO DATE    0                         0      0        0
  SINCE MAR 1      0                         0      0        0
  SINCE JAN 1      0                         0      0        0
..................................................................


WIND (MPH)
  HIGHEST WIND SPEED    20   HIGHEST WIND DIRECTION     N (340)
  HIGHEST GUST SPEED    25   HIGHEST GUST DIRECTION    NW (330)
  AVERAGE WIND SPEED    11.5



WEATHER CONDITIONS
 THE FOLLOWING WEATHER WAS RECORDED YESTERDAY.
  NO SIGNIFICANT WEATHER WAS OBSERVED.


RELATIVE HUMIDITY (PERCENT)
 HIGHEST    41           600 AM
 LOWEST      6           300 PM
 AVERAGE    24

..........................................................


THE TONOPAH AIRPORT NV CLIMATE NORMALS FOR TODAY
                         NORMAL    RECORD    YEAR
 MAXIMUM TEMPERATURE (F)   60        75      1969
 MINIMUM TEMPERATURE (F)   31        17      1977


SUNRISE AND SUNSET
MARCH 29 2015.........SUNRISE   638 AM PDT   SUNSET   709 PM PDT
MARCH 30 2015.........SUNRISE   637 AM PDT   SUNSET   709 PM PDT


-  INDICATES NEGATIVE NUMBERS.
R  INDICATES RECORD WAS SET OR TIED.
MM INDICATES DATA IS MISSING.
T  INDICATES TRACE AMOUNT.




$$
