000
CDUS45 KLKN 270028
CLITPH


CLIMATE REPORT
NATIONAL WEATHER SERVICE ELKO NV
528 PM PDT WED APR 26 2017


...................................

...THE TONOPAH AIRPORT NV CLIMATE SUMMARY FOR APRIL 26 2017...
VALID TODAY AS OF 0500 PM LOCAL TIME.

CLIMATE NORMAL PERIOD 1981 TO 2010
CLIMATE RECORD PERIOD 1954 TO 2017


WEATHER ITEM   OBSERVED TIME   RECORD YEAR NORMAL DEPARTURE LAST
                VALUE   (LST)  VALUE       VALUE  FROM      YEAR
                                                  NORMAL
..................................................................
TEMPERATURE (F)
 TODAY
  MAXIMUM         72    349 PM  82    2000  68      4       60
                                      1992
  MINIMUM         43    514 AM  22    1984  37      6       38
  AVERAGE         58                        52      6       49

PRECIPITATION (IN)
  TODAY            T             0.23 2002   0.01  -0.01     0.00
                                      1956
  MONTH TO DATE    0.17                      0.36  -0.19     0.28
  SINCE OCT 1      1.99                      3.03  -1.04     5.17
  SINCE JAN 1      1.46                      1.94  -0.48     1.79

DEGREE DAYS
 HEATING
  TODAY            7                        13     -6       16
  MONTH TO DATE  360                       419    -59      319
  SINCE MAR 1    891                      1104   -213      916
  SINCE JUL 1   4756                      5146   -390     4843

 COOLING
  TODAY            0                         0      0        0
  MONTH TO DATE    0                         0      0        0
  SINCE MAR 1      0                         0      0        0
  SINCE JAN 1      0                         0      0        0
..................................................................


WIND (MPH)
  HIGHEST WIND SPEED    38   HIGHEST WIND DIRECTION    NW (320)
  HIGHEST GUST SPEED    47   HIGHEST GUST DIRECTION    NW (330)



WEATHER CONDITIONS
 THE FOLLOWING WEATHER WAS RECORDED TODAY.
  NO SIGNIFICANT WEATHER WAS OBSERVED.


RELATIVE HUMIDITY (PERCENT)
 HIGHEST    56           700 AM
 LOWEST     17           400 PM
 AVERAGE    37

..........................................................


THE TONOPAH AIRPORT NV CLIMATE NORMALS FOR TOMORROW
                         NORMAL    RECORD    YEAR
 MAXIMUM TEMPERATURE (F)   68        84      1992
 MINIMUM TEMPERATURE (F)   38        18      1984


SUNRISE AND SUNSET
APRIL 26 2017.........SUNRISE   558 AM PDT   SUNSET   735 PM PDT
APRIL 27 2017.........SUNRISE   557 AM PDT   SUNSET   736 PM PDT


-  INDICATES NEGATIVE NUMBERS.
R  INDICATES RECORD WAS SET OR TIED.
MM INDICATES DATA IS MISSING.
T  INDICATES TRACE AMOUNT.




$$
