377
CDUS45 KLKN 260931
CLITPH


CLIMATE REPORT
NATIONAL WEATHER SERVICE ELKO NV
229 AM PDT MON SEP 26 2016


...................................

...THE TONOPAH AIRPORT NV CLIMATE SUMMARY FOR SEPTEMBER 25 2016...

CLIMATE NORMAL PERIOD 1981 TO 2010
CLIMATE RECORD PERIOD 1954 TO 2016


WEATHER ITEM   OBSERVED TIME   RECORD YEAR NORMAL DEPARTURE LAST
                VALUE   (LST)  VALUE       VALUE  FROM      YEAR
                                                  NORMAL
..................................................................
TEMPERATURE (F)
 YESTERDAY
  MAXIMUM         81    246 PM  89    2015  77      4       89
                                      2009
                                      2003
  MINIMUM         49    604 AM  31    1986  45      4       53
  AVERAGE         65                        61      4       71

PRECIPITATION (IN)
  YESTERDAY        0.00          0.34 1997   0.01  -0.01     0.00
  MONTH TO DATE    1.21                      0.32   0.89     0.07
  SINCE OCT 1      6.95                      5.18   1.77     2.95
  SINCE JAN 1      3.57                      4.09  -0.52     2.47

DEGREE DAYS
 HEATING
  YESTERDAY        0                         5     -5        0
  MONTH TO DATE   66                        57      9       20
  SINCE SEP 1     66                        57      9       20
  SINCE JUL 1     66                        63      3       20

 COOLING
  YESTERDAY        0                         1     -1        6
  MONTH TO DATE   58                        66     -8      101
  SINCE SEP 1     58                        66     -8      101
  SINCE JAN 1   1021                       779    242     1006
..................................................................


WIND (MPH)
  HIGHEST WIND SPEED    18   HIGHEST WIND DIRECTION     N (360)
  HIGHEST GUST SPEED    20   HIGHEST GUST DIRECTION     N (340)
  AVERAGE WIND SPEED     8.7



WEATHER CONDITIONS
 THE FOLLOWING WEATHER WAS RECORDED YESTERDAY.
  NO SIGNIFICANT WEATHER WAS OBSERVED.


RELATIVE HUMIDITY (PERCENT)
 HIGHEST    42           600 AM
 LOWEST     10           200 PM
 AVERAGE    26

..........................................................


THE TONOPAH AIRPORT NV CLIMATE NORMALS FOR TODAY
                         NORMAL    RECORD    YEAR
 MAXIMUM TEMPERATURE (F)   77        89      2010
                                             2009
 MINIMUM TEMPERATURE (F)   45        25      1986


SUNRISE AND SUNSET
SEPTEMBER 26 2016.....SUNRISE   640 AM PDT   SUNSET   638 PM PDT
SEPTEMBER 27 2016.....SUNRISE   641 AM PDT   SUNSET   637 PM PDT


-  INDICATES NEGATIVE NUMBERS.
R  INDICATES RECORD WAS SET OR TIED.
MM INDICATES DATA IS MISSING.
T  INDICATES TRACE AMOUNT.




$$
