000
CDUS45 KLKN 220927
CLITPH


CLIMATE REPORT
NATIONAL WEATHER SERVICE ELKO NV
226 AM PDT FRI AUG 22 2014


...................................

...THE TONOPAH AIRPORT NV CLIMATE SUMMARY FOR AUGUST 21 2014...

CLIMATE NORMAL PERIOD 1981 TO 2010
CLIMATE RECORD PERIOD 1954 TO 2014


WEATHER ITEM   OBSERVED TIME   RECORD YEAR NORMAL DEPARTURE LAST
                VALUE   (LST)  VALUE       VALUE  FROM      YEAR
                                                  NORMAL
..................................................................
TEMPERATURE (F)
 YESTERDAY
  MAXIMUM         85    421 PM  96    2009  89     -4       90
  MINIMUM         53    532 AM  38    1959  55     -2       59
  AVERAGE         69                        72     -3       75

PRECIPITATION (IN)
  YESTERDAY        0.00          0.58 2012   0.01  -0.01      T
  MONTH TO DATE    0.77                      0.34   0.43     0.16
  SINCE OCT 1      3.48                      4.69  -1.21     3.24
  SINCE JAN 1      3.02                      3.60  -0.58     2.02

DEGREE DAYS
 HEATING
  YESTERDAY        0                         0      0        0
  MONTH TO DATE    0                         0      0        0
  SINCE JUN 1     15                        52    -37        3
  SINCE JUL 1      0                         2     -2        0

 COOLING
  YESTERDAY        4                         7     -3       10
  MONTH TO DATE  148                       179    -31      165
  SINCE JUN 1    766                       627    139      816
  SINCE JAN 1    800                       654    146      839
..................................................................


WIND (MPH)
  HIGHEST WIND SPEED    22   HIGHEST WIND DIRECTION     S (190)
  HIGHEST GUST SPEED    27   HIGHEST GUST DIRECTION     S (180)
  AVERAGE WIND SPEED     7.4



WEATHER CONDITIONS
 THE FOLLOWING WEATHER WAS RECORDED YESTERDAY.
  NO SIGNIFICANT WEATHER WAS OBSERVED.


RELATIVE HUMIDITY (PERCENT)
 HIGHEST    43           300 AM
 LOWEST     10           300 PM
 AVERAGE    27

..........................................................


THE TONOPAH AIRPORT NV CLIMATE NORMALS FOR TODAY
                         NORMAL    RECORD    YEAR
 MAXIMUM TEMPERATURE (F)   89        95      1969
 MINIMUM TEMPERATURE (F)   55        38      1978
                                             1968


SUNRISE AND SUNSET
AUGUST 22 2014........SUNRISE   610 AM PDT   SUNSET   732 PM PDT
AUGUST 23 2014........SUNRISE   610 AM PDT   SUNSET   731 PM PDT


-  INDICATES NEGATIVE NUMBERS.
R  INDICATES RECORD WAS SET OR TIED.
MM INDICATES DATA IS MISSING.
T  INDICATES TRACE AMOUNT.




$$
