000
CDUS44 KMRX 230830
CLITRI


CLIMATE REPORT
NATIONAL WEATHER SERVICE MORRISTOWN TN
430 AM EDT MON OCT 23 2017


...................................

...THE TRI-CITIES      ASOS CLIMATE SUMMARY FOR OCTOBER 22 2017...

CLIMATE NORMAL PERIOD 1981 TO 2010
CLIMATE RECORD PERIOD 1934 TO 2017


WEATHER ITEM   OBSERVED TIME   RECORD YEAR NORMAL DEPARTURE LAST
                VALUE   (LST)  VALUE       VALUE  FROM      YEAR
                                                  NORMAL
..................................................................
TEMPERATURE (F)
 YESTERDAY
  MAXIMUM         78    246 PM  85    1947  68     10       57
  MINIMUM         42    650 AM  24    1987  41      1       37
                                      1952
  AVERAGE         60                        54      6       47

PRECIPITATION (IN)
  YESTERDAY        0.00          0.60 1990   0.07  -0.07     0.00
  MONTH TO DATE    1.98                      1.44   0.54     0.72
  SINCE SEP 1      2.97                      4.43  -1.46     3.29
  SINCE JAN 1     37.78                     33.88   3.90    27.45

SNOWFALL (IN)
  YESTERDAY        0.0                       0.0    0.0      0.0
  MONTH TO DATE    0.0                       0.0    0.0      0.0
  SINCE SEP 1      0.0                       0.0    0.0      0.0
  SINCE JUL 1      0.0                       0.0    0.0      0.0
  SNOW DEPTH       0

DEGREE DAYS
 HEATING
  YESTERDAY        5                        11     -6       18
  MONTH TO DATE   78                       173    -95       74
  SINCE SEP 1    115                       225   -110       79
  SINCE JUL 1    115                       226   -111       79

 COOLING
  YESTERDAY        0                         0      0        0
  MONTH TO DATE   68                         9     59       20
  SINCE SEP 1    187                       125     62      257
  SINCE JAN 1   1141                       977    164     1490
..................................................................


WIND (MPH)
  HIGHEST WIND SPEED    13   HIGHEST WIND DIRECTION     E (110)
  HIGHEST GUST SPEED    18   HIGHEST GUST DIRECTION     E (100)
  AVERAGE WIND SPEED     3.3


SKY COVER
  POSSIBLE SUNSHINE  MM
  AVERAGE SKY COVER 0.5


WEATHER CONDITIONS
 THE FOLLOWING WEATHER WAS RECORDED YESTERDAY.
  NO SIGNIFICANT WEATHER WAS OBSERVED.


RELATIVE HUMIDITY (PERCENT)
 HIGHEST   100           300 AM
 LOWEST     32           200 PM
 AVERAGE    66

..........................................................


THE TRI-CITIES      ASOS CLIMATE NORMALS FOR TODAY
                         NORMAL    RECORD    YEAR
 MAXIMUM TEMPERATURE (F)   67        82      1947
 MINIMUM TEMPERATURE (F)   41        24      1997


SUNRISE AND SUNSET
OCTOBER 23 2017.......SUNRISE   744 AM EDT   SUNSET   643 PM EDT
OCTOBER 24 2017.......SUNRISE   745 AM EDT   SUNSET   642 PM EDT


-  INDICATES NEGATIVE NUMBERS.
R  INDICATES RECORD WAS SET OR TIED.
MM INDICATES DATA IS MISSING.
T  INDICATES TRACE AMOUNT.




$$
