000
CDUS44 KMRX 022118
CLITRI

CLIMATE REPORT NATIONAL WEATHER SERVICE MORRISTOWN TN
518 PM EDT TUE JUN 2 2015

...................................

...THE TRI-CITIES  CLIMATE SUMMARY FOR JUNE 2 2015... VALID TODAY AS
OF 500 PM LOCAL TIME.

CLIMATE NORMAL PERIOD 1981 TO 2010
CLIMATE RECORD PERIOD 1934 TO 2015


WEATHER ITEM   OBSERVED TIME   RECORD YEAR NORMAL DEPARTURE LAST
                VALUE   (LST)  VALUE       VALUE  FROM      YEAR
                                                  NORMAL
..................................................................
TEMPERATURE (F)
 TODAY
  MAXIMUM         75    100 PM  91    1951  80     -5       84
                                      1941
  MINIMUM         61    305 AM  38    1966  56      5       55
  AVERAGE         68                        68      0       70

PRECIPITATION (IN)
  TODAY            0.02          1.59 1976   0.13  -0.11     0.00
  MONTH TO DATE    0.53                      0.26   0.27     0.00
  SINCE JUN 1      0.53                      0.26   0.27     0.00
  SINCE JAN 1     15.44                     17.65  -2.21    12.00

SNOWFALL (IN)
  TODAY            0.0                       0.0    0.0      0.0
  MONTH TO DATE    0.0                       0.0    0.0      0.0
  SINCE JUN 1      0.0                       0.0    0.0      0.0
  SINCE JUL 1     15.5                      13.3    2.2     13.0
  SNOW DEPTH       0

DEGREE DAYS
 HEATING
  TODAY            0                         1     -1        0
  MONTH TO DATE    0                         2     -2        0
  SINCE JUN 1      0                         2     -2        0
  SINCE JUL 1   4376                      4365     11     4410

 COOLING
  TODAY            3                         4     -1        5
  MONTH TO DATE   10                         8      2       11
  SINCE JUN 1     10                         8      2       11
  SINCE JAN 1    176                        81     95      145
..................................................................


WIND (MPH)
  HIGHEST WIND SPEED    23   HIGHEST WIND DIRECTION    NW (320)
  HIGHEST GUST SPEED    29   HIGHEST GUST DIRECTION    NW (310)
  AVERAGE WIND SPEED     1.0


SKY COVER
  POSSIBLE SUNSHINE  MM
  AVERAGE SKY COVER 0.9


WEATHER CONDITIONS
 THE FOLLOWING WEATHER WAS RECORDED TODAY.
  THUNDERSTORM
  LIGHT RAIN
  FOG
  FOG W/VISIBILITY <= 1/4 MILE
  HAZE


RELATIVE HUMIDITY (PERCENT)
 HIGHEST   100          1200 AM
 LOWEST     64          1200 PM
 AVERAGE    82

..........................................................


THE TRI-CITIES      ASOS CLIMATE NORMALS FOR TOMORROW
                         NORMAL    RECORD    YEAR
 MAXIMUM TEMPERATURE (F)   80        92      1951
 MINIMUM TEMPERATURE (F)   57        44      1966


SUNRISE AND SUNSET
JUNE  2 2015..........SUNRISE   613 AM EDT   SUNSET   843 PM EDT
JUNE  3 2015..........SUNRISE   612 AM EDT   SUNSET   843 PM EDT


-  INDICATES NEGATIVE NUMBERS.
R  INDICATES RECORD WAS SET OR TIED.
MM INDICATES DATA IS MISSING.
T  INDICATES TRACE AMOUNT.




$$
