000
CDUS44 KMRX 191255 RRA
CLITRI

CLIMATE REPORT
NATIONAL WEATHER SERVICE MORRISTOWN TN
854 AM EDT FRI SEP 19 2014


...................................

...THE TRI-CITIES CLIMATE SUMMARY FOR SEPTEMBER 18 2014...

CLIMATE NORMAL PERIOD 1981 TO 2010
CLIMATE RECORD PERIOD 1934 TO 2014


WEATHER ITEM   OBSERVED TIME   RECORD YEAR NORMAL DEPARTURE LAST
                VALUE   (LST)  VALUE       VALUE  FROM      YEAR
                                                  NORMAL
..................................................................
TEMPERATURE (F)
 YESTERDAY
  MAXIMUM         77    338 PM  93    1954  79     -2       69
  MINIMUM         52    313 AM  39    1943  54     -2       55
  AVERAGE         65                        66     -1       62

PRECIPITATION (IN)
  YESTERDAY        0.00          2.00 2012   0.10  -0.10     0.14
  MONTH TO DATE    1.01                      1.89  -0.88     0.94
  SINCE SEP 1      1.01                      1.89  -0.88     0.94
  SINCE JAN 1     26.05                     31.34  -5.29    45.81

SNOWFALL (IN)
  YESTERDAY        0.0                       0.0    0.0      0.0
  MONTH TO DATE    0.0                       0.0    0.0      0.0
  SINCE SEP 1      0.0                       0.0    0.0      0.0
  SINCE JUL 1      0.0                       0.0    0.0      0.0
  SNOW DEPTH       0

DEGREE DAYS
 HEATING
  YESTERDAY        0                         2     -2        3
  MONTH TO DATE    0                        11    -11        7
  SINCE SEP 1      0                        11    -11        7
  SINCE JUL 1      0                        12    -12        7

 COOLING
  YESTERDAY        0                         3     -3        0
  MONTH TO DATE  149                        91     58      107
  SINCE SEP 1    149                        91     58      107
  SINCE JAN 1   1106                       943    163      965
..................................................................


WIND (MPH)
  HIGHEST WIND SPEED     9   HIGHEST WIND DIRECTION     N (350)
  HIGHEST GUST SPEED    13   HIGHEST GUST DIRECTION     N (360)
  AVERAGE WIND SPEED     1.6


SKY COVER
  POSSIBLE SUNSHINE  MM
  AVERAGE SKY COVER  MM


WEATHER CONDITIONS
 THE FOLLOWING WEATHER WAS RECORDED YESTERDAY.
  FOG
  HAZE


RELATIVE HUMIDITY (PERCENT)
 HIGHEST    93          1200 AM
 LOWEST     38           200 PM
 AVERAGE    66

..........................................................


THE TRI-CITIES CLIMATE NORMALS FOR TODAY
                         NORMAL    RECORD    YEAR
 MAXIMUM TEMPERATURE (F)   78        92      1954
 MINIMUM TEMPERATURE (F)   54        41      1984


SUNRISE AND SUNSET
SEPTEMBER 19 2014.....SUNRISE   715 AM EDT   SUNSET   731 PM EDT
SEPTEMBER 20 2014.....SUNRISE   716 AM EDT   SUNSET   729 PM EDT


-  INDICATES NEGATIVE NUMBERS.
R  INDICATES RECORD WAS SET OR TIED.
MM INDICATES DATA IS MISSING.
T  INDICATES TRACE AMOUNT.


&&

THE LOW TEMPERATURE SINCE MIDNIGHT HAS BEEN 53 DEGREES.
THERE HAS BEEN NO PRECIPITATION SINCE MIDNIGHT.

$$
