000
CDUS44 KMRX 050828
CLITRI


CLIMATE REPORT
NATIONAL WEATHER SERVICE MORRISTOWN TN
427 AM EDT THU MAY 5 2016


...................................

...THE TRI-CITIES      ASOS CLIMATE SUMMARY FOR MAY 4 2016...

CLIMATE NORMAL PERIOD 1981 TO 2010
CLIMATE RECORD PERIOD 1934 TO 2016


WEATHER ITEM   OBSERVED TIME   RECORD YEAR NORMAL DEPARTURE LAST
                VALUE   (LST)  VALUE       VALUE  FROM      YEAR
                                                  NORMAL
..................................................................
TEMPERATURE (F)
 YESTERDAY
  MAXIMUM         65    359 PM  88    1938  73     -8       81
  MINIMUM         47   1159 PM  30    1986  48     -1       48
  AVERAGE         56                        60     -4       65

PRECIPITATION (IN)
  YESTERDAY        0.02          1.18 1948   0.12  -0.10     0.00
  MONTH TO DATE    0.41                      0.47  -0.06      T
  SINCE MAR 1      4.94                      7.24  -2.30     8.88
  SINCE JAN 1     12.34                     14.06  -1.72    14.21

SNOWFALL (IN)
  YESTERDAY        0.0                       0.0    0.0      0.0
  MONTH TO DATE    0.0                       0.0    0.0      0.0
  SINCE MAR 1      T                         2.5   -2.5       T
  SINCE JUL 1     18.4                      13.3    5.1     15.5
  SNOW DEPTH       0

DEGREE DAYS
 HEATING
  YESTERDAY        9                         5      4        0
  MONTH TO DATE   10                        23    -13       28
  SINCE MAR 1    644                       895   -251      736
  SINCE JUL 1   3464                      4277   -813     4363

 COOLING
  YESTERDAY        0                         1     -1        0
  MONTH TO DATE    9                         4      5        0
  SINCE MAR 1     35                        15     20       10
  SINCE JAN 1     35                        15     20       10
..................................................................


WIND (MPH)
  HIGHEST WIND SPEED    20   HIGHEST WIND DIRECTION    NW (300)
  HIGHEST GUST SPEED    23   HIGHEST GUST DIRECTION     W (280)
  AVERAGE WIND SPEED     8.0


SKY COVER
  POSSIBLE SUNSHINE  MM
  AVERAGE SKY COVER 0.9


WEATHER CONDITIONS
 THE FOLLOWING WEATHER WAS RECORDED YESTERDAY.
  LIGHT RAIN


RELATIVE HUMIDITY (PERCENT)
 HIGHEST    86          1100 PM
 LOWEST     40           400 PM
 AVERAGE    63

..........................................................


THE TRI-CITIES      ASOS CLIMATE NORMALS FOR TODAY
                         NORMAL    RECORD    YEAR
 MAXIMUM TEMPERATURE (F)   73        89      1949
 MINIMUM TEMPERATURE (F)   48        30      1940


SUNRISE AND SUNSET
MAY  5 2016...........SUNRISE   631 AM EDT   SUNSET   822 PM EDT
MAY  6 2016...........SUNRISE   630 AM EDT   SUNSET   822 PM EDT


-  INDICATES NEGATIVE NUMBERS.
R  INDICATES RECORD WAS SET OR TIED.
MM INDICATES DATA IS MISSING.
T  INDICATES TRACE AMOUNT.




$$
