000
CDUS46 KSGX 241525
CLITRM


CLIMATE REPORT
NATIONAL WEATHER SERVICE SAN DIEGO, CA
724 AM PST TUE JAN 24 2017


...................................

...THE THERMAL AIRPORT CA CLIMATE SUMMARY FOR JANUARY 23 2017...

CLIMATE NORMAL PERIOD 1981 TO 2010
CLIMATE RECORD PERIOD 1950 TO 2017


WEATHER ITEM   OBSERVED TIME   RECORD YEAR NORMAL DEPARTURE LAST
                VALUE   (LST)  VALUE       VALUE  FROM      YEAR
                                                  NORMAL
..................................................................
TEMPERATURE (F)
 YESTERDAY
  MAXIMUM         62   1205 PM  83    1953  72    -10       70
  MINIMUM         40   1159 PM  29    1991  38      2       42
  AVERAGE         51                        55     -4       56

PRECIPITATION (IN)
  YESTERDAY        T             0.16 1967   0.01  -0.01     0.00
  MONTH TO DATE    1.31                      0.50   0.81     1.15
  SINCE OCT 1      2.99                      1.31   1.68     1.58
  SINCE JAN 1      1.31                      0.50   0.81     1.15

DEGREE DAYS
 HEATING
  YESTERDAY       14                        10      4        9
  MONTH TO DATE  231                       245    -14      268
  SINCE DEC 1    537                       616    -79      664
  SINCE JUL 1    655                       783   -128      863

 COOLING
  YESTERDAY        0                         0      0        0
  MONTH TO DATE    0                         0      0        0
  SINCE DEC 1      2                         1      1        0
  SINCE JAN 1      0                         0      0        0
..................................................................


WIND (MPH)
  RESULTANT WIND SPEED   4   RESULTANT WIND DIRECTION   N (340)
  HIGHEST WIND SPEED    18   HIGHEST WIND DIRECTION    NW (330)
  HIGHEST GUST SPEED    26   HIGHEST GUST DIRECTION    NW (320)
  AVERAGE WIND SPEED     5.8


SKY COVER
  POSSIBLE SUNSHINE  MM
  AVERAGE SKY COVER 0.3


WEATHER CONDITIONS
 THE FOLLOWING WEATHER WAS RECORDED YESTERDAY.
  LIGHT RAIN
  FOG


RELATIVE HUMIDITY (PERCENT)
 HIGHEST   100           200 AM
 LOWEST     51          1000 AM
 AVERAGE    76

..........................................................


THE THERMAL AIRPORT CA CLIMATE NORMALS FOR TODAY
                         NORMAL    RECORD    YEAR
 MAXIMUM TEMPERATURE (F)   72        91      1951
 MINIMUM TEMPERATURE (F)   38        27      1973


SUNRISE AND SUNSET
JANUARY 24 2017.......SUNRISE   646 AM PST   SUNSET   508 PM PST
JANUARY 25 2017.......SUNRISE   645 AM PST   SUNSET   509 PM PST


-  INDICATES NEGATIVE NUMBERS.
R  INDICATES RECORD WAS SET OR TIED.
MM INDICATES DATA IS MISSING.
T  INDICATES TRACE AMOUNT.




$$
