000
CDUS46 KSGX 051432
CLITRM


CLIMATE REPORT
NATIONAL WEATHER SERVICE SAN DIEGO, CA
732 AM PDT THU MAY 5 2016


...................................

...THE THERMAL AIRPORT CA CLIMATE SUMMARY FOR MAY 4 2016...

CLIMATE NORMAL PERIOD 1981 TO 2010
CLIMATE RECORD PERIOD 1950 TO 2016


WEATHER ITEM   OBSERVED TIME   RECORD YEAR NORMAL DEPARTURE LAST
                VALUE   (LST)  VALUE       VALUE  FROM      YEAR
                                                  NORMAL
..................................................................
TEMPERATURE (F)
 YESTERDAY
  MAXIMUM         99    333 PM 103    1990  92      7       89
  MINIMUM         61    248 AM  48    1964  59      2       62
  AVERAGE         80                        76      4       76

PRECIPITATION (IN)
  YESTERDAY        0.00          0.13 1982   0.00   0.00     0.00
  MONTH TO DATE    0.00                      0.00   0.00     0.00
  SINCE OCT 1      1.98                      2.58  -0.60     0.77
  SINCE JAN 1      1.55                      1.77  -0.22     0.62

DEGREE DAYS
 HEATING
  YESTERDAY        0                         0      0        0
  MONTH TO DATE    0                         0      0        0
  SINCE MAR 1     22                       115    -93       44
  SINCE JUL 1   1047                      1180   -133      749

 COOLING
  YESTERDAY       15                        11      4       11
  MONTH TO DATE   48                        41      7       72
  SINCE MAR 1    428                       285    143      467
  SINCE JAN 1    493                       297    196      489
..................................................................


WIND (MPH)
  RESULTANT WIND SPEED   2   RESULTANT WIND DIRECTION  NE (50)
  HIGHEST WIND SPEED    24   HIGHEST WIND DIRECTION    NW (330)
  HIGHEST GUST SPEED    33   HIGHEST GUST DIRECTION     N (340)
  AVERAGE WIND SPEED    10.9


SKY COVER
  POSSIBLE SUNSHINE  MM
  AVERAGE SKY COVER 0.0


WEATHER CONDITIONS
 THE FOLLOWING WEATHER WAS RECORDED YESTERDAY.
  NO SIGNIFICANT WEATHER WAS OBSERVED.


RELATIVE HUMIDITY (PERCENT)
 HIGHEST    46           300 AM
 LOWEST      8           100 PM
 AVERAGE    27

..........................................................


THE THERMAL AIRPORT CA CLIMATE NORMALS FOR TODAY
                         NORMAL    RECORD    YEAR
 MAXIMUM TEMPERATURE (F)   92       105      1958
 MINIMUM TEMPERATURE (F)   59        46      1964


SUNRISE AND SUNSET
MAY  5 2016...........SUNRISE   552 AM PDT   SUNSET   731 PM PDT
MAY  6 2016...........SUNRISE   551 AM PDT   SUNSET   732 PM PDT


-  INDICATES NEGATIVE NUMBERS.
R  INDICATES RECORD WAS SET OR TIED.
MM INDICATES DATA IS MISSING.
T  INDICATES TRACE AMOUNT.




$$
