000
CDUS46 KSGX 210017
CLITRM


CLIMATE REPORT
NATIONAL WEATHER SERVICE SAN DIEGO, CA
517 PM PDT SUN APR 20 2014


...................................

...THE THERMAL AIRPORT CA CLIMATE SUMMARY FOR APRIL 20 2014...
VALID TODAY AS OF 0500 PM LOCAL TIME.

CLIMATE NORMAL PERIOD 1981 TO 2010
CLIMATE RECORD PERIOD 1950 TO 2014


WEATHER ITEM   OBSERVED TIME   RECORD YEAR NORMAL DEPARTURE LAST
                VALUE   (LST)  VALUE       VALUE  FROM      YEAR
                                                  NORMAL
..................................................................
TEMPERATURE (F)
 TODAY
  MAXIMUM         94    302 PM 106    1958  88      6       95
  MINIMUM         58    458 AM  40    2000  54      4       45
  AVERAGE         76                        71      5       70

PRECIPITATION (IN)
  TODAY            0.00          0.02 1957   0.00   0.00     0.00
  MONTH TO DATE    0.00                      0.05  -0.05     0.00
  SINCE JUL 1      1.55                      3.14  -1.59     2.62
  SINCE JAN 1      0.08                      1.76  -1.68     0.44

SNOWFALL (IN)
  TODAY            0.0
  MONTH TO DATE    0.0
  SINCE JAN 1      0.0
  SINCE JUL 1      0.0
  SNOW DEPTH       0

DEGREE DAYS
 HEATING
  TODAY            0                         0      0        0
  MONTH TO DATE    9                        19    -10        2
  SINCE MAR 1     32                       111    -79       36
  SINCE JUL 1    821                      1176   -355     1124

 COOLING
  TODAY           11                         7      4        5
  MONTH TO DATE  158                       101     57      130
  SINCE MAR 1    262                       163     99      292
  SINCE JAN 1    272                       175     97      292
..................................................................


WIND (MPH)
  RESULTANT WIND SPEED   3   RESULTANT WIND DIRECTION  SE (130)
  HIGHEST WIND SPEED    15   HIGHEST WIND DIRECTION    SE (120)
  HIGHEST GUST SPEED    19   HIGHEST GUST DIRECTION    SE (150)
  AVERAGE WIND SPEED     5.3


SKY COVER
  POSSIBLE SUNSHINE  MM
  AVERAGE SKY COVER 0.0


WEATHER CONDITIONS
 THE FOLLOWING WEATHER WAS RECORDED TODAY.
  NO SIGNIFICANT WEATHER WAS OBSERVED.


RELATIVE HUMIDITY (PERCENT)
 HIGHEST    64           600 AM
 LOWEST     17           300 PM
 AVERAGE    41

..........................................................


THE THERMAL AIRPORT CA CLIMATE NORMALS FOR TOMORROW
                         NORMAL    RECORD    YEAR
 MAXIMUM TEMPERATURE (F)   89       107      2012
                                             2009
 MINIMUM TEMPERATURE (F)   55        45      2002


SUNRISE AND SUNSET
APRIL 20 2014.........SUNRISE   608 AM PDT   SUNSET   719 PM PDT
APRIL 21 2014.........SUNRISE   607 AM PDT   SUNSET   720 PM PDT


-  INDICATES NEGATIVE NUMBERS.
R  INDICATES RECORD WAS SET OR TIED.
MM INDICATES DATA IS MISSING.
T  INDICATES TRACE AMOUNT.




$$
