000
CDUS46 KSGX 200016
CLITRM


CLIMATE REPORT
NATIONAL WEATHER SERVICE SAN DIEGO, CA
415 PM PST FRI DEC 19 2014


...................................

...THE THERMAL AIRPORT CA CLIMATE SUMMARY FOR DECEMBER 19 2014...
VALID TODAY AS OF 0400 PM LOCAL TIME.

CLIMATE NORMAL PERIOD 1981 TO 2010
CLIMATE RECORD PERIOD 1950 TO 2014


WEATHER ITEM   OBSERVED TIME   RECORD YEAR NORMAL DEPARTURE LAST
                VALUE   (LST)  VALUE       VALUE  FROM      YEAR
                                                  NORMAL
..................................................................
TEMPERATURE (F)
 TODAY
  MAXIMUM         68    229 PM  83    1999  69     -1       70
  MINIMUM         36    413 AM  21    1996  36      0       39
  AVERAGE         52                        52      0       55

PRECIPITATION (IN)
  TODAY            0.00          0.19 1991   0.01  -0.01     0.01
  MONTH TO DATE    0.13                      0.19  -0.06     0.01
  SINCE JUL 1      0.58                      1.22  -0.64     1.47
  SINCE JAN 1      0.66                      3.04  -2.38     1.91

SNOWFALL (IN)
  TODAY            0.0
  MONTH TO DATE    0.0
  SINCE JAN 1      0.0
  SINCE JUL 1      0.0
  SNOW DEPTH       0

DEGREE DAYS
 HEATING
  TODAY           13                        13      0       10
  MONTH TO DATE  123                       225   -102      247
  SINCE DEC 1    123                       225   -102      247
  SINCE JUL 1    232                       392   -160      356

 COOLING
  TODAY            0                         0      0        0
  MONTH TO DATE    3                         0      3        0
  SINCE DEC 1      3                         0      3        0
  SINCE JAN 1   4261                      3686    575     4072
..................................................................


WIND (MPH)
  RESULTANT WIND SPEED   2   RESULTANT WIND DIRECTION   N (20)
  HIGHEST WIND SPEED     8   HIGHEST WIND DIRECTION    NW (330)
  HIGHEST GUST SPEED     9   HIGHEST GUST DIRECTION    SE (150)
  AVERAGE WIND SPEED     3.9


SKY COVER
  POSSIBLE SUNSHINE  MM
  AVERAGE SKY COVER 0.0


WEATHER CONDITIONS
 THE FOLLOWING WEATHER WAS RECORDED TODAY.
  NO SIGNIFICANT WEATHER WAS OBSERVED.


RELATIVE HUMIDITY (PERCENT)
 HIGHEST    92           100 AM
 LOWEST     34           200 PM
 AVERAGE    63

..........................................................


THE THERMAL AIRPORT CA CLIMATE NORMALS FOR TOMORROW
                         NORMAL    RECORD    YEAR
 MAXIMUM TEMPERATURE (F)   69        84      1972
 MINIMUM TEMPERATURE (F)   36        18      1992


SUNRISE AND SUNSET
DECEMBER 19 2014......SUNRISE   644 AM PST   SUNSET   440 PM PST
DECEMBER 20 2014......SUNRISE   645 AM PST   SUNSET   440 PM PST


-  INDICATES NEGATIVE NUMBERS.
R  INDICATES RECORD WAS SET OR TIED.
MM INDICATES DATA IS MISSING.
T  INDICATES TRACE AMOUNT.




$$
