000
CDUS46 KSGX 301418
CLITRM


CLIMATE REPORT
NATIONAL WEATHER SERVICE SAN DIEGO, CA
718 AM PDT SAT AUG 30 2014


...................................

...THE THERMAL AIRPORT CA CLIMATE SUMMARY FOR AUGUST 29 2014...

CLIMATE NORMAL PERIOD 1981 TO 2010
CLIMATE RECORD PERIOD 1950 TO 2014


WEATHER ITEM   OBSERVED TIME   RECORD YEAR NORMAL DEPARTURE LAST
                VALUE   (LST)  VALUE       VALUE  FROM      YEAR
                                                  NORMAL
..................................................................
TEMPERATURE (F)
 YESTERDAY
  MAXIMUM        114    215 PM 117    2007 105      9       96
                                      1984
  MINIMUM         78    522 AM  59    2002  72      6       80
  AVERAGE         96                        88      8       88

PRECIPITATION (IN)
  YESTERDAY        0.00          0.24 2000   0.01  -0.01     0.00
  MONTH TO DATE    0.32                      0.18   0.14     1.17
  SINCE JUL 1      0.32                      0.32   0.00     1.25
  SINCE JAN 1      0.40                      2.14  -1.74     1.69

SNOWFALL (IN)
  YESTERDAY        0.0
  MONTH TO DATE    0.0
  SINCE JAN 1      0.0
  SINCE JUL 1      0.0
  SNOW DEPTH       0

DEGREE DAYS
 HEATING
  YESTERDAY        0                         0      0        0
  MONTH TO DATE    0                         0      0        0
  SINCE JUN 1      0                         0      0        0
  SINCE JUL 1      0                         0      0        0

 COOLING
  YESTERDAY       31                        23      8       23
  MONTH TO DATE  724                       720      4      715
  SINCE JUN 1   2324                      2114    210     2326
  SINCE JAN 1   3146                      2787    359     3233
..................................................................


WIND (MPH)
  RESULTANT WIND SPEED   3   RESULTANT WIND DIRECTION   N (340)
  HIGHEST WIND SPEED    14   HIGHEST WIND DIRECTION     N (340)
  HIGHEST GUST SPEED    20   HIGHEST GUST DIRECTION    NW (330)
  AVERAGE WIND SPEED     6.8


SKY COVER
  POSSIBLE SUNSHINE  MM
  AVERAGE SKY COVER 0.0


WEATHER CONDITIONS
 THE FOLLOWING WEATHER WAS RECORDED YESTERDAY.
  NO SIGNIFICANT WEATHER WAS OBSERVED.


RELATIVE HUMIDITY (PERCENT)
 HIGHEST    35           600 AM
 LOWEST      7           100 PM
 AVERAGE    21

..........................................................


THE THERMAL AIRPORT CA CLIMATE NORMALS FOR TODAY
                         NORMAL    RECORD    YEAR
 MAXIMUM TEMPERATURE (F)  105       117      1984
 MINIMUM TEMPERATURE (F)   72        62      2002


SUNRISE AND SUNSET
AUGUST 30 2014........SUNRISE   617 AM PDT   SUNSET   713 PM PDT
AUGUST 31 2014........SUNRISE   618 AM PDT   SUNSET   711 PM PDT


-  INDICATES NEGATIVE NUMBERS.
R  INDICATES RECORD WAS SET OR TIED.
MM INDICATES DATA IS MISSING.
T  INDICATES TRACE AMOUNT.




$$
