000
CDUS46 KSGX 301419
CLITRM


CLIMATE REPORT
NATIONAL WEATHER SERVICE SAN DIEGO, CA
719 AM PDT SAT JUL 30 2016


...................................

...THE THERMAL AIRPORT CA CLIMATE SUMMARY FOR JULY 29 2016...

CLIMATE NORMAL PERIOD 1981 TO 2010
CLIMATE RECORD PERIOD 1950 TO 2016


WEATHER ITEM   OBSERVED TIME   RECORD YEAR NORMAL DEPARTURE LAST
                VALUE   (LST)  VALUE       VALUE  FROM      YEAR
                                                  NORMAL
..................................................................
TEMPERATURE (F)
 YESTERDAY
  MAXIMUM        110    356 PM 114    1996 107      3      105
  MINIMUM         80    411 AM  66    2004  75      5       79
                                      1983
  AVERAGE         95                        91      4       92

PRECIPITATION (IN)
  YESTERDAY        0.00          T    2003   0.01  -0.01      T
                                      2003
                                      2015
  MONTH TO DATE    0.00                      0.13  -0.13     0.84
  SINCE OCT 1      1.98                      2.76  -0.78     1.68
  SINCE JAN 1      1.55                      1.95  -0.40     1.53

DEGREE DAYS
 HEATING
  YESTERDAY        0                         0      0        0
  MONTH TO DATE    0                         0      0        0
  SINCE JUN 1      0                         0      0        0
  SINCE JUL 1      0                         0      0        0

 COOLING
  YESTERDAY       30                        26      4       27
  MONTH TO DATE  801                       737     64      741
  SINCE JUN 1   1562                      1345    217     1414
  SINCE JAN 1   2439                      2018    421     2168
..................................................................


WIND (MPH)
  RESULTANT WIND SPEED   4   RESULTANT WIND DIRECTION  SE (150)
  HIGHEST WIND SPEED    13   HIGHEST WIND DIRECTION    SE (140)
  HIGHEST GUST SPEED    17   HIGHEST GUST DIRECTION    SE (130)
  AVERAGE WIND SPEED     5.8


SKY COVER
  POSSIBLE SUNSHINE  MM
  AVERAGE SKY COVER 0.0


WEATHER CONDITIONS
 THE FOLLOWING WEATHER WAS RECORDED YESTERDAY.
  HAZE


RELATIVE HUMIDITY (PERCENT)
 HIGHEST    63           300 AM
 LOWEST     21           400 PM
 AVERAGE    42

..........................................................


THE THERMAL AIRPORT CA CLIMATE NORMALS FOR TODAY
                         NORMAL    RECORD    YEAR
 MAXIMUM TEMPERATURE (F)  107       118      1996
 MINIMUM TEMPERATURE (F)   75        63      1998


SUNRISE AND SUNSET
JULY 30 2016..........SUNRISE   556 AM PDT   SUNSET   746 PM PDT
JULY 31 2016..........SUNRISE   557 AM PDT   SUNSET   745 PM PDT


-  INDICATES NEGATIVE NUMBERS.
R  INDICATES RECORD WAS SET OR TIED.
MM INDICATES DATA IS MISSING.
T  INDICATES TRACE AMOUNT.




$$
