000
CDUS46 KSGX 231150
CLITRM


CLIMATE REPORT
NATIONAL WEATHER SERVICE SAN DIEGO, CA
450 AM PDT WED AUG 23 2017


...................................

...THE THERMAL AIRPORT CA CLIMATE SUMMARY FOR AUGUST 22 2017...

CLIMATE NORMAL PERIOD 1981 TO 2010
CLIMATE RECORD PERIOD 1950 TO 2017


WEATHER ITEM   OBSERVED TIME   RECORD YEAR NORMAL DEPARTURE LAST
                VALUE   (LST)  VALUE       VALUE  FROM      YEAR
                                                  NORMAL
..................................................................
TEMPERATURE (F)
 YESTERDAY
  MAXIMUM        110    100 PM 118    1969 106      4      106
  MINIMUM         68    444 AM  57    2002  73     -5       71
  AVERAGE         89                        89      0       89

PRECIPITATION (IN)
  YESTERDAY        0.00          0.17 2012   0.00   0.00     0.00
  MONTH TO DATE    0.07                      0.12  -0.05     0.00
  SINCE OCT 1      3.76                      2.89   0.87     1.98
  SINCE JAN 1      2.08                      2.08   0.00     1.55

DEGREE DAYS
 HEATING
  YESTERDAY        0                         0      0        0
  MONTH TO DATE    0                         0      0        0
  SINCE JUN 1      0                         0      0        0
  SINCE JUL 1      0                         0      0        0

 COOLING
  YESTERDAY       24                        24      0       24
  MONTH TO DATE  609                       553     56      614
  SINCE JUN 1   2225                      1947    278     2232
  SINCE JAN 1   3199                      2620    579     3109
..................................................................


WIND (MPH)
  RESULTANT WIND SPEED   0   RESULTANT WIND DIRECTION   E (70)
  HIGHEST WIND SPEED    15   HIGHEST WIND DIRECTION    NW (310)
  HIGHEST GUST SPEED    20   HIGHEST GUST DIRECTION    SE (150)
  AVERAGE WIND SPEED     6.3


SKY COVER
  POSSIBLE SUNSHINE  MM
  AVERAGE SKY COVER 0.0


WEATHER CONDITIONS
 THE FOLLOWING WEATHER WAS RECORDED YESTERDAY.
  NO SIGNIFICANT WEATHER WAS OBSERVED.


RELATIVE HUMIDITY (PERCENT)
 HIGHEST    61           500 AM
 LOWEST     13          1100 AM
 AVERAGE    37

..........................................................


THE THERMAL AIRPORT CA CLIMATE NORMALS FOR TODAY
                         NORMAL    RECORD    YEAR
 MAXIMUM TEMPERATURE (F)  106       117      1969
 MINIMUM TEMPERATURE (F)   73        59      1980


SUNRISE AND SUNSET
AUGUST 23 2017........SUNRISE   613 AM PDT   SUNSET   721 PM PDT
AUGUST 24 2017........SUNRISE   613 AM PDT   SUNSET   720 PM PDT


-  INDICATES NEGATIVE NUMBERS.
R  INDICATES RECORD WAS SET OR TIED.
MM INDICATES DATA IS MISSING.
T  INDICATES TRACE AMOUNT.




$$
