000
CDUS46 KSGX 302321
CLITRM


CLIMATE REPORT
NATIONAL WEATHER SERVICE SAN DIEGO, CA
421 PM PDT SUN APR 30 2017


...................................

...THE THERMAL AIRPORT CA CLIMATE SUMMARY FOR APRIL 30 2017...
VALID TODAY AS OF 0400 PM LOCAL TIME.

CLIMATE NORMAL PERIOD 1981 TO 2010
CLIMATE RECORD PERIOD 1950 TO 2017


WEATHER ITEM   OBSERVED TIME   RECORD YEAR NORMAL DEPARTURE LAST
                VALUE   (LST)  VALUE       VALUE  FROM      YEAR
                                                  NORMAL
..................................................................
TEMPERATURE (F)
 TODAY
  MAXIMUM         94    244 PM 104    1965  91      3       82
  MINIMUM         46R   421 AM  46    1996  58    -12       65
  AVERAGE         70                        74     -4       74

PRECIPITATION (IN)
  TODAY            0.00          0.03 1999   0.00   0.00     0.00
  MONTH TO DATE    0.00                      0.06  -0.06     0.35
  SINCE OCT 1      3.69                      2.58   1.11     1.98
  SINCE JAN 1      2.01                      1.77   0.24     1.55

DEGREE DAYS
 HEATING
  TODAY            0                         0      0        0
  MONTH TO DATE    0                        19    -19        0
  SINCE MAR 1     34                       115    -81       22
  SINCE JUL 1    899                      1180   -281     1047

 COOLING
  TODAY            5                         9     -4        9
  MONTH TO DATE  293                       182    111      252
  SINCE MAR 1    483                       244    239      380
  SINCE JAN 1    515                       256    259      445
..................................................................


WIND (MPH)
  RESULTANT WIND SPEED   2   RESULTANT WIND DIRECTION  NE (60)
  HIGHEST WIND SPEED    13   HIGHEST WIND DIRECTION    SE (130)
  HIGHEST GUST SPEED    20   HIGHEST GUST DIRECTION     E (100)
  AVERAGE WIND SPEED     5.8


SKY COVER
  POSSIBLE SUNSHINE  MM
  AVERAGE SKY COVER 0.0


WEATHER CONDITIONS
 THE FOLLOWING WEATHER WAS RECORDED TODAY.
  NO SIGNIFICANT WEATHER WAS OBSERVED.


RELATIVE HUMIDITY (PERCENT)
 HIGHEST    50           300 AM
 LOWEST      5           200 PM
 AVERAGE    28

..........................................................


THE THERMAL AIRPORT CA CLIMATE NORMALS FOR TOMORROW
                         NORMAL    RECORD    YEAR
 MAXIMUM TEMPERATURE (F)   91       105      1985
 MINIMUM TEMPERATURE (F)   58        42      2011
                                             1999


SUNRISE AND SUNSET
APRIL 30 2017.........SUNRISE   557 AM PDT   SUNSET   727 PM PDT
MAY  1 2017...........SUNRISE   556 AM PDT   SUNSET   728 PM PDT


-  INDICATES NEGATIVE NUMBERS.
R  INDICATES RECORD WAS SET OR TIED.
MM INDICATES DATA IS MISSING.
T  INDICATES TRACE AMOUNT.




$$
