000
CDUS46 KPQR 211146
CLITTD


CLIMATE REPORT
NATIONAL WEATHER SERVICE PORTLAND OREGON
445 AM PDT TUE OCT 21 2014


...................................

...THE TROUTDALE OR CLIMATE SUMMARY FOR OCTOBER 20 2014...

CLIMATE NORMAL PERIOD 1981 TO 2010
CLIMATE RECORD PERIOD 9999 TO 9999


WEATHER ITEM   OBSERVED TIME   NORMAL DEPARTURE LAST
                VALUE   (LST)  VALUE  FROM      YEAR
                                      NORMAL
......................................................
TEMPERATURE (F)
 YESTERDAY
  MAXIMUM         66    248 PM  62      4       63
  MINIMUM         49   1018 PM  43      6       39
  AVERAGE         58            52      6       51

PRECIPITATION (IN)
  YESTERDAY        0.21          0.14   0.07     0.00
  MONTH TO DATE    1.56          2.07  -0.51     1.32
  SINCE OCT 1      1.56          2.07  -0.51     1.32
  SINCE JAN 1     24.26         30.64  -6.38    22.24

DEGREE DAYS
 HEATING
  YESTERDAY        7            13     -6       14
  MONTH TO DATE   73           193   -120      231

 COOLING
  YESTERDAY        0             0      0        0
  MONTH TO DATE   12             0     12        0
......................................................


WIND (MPH)
  HIGHEST WIND SPEED    14   HIGHEST WIND DIRECTION    SW (220)
  HIGHEST GUST SPEED    17   HIGHEST GUST DIRECTION     S (170)
  AVERAGE WIND SPEED     3.8


SKY COVER
  POSSIBLE SUNSHINE  MM
  AVERAGE SKY COVER 0.9


WEATHER CONDITIONS
 THE FOLLOWING WEATHER WAS RECORDED YESTERDAY.
  LIGHT RAIN
  FOG


RELATIVE HUMIDITY (PERCENT)
 HIGHEST    96          1000 PM
 LOWEST     56           400 PM
 AVERAGE    76

..........................................................


THE TROUTDALE OR CLIMATE NORMALS FOR TODAY
                         NORMAL    RECORD    YEAR
 MAXIMUM TEMPERATURE (F)   62        81      2003
 MINIMUM TEMPERATURE (F)   43        28      1949


SUNRISE AND SUNSET
OCTOBER 21 2014.......SUNRISE   734 AM PDT   SUNSET   614 PM PDT
OCTOBER 22 2014.......SUNRISE   736 AM PDT   SUNSET   612 PM PDT


-  INDICATES NEGATIVE NUMBERS.
R  INDICATES RECORD WAS SET OR TIED.
MM INDICATES DATA IS MISSING.
T  INDICATES TRACE AMOUNT.




$$
