000
CDUS46 KPQR 181141
CLITTD


CLIMATE REPORT
NATIONAL WEATHER SERVICE PORTLAND OREGON
440 AM PDT FRI APR 18 2014


...................................

...THE TROUTDALE OR CLIMATE SUMMARY FOR APRIL 17 2014...

CLIMATE NORMAL PERIOD 1981 TO 2010
CLIMATE RECORD PERIOD 1948 TO 2014


WEATHER ITEM   OBSERVED TIME   RECORD YEAR NORMAL DEPARTURE LAST
                VALUE   (LST)  VALUE       VALUE  FROM      YEAR
                                                  NORMAL
..................................................................
TEMPERATURE (F)
 YESTERDAY
  MAXIMUM         56    503 PM  77    1994  62     -6       61
  MINIMUM         48   1159 PM  31    2011  41      7       33
                                      1977
  AVERAGE         52                        52      0       47

PRECIPITATION (IN)
  YESTERDAY        0.42          0.70 2003   0.13   0.29      T
  MONTH TO DATE    1.36                      2.27  -0.91     2.31
  SINCE OCT 1     20.57                     36.58 -16.01    28.79
  SINCE JAN 1     12.98                     18.18  -5.20     8.81

DEGREE DAYS
 HEATING
  YESTERDAY       13                        14     -1       18
  MONTH TO DATE  185                       246    -61      247

 COOLING
  YESTERDAY        0                         0      0        0
  MONTH TO DATE    0                         0      0        0
..................................................................


WIND (MPH)
  HIGHEST WIND SPEED    17   HIGHEST WIND DIRECTION    SW (210)
  HIGHEST GUST SPEED    24   HIGHEST GUST DIRECTION    SW (220)
  AVERAGE WIND SPEED     5.9


SKY COVER
  POSSIBLE SUNSHINE  MM
  AVERAGE SKY COVER 1.0


WEATHER CONDITIONS
 THE FOLLOWING WEATHER WAS RECORDED YESTERDAY.
  LIGHT RAIN
  FOG


RELATIVE HUMIDITY (PERCENT)
 HIGHEST    96           800 AM
 LOWEST     77           200 PM
 AVERAGE    87

..........................................................


THE TROUTDALE OR CLIMATE NORMALS FOR TODAY
                         NORMAL    RECORD    YEAR
 MAXIMUM TEMPERATURE (F)   62        79      1983
 MINIMUM TEMPERATURE (F)   41        30      1964


SUNRISE AND SUNSET
APRIL 18 2014.........SUNRISE   619 AM PDT   SUNSET   800 PM PDT
APRIL 19 2014.........SUNRISE   617 AM PDT   SUNSET   801 PM PDT


-  INDICATES NEGATIVE NUMBERS.
R  INDICATES RECORD WAS SET OR TIED.
MM INDICATES DATA IS MISSING.
T  INDICATES TRACE AMOUNT.




$$
