000
CDUS46 KPQR 021141
CLITTD


CLIMATE REPORT
NATIONAL WEATHER SERVICE PORTLAND OREGON
341 AM PST FRI DEC 2 2016


...................................

...THE TROUTDALE OR CLIMATE SUMMARY FOR DECEMBER 1 2016...

CLIMATE NORMAL PERIOD 1981 TO 2010
CLIMATE RECORD PERIOD 1948 TO 2016


WEATHER ITEM   OBSERVED TIME   RECORD YEAR NORMAL DEPARTURE LAST
                VALUE   (LST)  VALUE       VALUE  FROM      YEAR
                                                  NORMAL
..................................................................
TEMPERATURE (F)
 YESTERDAY
  MAXIMUM         48    330 PM  62    1966  47      1       38
  MINIMUM         40    355 AM  13    1985  36      4       33
  AVERAGE         44                        42      2       36

PRECIPITATION (IN)
  YESTERDAY        0.02                      0.24  -0.22     0.26
  MONTH TO DATE    0.02                      0.24  -0.22     0.26
  SINCE OCT 1     17.98                     11.47   6.51     9.05
  SINCE JAN 1     40.49                     40.04   0.45    26.16

DEGREE DAYS
 HEATING
  YESTERDAY       21                        24     -3       29
  MONTH TO DATE   21                        24     -3       29

 COOLING
  YESTERDAY        0                         0      0        0
  MONTH TO DATE    0                         0      0        0
..................................................................


WIND (MPH)
  HIGHEST WIND SPEED     8   HIGHEST WIND DIRECTION    SW (220)
  HIGHEST GUST SPEED    10   HIGHEST GUST DIRECTION    SW (220)
  AVERAGE WIND SPEED     1.8


SKY COVER
  POSSIBLE SUNSHINE  MM
  AVERAGE SKY COVER 1.0


WEATHER CONDITIONS
 THE FOLLOWING WEATHER WAS RECORDED YESTERDAY.
  RAIN
  LIGHT RAIN
  FOG


RELATIVE HUMIDITY (PERCENT)
 HIGHEST   100           400 AM
 LOWEST     77           300 PM
 AVERAGE    89

..........................................................


THE TROUTDALE OR CLIMATE NORMALS FOR TODAY
                         NORMAL    RECORD    YEAR
 MAXIMUM TEMPERATURE (F)   47        64      1975
 MINIMUM TEMPERATURE (F)   35         9      1985


SUNRISE AND SUNSET
DECEMBER  2 2016......SUNRISE   731 AM PST   SUNSET   427 PM PST
DECEMBER  3 2016......SUNRISE   732 AM PST   SUNSET   427 PM PST


-  INDICATES NEGATIVE NUMBERS.
R  INDICATES RECORD WAS SET OR TIED.
MM INDICATES DATA IS MISSING.
T  INDICATES TRACE AMOUNT.




$$
