000
CDUS46 KPQR 191143
CLITTD


CLIMATE REPORT
NATIONAL WEATHER SERVICE PORTLAND OREGON
442 AM PDT FRI SEP 19 2014


...................................

...THE TROUTDALE OR CLIMATE SUMMARY FOR SEPTEMBER 18 2014...

CLIMATE NORMAL PERIOD 1981 TO 2010
CLIMATE RECORD PERIOD 9999 TO 9999


WEATHER ITEM   OBSERVED TIME   NORMAL DEPARTURE LAST
                VALUE   (LST)  VALUE  FROM      YEAR
                                      NORMAL
......................................................
TEMPERATURE (F)
 YESTERDAY
  MAXIMUM         74    420 PM  76     -2       73
  MINIMUM         59    304 AM  49     10       50
  AVERAGE         67            62      5       62

PRECIPITATION (IN)
  YESTERDAY        0.05          0.06  -0.01      T
  MONTH TO DATE    0.05          0.92  -0.87     0.04
  SINCE OCT 1     29.32         46.04 -16.72    36.84
  SINCE JAN 1     21.73         27.64  -5.91    16.86

DEGREE DAYS
 HEATING
  YESTERDAY        0             4     -4        3
  MONTH TO DATE    3            47    -44        8

 COOLING
  YESTERDAY        2             1      1        0
  MONTH TO DATE   78            32     46       84
......................................................


WIND (MPH)
  HIGHEST WIND SPEED     7   HIGHEST WIND DIRECTION     W (250)
  HIGHEST GUST SPEED    13   HIGHEST GUST DIRECTION     W (260)
  AVERAGE WIND SPEED     1.6


SKY COVER
  POSSIBLE SUNSHINE  MM
  AVERAGE SKY COVER 0.9


WEATHER CONDITIONS
 THE FOLLOWING WEATHER WAS RECORDED YESTERDAY.
  LIGHT RAIN
  FOG
  HAZE


RELATIVE HUMIDITY (PERCENT)
 HIGHEST    90           700 AM
 LOWEST     61           200 PM
 AVERAGE    76

..........................................................


THE TROUTDALE OR CLIMATE NORMALS FOR TODAY
                         NORMAL    RECORD    YEAR
 MAXIMUM TEMPERATURE (F)   75        91      1991
 MINIMUM TEMPERATURE (F)   49        36      1989


SUNRISE AND SUNSET
SEPTEMBER 19 2014.....SUNRISE   653 AM PDT   SUNSET   713 PM PDT
SEPTEMBER 20 2014.....SUNRISE   654 AM PDT   SUNSET   711 PM PDT


-  INDICATES NEGATIVE NUMBERS.
R  INDICATES RECORD WAS SET OR TIED.
MM INDICATES DATA IS MISSING.
T  INDICATES TRACE AMOUNT.




$$
