000
CDUS46 KPQR 301144
CLITTD


CLIMATE REPORT
NATIONAL WEATHER SERVICE PORTLAND OREGON
443 AM PDT MON MAR 30 2015


...................................

...THE TROUTDALE OR CLIMATE SUMMARY FOR MARCH 29 2015...

CLIMATE NORMAL PERIOD 1981 TO 2010
CLIMATE RECORD PERIOD 1948 TO 2015


WEATHER ITEM   OBSERVED TIME   RECORD YEAR NORMAL DEPARTURE LAST
                VALUE   (LST)  VALUE       VALUE  FROM      YEAR
                                                  NORMAL
..................................................................
TEMPERATURE (F)
 YESTERDAY
  MAXIMUM         69    355 PM  76    1994  59     10       57
  MINIMUM         42    616 AM  31    2008  40      2       44
  AVERAGE         56                        49      7       51

PRECIPITATION (IN)
  YESTERDAY        0.00                      0.14  -0.14     0.37
  MONTH TO DATE    3.83                      4.35  -0.52     5.21
  SINCE OCT 1     24.67                     34.02  -9.35    18.86
  SINCE JAN 1      9.71                     15.62  -5.91    11.27

DEGREE DAYS
 HEATING
  YESTERDAY        9                        16     -7       14
  MONTH TO DATE  355                       515   -160      441

 COOLING
  YESTERDAY        0                         0      0        0
  MONTH TO DATE    0                         0      0        0
..................................................................


WIND (MPH)
  HIGHEST WIND SPEED     8   HIGHEST WIND DIRECTION     E (100)
  HIGHEST GUST SPEED     9   HIGHEST GUST DIRECTION     N (10)
  AVERAGE WIND SPEED     3.0


SKY COVER
  POSSIBLE SUNSHINE  MM
  AVERAGE SKY COVER 0.2


WEATHER CONDITIONS
 THE FOLLOWING WEATHER WAS RECORDED YESTERDAY.
  NO SIGNIFICANT WEATHER WAS OBSERVED.


RELATIVE HUMIDITY (PERCENT)
 HIGHEST    92           600 AM
 LOWEST     32           400 PM
 AVERAGE    62

..........................................................


THE TROUTDALE OR CLIMATE NORMALS FOR TODAY
                         NORMAL    RECORD    YEAR
 MAXIMUM TEMPERATURE (F)   59        75      2003
 MINIMUM TEMPERATURE (F)   40        28      1968


SUNRISE AND SUNSET
MARCH 30 2015.........SUNRISE   654 AM PDT   SUNSET   735 PM PDT
MARCH 31 2015.........SUNRISE   652 AM PDT   SUNSET   736 PM PDT


-  INDICATES NEGATIVE NUMBERS.
R  INDICATES RECORD WAS SET OR TIED.
MM INDICATES DATA IS MISSING.
T  INDICATES TRACE AMOUNT.




$$
