000
CDUS46 KPQR 261142
CLITTD


CLIMATE REPORT
NATIONAL WEATHER SERVICE PORTLAND OREGON
442 AM PDT TUE JUL 26 2016


...................................

...THE TROUTDALE OR CLIMATE SUMMARY FOR JULY 25 2016...

CLIMATE NORMAL PERIOD 1981 TO 2010
CLIMATE RECORD PERIOD 1948 TO 2016


WEATHER ITEM   OBSERVED TIME   RECORD YEAR NORMAL DEPARTURE LAST
                VALUE   (LST)  VALUE       VALUE  FROM      YEAR
                                                  NORMAL
..................................................................
TEMPERATURE (F)
 YESTERDAY
  MAXIMUM         87    536 PM 102    1965  83      4       69
  MINIMUM         59    517 AM  42    1956  55      4       59
  AVERAGE         73                        69      4       64

PRECIPITATION (IN)
  YESTERDAY        0.00                      0.01  -0.01     0.24
  MONTH TO DATE    0.76                      0.65   0.11     0.33
  SINCE OCT 1     40.05                     44.17  -4.12    29.30
  SINCE JAN 1     20.23                     25.77  -5.54    14.34

DEGREE DAYS
 HEATING
  YESTERDAY        0                         1     -1        1
  MONTH TO DATE    6                        30    -24        1

 COOLING
  YESTERDAY        8                         5      3        0
  MONTH TO DATE   79                        86     -7      223
..................................................................


WIND (MPH)
  HIGHEST WIND SPEED    12   HIGHEST WIND DIRECTION    NW (310)
  HIGHEST GUST SPEED    19   HIGHEST GUST DIRECTION    NW (320)
  AVERAGE WIND SPEED     4.2


SKY COVER
  POSSIBLE SUNSHINE  MM
  AVERAGE SKY COVER 0.1


WEATHER CONDITIONS
 THE FOLLOWING WEATHER WAS RECORDED YESTERDAY.
  NO SIGNIFICANT WEATHER WAS OBSERVED.


RELATIVE HUMIDITY (PERCENT)
 HIGHEST    93           400 AM
 LOWEST     43           300 PM
 AVERAGE    68

..........................................................


THE TROUTDALE OR CLIMATE NORMALS FOR TODAY
                         NORMAL    RECORD    YEAR
 MAXIMUM TEMPERATURE (F)   83       102      1988
 MINIMUM TEMPERATURE (F)   55        40      1989


SUNRISE AND SUNSET
JULY 26 2016..........SUNRISE   547 AM PDT   SUNSET   844 PM PDT
JULY 27 2016..........SUNRISE   548 AM PDT   SUNSET   843 PM PDT


-  INDICATES NEGATIVE NUMBERS.
R  INDICATES RECORD WAS SET OR TIED.
MM INDICATES DATA IS MISSING.
T  INDICATES TRACE AMOUNT.




$$
