000
CDUS46 KPQR 211141
CLITTD


CLIMATE REPORT
NATIONAL WEATHER SERVICE PORTLAND OREGON
441 AM PDT SAT OCT 21 2017


...................................

...THE TROUTDALE OR CLIMATE SUMMARY FOR OCTOBER 20 2017...

CLIMATE NORMAL PERIOD 1981 TO 2010
CLIMATE RECORD PERIOD 1948 TO 2017


WEATHER ITEM   OBSERVED TIME   RECORD YEAR NORMAL DEPARTURE LAST
                VALUE   (LST)  VALUE       VALUE  FROM      YEAR
                                                  NORMAL
..................................................................
TEMPERATURE (F)
 YESTERDAY
  MAXIMUM         57    230 PM  81    2003  62     -5       64
  MINIMUM         47   1159 PM  26    1949  43      4       54
  AVERAGE         52                        52      0       59

PRECIPITATION (IN)
  YESTERDAY        0.41                      0.14   0.27     0.27
  MONTH TO DATE    2.92                      2.07   0.85     8.71
  SINCE OCT 1      2.92                      2.07   0.85     8.71
  SINCE JAN 1     33.30                     30.64   2.66    31.22

DEGREE DAYS
 HEATING
  YESTERDAY       13                        13      0        6
  MONTH TO DATE  219                       193     26      166

 COOLING
  YESTERDAY        0                         0      0        0
  MONTH TO DATE    0                         0      0        0
..................................................................


WIND (MPH)
  HIGHEST WIND SPEED    20   HIGHEST WIND DIRECTION     S (200)
  HIGHEST GUST SPEED    28   HIGHEST GUST DIRECTION    SW (220)
  AVERAGE WIND SPEED     8.5


SKY COVER
  POSSIBLE SUNSHINE  MM
  AVERAGE SKY COVER 0.9


WEATHER CONDITIONS
 THE FOLLOWING WEATHER WAS RECORDED YESTERDAY.
  HEAVY RAIN
  RAIN
  LIGHT RAIN
  FOG


RELATIVE HUMIDITY (PERCENT)
 HIGHEST    86          1100 PM
 LOWEST     71          1200 PM
 AVERAGE    79

..........................................................


THE TROUTDALE OR CLIMATE NORMALS FOR TODAY
                         NORMAL    RECORD    YEAR
 MAXIMUM TEMPERATURE (F)   62        78      2003
 MINIMUM TEMPERATURE (F)   43        28      1949


SUNRISE AND SUNSET
OCTOBER 21 2017.......SUNRISE   735 AM PDT   SUNSET   613 PM PDT
OCTOBER 22 2017.......SUNRISE   736 AM PDT   SUNSET   611 PM PDT


-  INDICATES NEGATIVE NUMBERS.
R  INDICATES RECORD WAS SET OR TIED.
MM INDICATES DATA IS MISSING.
T  INDICATES TRACE AMOUNT.




$$
