000
CDUS41 KPHI 260647
CLITTN


CLIMATE REPORT
NATIONAL WEATHER SERVICE MOUNT HOLLY NJ
247 AM EDT SUN OCT 26 2014


...................................

...THE TRENTON NJ CLIMATE SUMMARY FOR OCTOBER 25 2014...

CLIMATE NORMAL PERIOD 1981 TO 2010
CLIMATE RECORD PERIOD 1865 TO 2014


WEATHER ITEM   OBSERVED TIME   RECORD YEAR NORMAL DEPARTURE LAST
                VALUE   (LST)  VALUE       VALUE  FROM      YEAR
                                                  NORMAL
..................................................................
TEMPERATURE (F)
 YESTERDAY
  MAXIMUM         68    404 PM  77    1963  62      6       54
  MINIMUM         39    558 AM  30    1891  41     -2       35
                                      1879
  AVERAGE         54                        52      2       45

PRECIPITATION (IN)
  YESTERDAY        0.00          2.67 1980   0.14  -0.14     0.00
  MONTH TO DATE    3.11                      3.44  -0.33     1.61
  SINCE SEP 1      4.16                      7.71  -3.55     3.22
  SINCE JAN 1     35.62                     38.69  -3.07    35.57

SNOWFALL (IN)
  YESTERDAY       MM            MM      MM  MM     MM       MM
  MONTH TO DATE   MM                        MM     MM       MM
  SINCE SEP 1     MM                        MM     MM       MM
  SINCE JUL 1     MM                        MM     MM       MM
  SNOW DEPTH      MM

DEGREE DAYS
 HEATING
  YESTERDAY       11                        13     -2       20
  MONTH TO DATE  175                       246    -71      165
  SINCE SEP 1    223                       308    -85      253
  SINCE JUL 1    223                       311    -88      253

 COOLING
  YESTERDAY        0                         0      0        0
  MONTH TO DATE   14                         7      7       36
  SINCE SEP 1    147                       106     41      127
  SINCE JAN 1    930                       962    -32     1077
..................................................................


WIND (MPH)
  HIGHEST WIND SPEED    16   HIGHEST WIND DIRECTION     W (270)
  HIGHEST GUST SPEED    25   HIGHEST GUST DIRECTION     W (280)
  AVERAGE WIND SPEED     5.8


SKY COVER
  POSSIBLE SUNSHINE  MM
  AVERAGE SKY COVER 0.1


WEATHER CONDITIONS
 THE FOLLOWING WEATHER WAS RECORDED YESTERDAY.
  NO SIGNIFICANT WEATHER WAS OBSERVED.


RELATIVE HUMIDITY (PERCENT)
 HIGHEST    76           600 AM
 LOWEST     42          1000 AM
 AVERAGE    59

..........................................................


THE TRENTON NJ CLIMATE NORMALS FOR TODAY
                         NORMAL    RECORD    YEAR
 MAXIMUM TEMPERATURE (F)   62        78      1920
 MINIMUM TEMPERATURE (F)   41        28      1987


SUNRISE AND SUNSET
OCTOBER 26 2014.......SUNRISE   722 AM EDT   SUNSET   604 PM EDT
OCTOBER 27 2014.......SUNRISE   723 AM EDT   SUNSET   603 PM EDT


-  INDICATES NEGATIVE NUMBERS.
R  INDICATES RECORD WAS SET OR TIED.
MM INDICATES DATA IS MISSING.
T  INDICATES TRACE AMOUNT.




$$
