000
CDUS41 KPHI 300634
CLITTN


CLIMATE REPORT
NATIONAL WEATHER SERVICE MOUNT HOLLY NJ
234 AM EDT WED JUL 30 2014


...................................

...THE TRENTON NJ CLIMATE SUMMARY FOR JULY 29 2014...

CLIMATE NORMAL PERIOD 1981 TO 2010
CLIMATE RECORD PERIOD 1865 TO 2014


WEATHER ITEM   OBSERVED TIME   RECORD YEAR NORMAL DEPARTURE LAST
                VALUE   (LST)  VALUE       VALUE  FROM      YEAR
                                                  NORMAL
..................................................................
TEMPERATURE (F)
 YESTERDAY
  MAXIMUM         76    119 PM 100    1894  85     -9       82
  MINIMUM         60    552 AM  54    1992  66     -6       64
  AVERAGE         68                        76     -8       73

PRECIPITATION (IN)
  YESTERDAY        0.00          2.84 1961   0.16  -0.16     0.03
  MONTH TO DATE    5.43                      4.63   0.80     5.44
  SINCE JUN 1      7.67                      9.04  -1.37    15.60
  SINCE JAN 1     28.00                     26.56   1.44    28.42

SNOWFALL (IN)
  YESTERDAY       MM            MM      MM  MM     MM       MM
  MONTH TO DATE   MM                        MM     MM       MM
  SINCE JUN 1     MM                        MM     MM       MM
  SINCE JUL 1     MM                        MM     MM       MM
  SNOW DEPTH      MM

DEGREE DAYS
 HEATING
  YESTERDAY        0                         0      0        0
  MONTH TO DATE    0                         0      0        0
  SINCE JUN 1      3                        24    -21        4
  SINCE JUL 1      0                         0      0        0

 COOLING
  YESTERDAY        3                        11     -8        8
  MONTH TO DATE  307                       310     -3      403
  SINCE JUN 1    508                       500      8      621
  SINCE JAN 1    552                       557     -5      711
..................................................................


WIND (MPH)
  HIGHEST WIND SPEED    13   HIGHEST WIND DIRECTION    NW (330)
  HIGHEST GUST SPEED    18   HIGHEST GUST DIRECTION    NW (330)
  AVERAGE WIND SPEED     5.9


SKY COVER
  POSSIBLE SUNSHINE  MM
  AVERAGE SKY COVER 0.6


WEATHER CONDITIONS
 THE FOLLOWING WEATHER WAS RECORDED YESTERDAY.
  NO SIGNIFICANT WEATHER WAS OBSERVED.


RELATIVE HUMIDITY (PERCENT)
 HIGHEST    78           400 AM
 LOWEST     44           100 PM
 AVERAGE    61

..........................................................


THE TRENTON NJ CLIMATE NORMALS FOR TODAY
                         NORMAL    RECORD    YEAR
 MAXIMUM TEMPERATURE (F)   85        98      1999
 MINIMUM TEMPERATURE (F)   66        54      1997


SUNRISE AND SUNSET
JULY 30 2014..........SUNRISE   555 AM EDT   SUNSET   816 PM EDT
JULY 31 2014..........SUNRISE   556 AM EDT   SUNSET   815 PM EDT


-  INDICATES NEGATIVE NUMBERS.
R  INDICATES RECORD WAS SET OR TIED.
MM INDICATES DATA IS MISSING.
T  INDICATES TRACE AMOUNT.




$$
