104
CDUS41 KPHI 100638
CLITTN


CLIMATE REPORT
NATIONAL WEATHER SERVICE MOUNT HOLLY NJ
133 AM EST WED FEB 10 2016


...................................

...THE TRENTON NJ CLIMATE SUMMARY FOR FEBRUARY 9 2016...

CLIMATE NORMAL PERIOD 1981 TO 2010
CLIMATE RECORD PERIOD 1865 TO 2016


WEATHER ITEM   OBSERVED TIME   RECORD YEAR NORMAL DEPARTURE LAST
                VALUE   (LST)  VALUE       VALUE  FROM      YEAR
                                                  NORMAL
..................................................................
TEMPERATURE (F)
 YESTERDAY
  MAXIMUM         34    408 PM  61    1990  41     -7       34
  MINIMUM         29    843 AM -14    1934  25      4       26
  AVERAGE         32                        33     -1       30

PRECIPITATION (IN)
  YESTERDAY        0.02          1.17 1969   0.08  -0.06     0.03
  MONTH TO DATE    1.01                      0.65   0.36     1.22
  SINCE DEC 1      8.71                      7.51   1.20     9.70
  SINCE JAN 1      4.30                      3.81   0.49     5.56

SNOWFALL (IN)
  YESTERDAY       MM            MM      MM  MM     MM       MM
  MONTH TO DATE   MM                        MM     MM       MM
  SINCE DEC 1     MM                        MM     MM       MM
  SINCE JUL 1     MM                        MM     MM       MM
  SNOW DEPTH      MM

DEGREE DAYS
 HEATING
  YESTERDAY       33                        32      1       35
  MONTH TO DATE  234                       294    -60      336
  SINCE DEC 1   1757                      2264   -507     2271
  SINCE JUL 1   2503                      3240   -737     3241

 COOLING
  YESTERDAY        0                         0      0        0
  MONTH TO DATE    0                         0      0        0
  SINCE DEC 1      2                         0      2        0
  SINCE JAN 1      0                         0      0        0
..................................................................


WIND (MPH)
  HIGHEST WIND SPEED    14   HIGHEST WIND DIRECTION     E (70)
  HIGHEST GUST SPEED    18   HIGHEST GUST DIRECTION     E (80)
  AVERAGE WIND SPEED     6.1


SKY COVER
  POSSIBLE SUNSHINE  MM
  AVERAGE SKY COVER 1.0


WEATHER CONDITIONS
 THE FOLLOWING WEATHER WAS RECORDED YESTERDAY.
  LIGHT SNOW
  FOG
  HAZE


RELATIVE HUMIDITY (PERCENT)
 HIGHEST   100           900 PM
 LOWEST     75           100 PM
 AVERAGE    88

..........................................................


THE TRENTON NJ CLIMATE NORMALS FOR TODAY
                         NORMAL    RECORD    YEAR
 MAXIMUM TEMPERATURE (F)   41        67      1925
 MINIMUM TEMPERATURE (F)   25       -10      1899


SUNRISE AND SUNSET
FEBRUARY 10 2016......SUNRISE   659 AM EST   SUNSET   528 PM EST
FEBRUARY 11 2016......SUNRISE   658 AM EST   SUNSET   529 PM EST


-  INDICATES NEGATIVE NUMBERS.
R  INDICATES RECORD WAS SET OR TIED.
MM INDICATES DATA IS MISSING.
T  INDICATES TRACE AMOUNT.




$$
