000
CDUS41 KPHI 232127
CLITTN


CLIMATE REPORT
NATIONAL WEATHER SERVICE MOUNT HOLLY NJ
526 PM EDT SAT MAY 23 2015


...................................

...THE TRENTON NJ CLIMATE SUMMARY FOR MAY 23 2015...
VALID TODAY AS OF 0500 PM LOCAL TIME.

CLIMATE NORMAL PERIOD 1981 TO 2010
CLIMATE RECORD PERIOD 1865 TO 2015


WEATHER ITEM   OBSERVED TIME   RECORD YEAR NORMAL DEPARTURE LAST
                VALUE   (LST)  VALUE       VALUE  FROM      YEAR
                                                  NORMAL
..................................................................
TEMPERATURE (F)
 TODAY
  MAXIMUM         69    355 PM  99    1911  74     -5       74
  MINIMUM         45    511 AM  41    2006  53     -8       56
                                      2002
  AVERAGE         57                        63     -6       65

PRECIPITATION (IN)
  TODAY            0.00          2.07 1979   0.19  -0.19     0.54
  MONTH TO DATE    0.54                      2.91  -2.37     2.74
  SINCE MAR 1      7.38                     10.59  -3.21    12.27
  SINCE JAN 1     13.97                     16.06  -2.09    19.93

SNOWFALL (IN)
  TODAY           MM            MM      MM  MM     MM       MM
  MONTH TO DATE   MM                        MM     MM       MM
  SINCE MAR 1     MM                        MM     MM       MM
  SINCE JUL 1     MM                        MM     MM       MM
  SNOW DEPTH      MM

DEGREE DAYS
 HEATING
  TODAY            8                         4      4        0
  MONTH TO DATE   65                       144    -79       89
  SINCE MAR 1   1288                      1298    -10     1371
  SINCE JUL 1   5371                      5112    259     5457

 COOLING
  TODAY            0                         2     -2        0
  MONTH TO DATE   59                        29     30       22
  SINCE MAR 1     59                        37     22       28
  SINCE JAN 1     59                        37     22       28
..................................................................


WIND (MPH)
  HIGHEST WIND SPEED    16   HIGHEST WIND DIRECTION     N (340)
  HIGHEST GUST SPEED    21   HIGHEST GUST DIRECTION     N (350)
  AVERAGE WIND SPEED     6.5


SKY COVER
  POSSIBLE SUNSHINE  MM
  AVERAGE SKY COVER 0.0


WEATHER CONDITIONS
 THE FOLLOWING WEATHER WAS RECORDED TODAY.
  NO SIGNIFICANT WEATHER WAS OBSERVED.


RELATIVE HUMIDITY (PERCENT)
 HIGHEST    54           100 AM
 LOWEST     20           400 PM
 AVERAGE    37

..........................................................


THE TRENTON NJ CLIMATE NORMALS FOR TOMORROW
                         NORMAL    RECORD    YEAR
 MAXIMUM TEMPERATURE (F)   74        94      1910
 MINIMUM TEMPERATURE (F)   53        38      1963


SUNRISE AND SUNSET
MAY 23 2015...........SUNRISE   537 AM EDT   SUNSET   815 PM EDT
MAY 24 2015...........SUNRISE   536 AM EDT   SUNSET   816 PM EDT


-  INDICATES NEGATIVE NUMBERS.
R  INDICATES RECORD WAS SET OR TIED.
MM INDICATES DATA IS MISSING.
T  INDICATES TRACE AMOUNT.




$$
