000
CDUS44 KTSA 192131
CLITUL

CLIMATE REPORT
NATIONAL WEATHER SERVICE TULSA OK
430 PM CDT SAT AUG 19 2017


...................................

...THE TULSA OKLAHOMA CLIMATE SUMMARY FOR AUGUST 19 2017...
VALID TODAY AS OF 0400 PM LOCAL TIME.

CLIMATE NORMAL PERIOD 1981 TO 2010
CLIMATE RECORD PERIOD 1882 TO 2017


WEATHER ITEM   OBSERVED TIME   RECORD YEAR NORMAL DEPARTURE LAST
                VALUE   (LST)  VALUE       VALUE  FROM      YEAR
                                                  NORMAL
..................................................................
TEMPERATURE (F)
 TODAY
  MAXIMUM         98    233 PM 108    1934  93      5       92
  MINIMUM         76    603 AM  56    1932  71      5       75
  AVERAGE         87                        82      5       84

PRECIPITATION (IN)
  TODAY            0.00          3.02 2015   0.09  -0.09     0.00
  MONTH TO DATE    6.07                      1.69   4.38     2.04
  SINCE JUN 1     11.07                      9.77   1.30     6.57
  SINCE JAN 1     35.00                     26.27   8.73    20.43

DEGREE DAYS
 COOLING
  TODAY           22                        17      5       19
  MONTH TO DATE  266                       344    -78      367
  SINCE JUN 1   1252                      1278    -26     1537
  SINCE JAN 1   1539                      1512     27     1741
..................................................................


WIND (MPH)
  HIGHEST WIND SPEED    10   HIGHEST WIND DIRECTION     S (200)
  HIGHEST GUST SPEED    13   HIGHEST GUST DIRECTION    SW (210)
  AVERAGE WIND SPEED     6.4


SKY COVER
  POSSIBLE SUNSHINE  MM
  AVERAGE SKY COVER 0.1


WEATHER CONDITIONS
 THE FOLLOWING WEATHER WAS RECORDED TODAY.
  NO SIGNIFICANT WEATHER WAS OBSERVED.


RELATIVE HUMIDITY (PERCENT)
 HIGHEST    94           600 AM
 LOWEST     48           200 PM
 AVERAGE    71

..........................................................


THE TULSA OKLAHOMA CLIMATE NORMALS FOR TOMORROW
                         NORMAL    RECORD    YEAR
 MAXIMUM TEMPERATURE (F)   93       106      1935
                                             1918
 MINIMUM TEMPERATURE (F)   71        53      1967


SUNRISE AND SUNSET
AUGUST 19 2017........SUNRISE   645 AM CDT   SUNSET   808 PM CDT
AUGUST 20 2017........SUNRISE   646 AM CDT   SUNSET   807 PM CDT


-  INDICATES NEGATIVE NUMBERS.
R  INDICATES RECORD WAS SET OR TIED.
MM INDICATES DATA IS MISSING.
T  INDICATES TRACE AMOUNT.




$$

&&
...........................................................

TULSA RECORD LOW MAX AND HIGH MIN TEMPERATURES FOR TOMORROW
                      RECORD        YEAR
  LOW MAXIMUM           66          1950
  HIGH MINIMUM          82          1936
...........................................................
ALL DATA MEASURED AT THE TULSA INTERNATIONAL AIRPORT...
EXCEPT SNOWFALL...WHICH IS MEASURED AT THE NWS OFFICE.
