173
CDUS44 KTSA 110745
CLITUL

CLIMATE REPORT
NATIONAL WEATHER SERVICE TULSA OK
145 AM CST SUN DEC 11 2016


...................................

...THE TULSA OKLAHOMA CLIMATE SUMMARY FOR DECEMBER 10 2016...

CLIMATE NORMAL PERIOD 1981 TO 2010
CLIMATE RECORD PERIOD 1882 TO 2016


WEATHER ITEM   OBSERVED TIME   RECORD YEAR NORMAL DEPARTURE LAST
                VALUE   (LST)  VALUE       VALUE  FROM      YEAR
                                                  NORMAL
..................................................................
TEMPERATURE (F)
 YESTERDAY
  MAXIMUM         47   1159 PM  74    1996  50     -3       73
  MINIMUM         35    108 AM   3    1919  30      5       44
                                      1917
  AVERAGE         41                        40      1       59

PRECIPITATION (IN)
  YESTERDAY        0.00          1.73 1960   0.08  -0.08     0.00
  MONTH TO DATE    0.18                      0.86  -0.68     0.00
  SINCE DEC 1      0.18                      0.86  -0.68     0.00
  SINCE JAN 1     27.93                     39.34 -11.41    53.19

SNOWFALL (IN)
  YESTERDAY        0.0                                       0.0
  MONTH TO DATE    T                                         0.0
  SINCE DEC 1      T                                         0.0
  SINCE JUL 1      T                                          T

DEGREE DAYS
 HEATING
  YESTERDAY       24                        25     -1        6
  MONTH TO DATE  256                       234     22      165
  SINCE DEC 1    256                       234     22      165
  SINCE JUL 1    595                       870   -275      640
..................................................................


WIND (MPH)
  HIGHEST WIND SPEED    25   HIGHEST WIND DIRECTION     S (170)
  HIGHEST GUST SPEED    33   HIGHEST GUST DIRECTION     S (170)
  AVERAGE WIND SPEED    14.5


SKY COVER
  POSSIBLE SUNSHINE  MM
  AVERAGE SKY COVER 1.0


WEATHER CONDITIONS
 THE FOLLOWING WEATHER WAS RECORDED YESTERDAY.
  NO SIGNIFICANT WEATHER WAS OBSERVED.


RELATIVE HUMIDITY (PERCENT)
 HIGHEST    62          1000 PM
 LOWEST     31           200 PM
 AVERAGE    47

..........................................................


THE TULSA OKLAHOMA CLIMATE NORMALS FOR TODAY
                         NORMAL    RECORD    YEAR
 MAXIMUM TEMPERATURE (F)   50        76      1929
 MINIMUM TEMPERATURE (F)   30         4      1917


SUNRISE AND SUNSET
DECEMBER 11 2016......SUNRISE   725 AM CST   SUNSET   509 PM CST
DECEMBER 12 2016......SUNRISE   726 AM CST   SUNSET   509 PM CST


-  INDICATES NEGATIVE NUMBERS.
R  INDICATES RECORD WAS SET OR TIED.
MM INDICATES DATA IS MISSING.
T  INDICATES TRACE AMOUNT.




$$

&&
...........................................................

THE TULSA PRECIPITATION NORMALS FOR TODAY
                       NORMAL    RECORD      YEAR
  TODAY                 0.09      1.07       2007
  MONTH TO DATE         0.95
  YEAR TO DATE         39.43
...........................................................
ALL DATA MEASURED AT THE TULSA INTERNATIONAL AIRPORT...
EXCEPT SNOWFALL...WHICH IS MEASURED AT THE NWS OFFICE.
