000
CDUS44 KTSA 040658
CLITUL

CLIMATE REPORT
NATIONAL WEATHER SERVICE TULSA OK
147 AM CDT FRI SEP 4 2015

...................................

...THE TULSA OKLAHOMA CLIMATE SUMMARY FOR SEPTEMBER 3 2015...

CLIMATE NORMAL PERIOD 1981 TO 2010
CLIMATE RECORD PERIOD 1882 TO 2015


WEATHER ITEM   OBSERVED TIME   RECORD YEAR NORMAL DEPARTURE LAST
                VALUE   (LST)  VALUE       VALUE  FROM      YEAR
                                                  NORMAL
..................................................................
TEMPERATURE (F)
 YESTERDAY
  MAXIMUM         92    422 PM 109    1939  89      3       94
  MINIMUM         69    437 AM  47    1974  67      2       72
  AVERAGE         81                        78      3       83

PRECIPITATION (IN)
  YESTERDAY        0.00          3.27 1962   0.13  -0.13     0.00
  MONTH TO DATE    0.00                      0.40  -0.40     1.09
  SINCE SEP 1      0.00                      0.40  -0.40     1.09
  SINCE JAN 1     41.55                     27.88  13.67    19.61

DEGREE DAYS
 HEATING
  YESTERDAY        0                         0      0        0
  MONTH TO DATE    0                         0      0        0
  SINCE SEP 1      0                         0      0        0
  SINCE JUL 1      0                         0      0        1

 COOLING
  YESTERDAY       16                        13      3       18
  MONTH TO DATE   50                        41      9       47
  SINCE SEP 1     50                        41      9       47
  SINCE JAN 1   1789                      1742     47     1700
..................................................................


WIND (MPH)
  HIGHEST WIND SPEED    17   HIGHEST WIND DIRECTION     S (190)
  HIGHEST GUST SPEED    21   HIGHEST GUST DIRECTION     S (190)
  AVERAGE WIND SPEED     8.4


SKY COVER
  POSSIBLE SUNSHINE  MM
  AVERAGE SKY COVER 0.5


WEATHER CONDITIONS
 THE FOLLOWING WEATHER WAS RECORDED YESTERDAY.
  NO SIGNIFICANT WEATHER WAS OBSERVED.


RELATIVE HUMIDITY (PERCENT)
 HIGHEST    90           600 AM
 LOWEST     44           400 PM
 AVERAGE    67

..........................................................


THE TULSA OKLAHOMA CLIMATE NORMALS FOR TODAY
                         NORMAL    RECORD    YEAR
 MAXIMUM TEMPERATURE (F)   89       107      1998
                                             1947
 MINIMUM TEMPERATURE (F)   67        46      1974


SUNRISE AND SUNSET
SEPTEMBER  4 2015.....SUNRISE   657 AM CDT   SUNSET   747 PM CDT
SEPTEMBER  5 2015.....SUNRISE   658 AM CDT   SUNSET   746 PM CDT


-  INDICATES NEGATIVE NUMBERS.
R  INDICATES RECORD WAS SET OR TIED.
MM INDICATES DATA IS MISSING.
T  INDICATES TRACE AMOUNT.




$$

&&
...........................................................

THE TULSA PRECIPITATION NORMALS FOR TODAY
                       NORMAL    RECORD      YEAR
  TODAY                 0.14      6.39       1940
  MONTH TO DATE         0.54
  YEAR TO DATE         28.02
...........................................................
ALL DATA MEASURED AT THE TULSA INTERNATIONAL AIRPORT...
EXCEPT SNOWFALL...WHICH IS MEASURED AT THE NWS OFFICE.
