000
CDUS44 KTSA 120648
CLITUL

CLIMATE REPORT
NATIONAL WEATHER SERVICE TULSA OK
1247 AM CST TUE DEC 12 2017


...................................

...THE TULSA OKLAHOMA CLIMATE SUMMARY FOR DECEMBER 11 2017...

CLIMATE NORMAL PERIOD 1981 TO 2010
CLIMATE RECORD PERIOD 1882 TO 2017


WEATHER ITEM   OBSERVED TIME   RECORD YEAR NORMAL DEPARTURE LAST
                VALUE   (LST)  VALUE       VALUE  FROM      YEAR
                                                  NORMAL
..................................................................
TEMPERATURE (F)
 YESTERDAY
  MAXIMUM         69    333 PM  76    1929  50     19       57
  MINIMUM         37    741 AM   4    1917  30      7       33
  AVERAGE         53                        40     13       45

PRECIPITATION (IN)
  YESTERDAY        0.00          1.07 2007   0.09  -0.09     0.00
  MONTH TO DATE    T                         0.95  -0.95     0.18
  SINCE DEC 1      T                         0.95  -0.95     0.18
  SINCE JAN 1     44.60                     39.43   5.17    27.93

SNOWFALL (IN)
  YESTERDAY        0.0                                       0.0
  MONTH TO DATE    T                                          T
  SINCE DEC 1      T                                          T
  SINCE JUL 1      T                                          T

DEGREE DAYS
 HEATING
  YESTERDAY       12                        25    -13       20
  MONTH TO DATE  203                       259    -56      276
  SINCE DEC 1    203                       259    -56      276
  SINCE JUL 1    705                       895   -190      615
..................................................................


WIND (MPH)
  HIGHEST WIND SPEED    28   HIGHEST WIND DIRECTION     N (350)
  HIGHEST GUST SPEED    34   HIGHEST GUST DIRECTION     N (340)
  AVERAGE WIND SPEED     9.3


SKY COVER
  POSSIBLE SUNSHINE  MM
  AVERAGE SKY COVER 0.2


WEATHER CONDITIONS
 THE FOLLOWING WEATHER WAS RECORDED YESTERDAY.
  NO SIGNIFICANT WEATHER WAS OBSERVED.


RELATIVE HUMIDITY (PERCENT)
 HIGHEST    49          1200 AM
 LOWEST     14           300 PM
 AVERAGE    32

..........................................................


THE TULSA OKLAHOMA CLIMATE NORMALS FOR TODAY
                         NORMAL    RECORD    YEAR
 MAXIMUM TEMPERATURE (F)   50        73      2015
                                             1924
 MINIMUM TEMPERATURE (F)   30         3      1962


SUNRISE AND SUNSET
DECEMBER 12 2017......SUNRISE   725 AM CST   SUNSET   509 PM CST
DECEMBER 13 2017......SUNRISE   726 AM CST   SUNSET   510 PM CST


-  INDICATES NEGATIVE NUMBERS.
R  INDICATES RECORD WAS SET OR TIED.
MM INDICATES DATA IS MISSING.
T  INDICATES TRACE AMOUNT.




$$

&&
...........................................................

THE TULSA PRECIPITATION NORMALS FOR TODAY
                       NORMAL    RECORD      YEAR
  TODAY                 0.08      1.82       1923
  MONTH TO DATE         1.03
  YEAR TO DATE         39.51
...........................................................
ALL DATA MEASURED AT THE TULSA INTERNATIONAL AIRPORT...
EXCEPT SNOWFALL...WHICH IS MEASURED AT THE NWS OFFICE.
