000
CDUS44 KTSA 141514
CLITUL

CLIMATE REPORT
NATIONAL WEATHER SERVICE TULSA OK
912 AM CST SUN FEB 14 2016


...................................

...THE TULSA OKLAHOMA CLIMATE SUMMARY FOR FEBRUARY 14 2016...
VALID AS OF 0900 AM LOCAL TIME.

CLIMATE NORMAL PERIOD 1981 TO 2010
CLIMATE RECORD PERIOD 1882 TO 2016


WEATHER ITEM   OBSERVED TIME   RECORD YEAR NORMAL DEPARTURE LAST
                VALUE   (LST)  VALUE       VALUE  FROM      YEAR
                                                  NORMAL
..................................................................
TEMPERATURE (F)
 TODAY
  MAXIMUM         41    759 AM  80    1910  53    -12       76
  MINIMUM         40    525 AM -10    1905  31      9       32
  AVERAGE         41                        42     -1       54

PRECIPITATION (IN)
  TODAY            0.00          1.01 1951   0.07  -0.07     0.00
  MONTH TO DATE    0.11                      0.83  -0.72     0.11
  SINCE DEC 1      9.32                      4.98   4.34     2.83
  SINCE JAN 1      0.72                      2.49  -1.77     0.86

SNOWFALL (IN)
  TODAY            0.0                                       0.0
  MONTH TO DATE    0.0                                        T
  SINCE DEC 1      3.0                                       2.0
  SINCE JUL 1      3.0                                       2.4

DEGREE DAYS
 HEATING
  TODAY           24                        23      1       11
  MONTH TO DATE  306                       345    -39      321
  SINCE DEC 1   1693                      1982   -289     1830
  SINCE JUL 1   2168                      2618   -450     2531
..................................................................


WIND (MPH)
  HIGHEST WIND SPEED    22   HIGHEST WIND DIRECTION    SE (140)
  HIGHEST GUST SPEED    28   HIGHEST GUST DIRECTION    SE (150)
  AVERAGE WIND SPEED    12.3


SKY COVER
  POSSIBLE SUNSHINE  MM
  AVERAGE SKY COVER 1.0


WEATHER CONDITIONS
 THE FOLLOWING WEATHER WAS RECORDED TODAY.
  NO SIGNIFICANT WEATHER WAS OBSERVED.


RELATIVE HUMIDITY (PERCENT)
 HIGHEST    51           700 AM
 LOWEST     41           100 AM
 AVERAGE    46

..........................................................


THE TULSA OKLAHOMA CLIMATE NORMALS FOR TOMORROW
                         NORMAL    RECORD    YEAR
 MAXIMUM TEMPERATURE (F)   53        80      1976
 MINIMUM TEMPERATURE (F)   31         3      1905


SUNRISE AND SUNSET
FEBRUARY 14 2016......SUNRISE   713 AM CST   SUNSET   603 PM CST
FEBRUARY 15 2016......SUNRISE   712 AM CST   SUNSET   604 PM CST


-  INDICATES NEGATIVE NUMBERS.
R  INDICATES RECORD WAS SET OR TIED.
MM INDICATES DATA IS MISSING.
T  INDICATES TRACE AMOUNT.




$$

&&
ALL DATA MEASURED AT THE TULSA INTERNATIONAL AIRPORT...
EXCEPT SNOWFALL...WHICH IS MEASURED AT THE NWS OFFICE.
