000
CDUS44 KTSA 280654
CLITUL

CLIMATE REPORT
NATIONAL WEATHER SERVICE TULSA OK
1253 AM CST FRI NOV 28 2014

...................................

...THE TULSA OKLAHOMA CLIMATE SUMMARY FOR NOVEMBER 27 2014...

CLIMATE NORMAL PERIOD 1981 TO 2010
CLIMATE RECORD PERIOD 1882 TO 2014


WEATHER ITEM   OBSERVED TIME   RECORD YEAR NORMAL DEPARTURE LAST
                VALUE   (LST)  VALUE       VALUE  FROM      YEAR
                                                  NORMAL
..................................................................
TEMPERATURE (F)
 YESTERDAY
  MAXIMUM         48    327 PM  77    1927  55     -7       39
  MINIMUM         25    640 AM  16    1938  35    -10       18
  AVERAGE         37                        45     -8       29

PRECIPITATION (IN)
  YESTERDAY        0.00          2.50 1896   0.08  -0.08     0.00
  MONTH TO DATE    2.10                      2.56  -0.46     1.91
  SINCE SEP 1      9.11                     10.75  -1.64     7.93
  SINCE JAN 1     27.63                     38.23 -10.60    31.31

SNOWFALL (IN)
  YESTERDAY        0.0                                       0.0
  MONTH TO DATE    0.4                                       0.0
  SINCE SEP 1      0.4                                       0.0
  SINCE JUL 1      0.4                                       0.0

DEGREE DAYS
 HEATING
  YESTERDAY       28                        20      8       36
  MONTH TO DATE  567                       387    180      458
  SINCE SEP 1    676                       573    103      641
  SINCE JUL 1    677                       573    104      641
..................................................................


WIND (MPH)
  HIGHEST WIND SPEED    14   HIGHEST WIND DIRECTION     S (170)
  HIGHEST GUST SPEED    19   HIGHEST GUST DIRECTION     S (180)
  AVERAGE WIND SPEED     6.7


SKY COVER
  POSSIBLE SUNSHINE  MM
  AVERAGE SKY COVER 0.5


WEATHER CONDITIONS
 THE FOLLOWING WEATHER WAS RECORDED YESTERDAY.
  NO SIGNIFICANT WEATHER WAS OBSERVED.


RELATIVE HUMIDITY (PERCENT)
 HIGHEST    81           500 AM
 LOWEST     31           400 PM
 AVERAGE    56

..........................................................


THE TULSA OKLAHOMA CLIMATE NORMALS FOR TODAY
                         NORMAL    RECORD    YEAR
 MAXIMUM TEMPERATURE (F)   55        81      1949
 MINIMUM TEMPERATURE (F)   34        13      1976


SUNRISE AND SUNSET
NOVEMBER 28 2014......SUNRISE   713 AM CST   SUNSET   510 PM CST
NOVEMBER 29 2014......SUNRISE   714 AM CST   SUNSET   509 PM CST


-  INDICATES NEGATIVE NUMBERS.
R  INDICATES RECORD WAS SET OR TIED.
MM INDICATES DATA IS MISSING.
T  INDICATES TRACE AMOUNT.




$$

&&
...........................................................

THE TULSA PRECIPITATION NORMALS FOR TODAY
                       NORMAL    RECORD      YEAR
  TODAY                 0.08      2.60       1908
  MONTH TO DATE         2.64
  YEAR TO DATE         38.31
...........................................................
ALL DATA MEASURED AT THE TULSA INTERNATIONAL AIRPORT...
EXCEPT SNOWFALL...WHICH IS MEASURED AT THE NWS OFFICE.
