000
CDUS44 KTSA 061512
CLITUL

CLIMATE REPORT
NATIONAL WEATHER SERVICE TULSA OK
912 AM CST FRI MAR 6 2015


...................................

...THE TULSA OKLAHOMA CLIMATE SUMMARY FOR MARCH 6 2015...
VALID AS OF 0900 AM LOCAL TIME.

CLIMATE NORMAL PERIOD 1981 TO 2010
CLIMATE RECORD PERIOD 1882 TO 2015


WEATHER ITEM   OBSERVED TIME   RECORD YEAR NORMAL DEPARTURE LAST
                VALUE   (LST)  VALUE       VALUE  FROM      YEAR
                                                  NORMAL
..................................................................
TEMPERATURE (F)
 TODAY
  MAXIMUM         33    759 AM  87    1974  59    -26       55
                                      1910
  MINIMUM         25    645 AM  13    1943  37    -12       33
  AVERAGE         29                        48    -19       44

PRECIPITATION (IN)
  TODAY            0.00          1.57 1973   0.10  -0.10     0.00
  MONTH TO DATE    0.06                      0.59  -0.53     0.42
  SINCE MAR 1      0.06                      0.59  -0.53     0.42
  SINCE JAN 1      2.38                      4.10  -1.72     0.87

SNOWFALL (IN)
  TODAY            0.0                                       0.0
  MONTH TO DATE    0.3                                       2.4
  SINCE MAR 1      0.3                                       2.4
  SINCE JUL 1      8.5                                      12.4

DEGREE DAYS
 HEATING
  TODAY           36                        17     19       21
  MONTH TO DATE  186                       107     79      220
  SINCE MAR 1    186                       107     79      220
  SINCE JUL 1   3201                      3018    183     3521

 COOLING
  TODAY            0                         0      0        0
  MONTH TO DATE    0                         0      0        0
  SINCE MAR 1      0                         0      0        0
  SINCE JAN 1      0                         1     -1        0
..................................................................


WIND (MPH)
  HIGHEST WIND SPEED    12   HIGHEST WIND DIRECTION     S (190)
  HIGHEST GUST SPEED    14   HIGHEST GUST DIRECTION     S (190)
  AVERAGE WIND SPEED     9.0


SKY COVER
  POSSIBLE SUNSHINE  MM
  AVERAGE SKY COVER 0.0


WEATHER CONDITIONS
 THE FOLLOWING WEATHER WAS RECORDED TODAY.
  NO SIGNIFICANT WEATHER WAS OBSERVED.


RELATIVE HUMIDITY (PERCENT)
 HIGHEST    75           700 AM
 LOWEST     48           900 AM
 AVERAGE    62

..........................................................


THE TULSA OKLAHOMA CLIMATE NORMALS FOR TOMORROW
                         NORMAL    RECORD    YEAR
 MAXIMUM TEMPERATURE (F)   60        83      1925
 MINIMUM TEMPERATURE (F)   38         6      1920


SUNRISE AND SUNSET
MARCH  6 2015.........SUNRISE   647 AM CST   SUNSET   623 PM CST
MARCH  7 2015.........SUNRISE   646 AM CST   SUNSET   624 PM CST


-  INDICATES NEGATIVE NUMBERS.
R  INDICATES RECORD WAS SET OR TIED.
MM INDICATES DATA IS MISSING.
T  INDICATES TRACE AMOUNT.




$$

&&
...........................................................

HOURLY TEMPERATURE DATA
 YESTERDAY
11AM NOON  1PM  2PM  3PM  4PM  5PM  6PM  7PM  8PM  9PM 10PM 11PM
  35   37   MM   42   45   45   45   42   41   35   35   34   33

 TODAY
 MID  1AM  2AM  3AM  4AM  5AM  6AM  7AM  8AM  9AM
  32   29   29   31   30   29   28   27   32   37
...........................................................
ALL DATA MEASURED AT THE TULSA INTERNATIONAL AIRPORT...
EXCEPT SNOWFALL...WHICH IS MEASURED AT THE NWS OFFICE.
