000
CDUS44 KTSA 181415
CLITUL

CLIMATE REPORT
NATIONAL WEATHER SERVICE TULSA OK
912 AM CDT THU SEP 18 2014


...................................

...THE TULSA OKLAHOMA CLIMATE SUMMARY FOR SEPTEMBER 18 2014...
VALID AS OF 0900 AM LOCAL TIME.

CLIMATE NORMAL PERIOD 1981 TO 2010
CLIMATE RECORD PERIOD 1882 TO 2014


WEATHER ITEM   OBSERVED TIME   RECORD YEAR NORMAL DEPARTURE LAST
                VALUE   (LST)  VALUE       VALUE  FROM      YEAR
                                                  NORMAL
..................................................................
TEMPERATURE (F)
 TODAY
  MAXIMUM         73    301 AM 100    1952  83    -10       94
                                      1931
  MINIMUM         65    627 AM  42    1981  61      4       70
  AVERAGE         69                        72     -3       82

PRECIPITATION (IN)
  TODAY            0.40          2.39 1971   0.15   0.25      T
  MONTH TO DATE    1.76                      2.56  -0.80     0.10
  SINCE SEP 1      1.76                      2.56  -0.80     0.10
  SINCE JAN 1     20.28                     30.04  -9.76    23.48

DEGREE DAYS
 HEATING
  TODAY            0                         1     -1        0
  MONTH TO DATE   12                         4      8        0
  SINCE SEP 1     12                         4      8        0
  SINCE JUL 1     13                         4      9        0

 COOLING
  TODAY            4                         8     -4       17
  MONTH TO DATE  189                       194     -5      283
  SINCE SEP 1    189                       194     -5      283
  SINCE JAN 1   1842                      1895    -53     1912
..................................................................


WIND (MPH)
  HIGHEST WIND SPEED    23   HIGHEST WIND DIRECTION    NE (60)
  HIGHEST GUST SPEED    30   HIGHEST GUST DIRECTION    NE (40)
  AVERAGE WIND SPEED     8.6


SKY COVER
  POSSIBLE SUNSHINE  MM
  AVERAGE SKY COVER 1.0


WEATHER CONDITIONS
 THE FOLLOWING WEATHER WAS RECORDED TODAY.
  THUNDERSTORM
  HEAVY RAIN
  LIGHT RAIN
  FOG


RELATIVE HUMIDITY (PERCENT)
 HIGHEST    93           800 AM
 LOWEST     73           200 AM
 AVERAGE    83

..........................................................


THE TULSA OKLAHOMA CLIMATE NORMALS FOR TOMORROW
                         NORMAL    RECORD    YEAR
 MAXIMUM TEMPERATURE (F)   82       100      1954
                                             1910
 MINIMUM TEMPERATURE (F)   61        45      1991
                                             1938


SUNRISE AND SUNSET
SEPTEMBER 18 2014.....SUNRISE   708 AM CDT   SUNSET   726 PM CDT
SEPTEMBER 19 2014.....SUNRISE   709 AM CDT   SUNSET   725 PM CDT


-  INDICATES NEGATIVE NUMBERS.
R  INDICATES RECORD WAS SET OR TIED.
MM INDICATES DATA IS MISSING.
T  INDICATES TRACE AMOUNT.




$$

&&
...........................................................

HOURLY TEMPERATURE DATA
 YESTERDAY
11AM NOON  1PM  2PM  3PM  4PM  5PM  6PM  7PM  8PM  9PM 10PM 11PM
  83   87   88   92   92   94   92   91   89   87   84   78   76

 TODAY
 MID  1AM  2AM  3AM  4AM  5AM  6AM  7AM  8AM  9AM
  75   73   72   73   72   72   66   65   66   66
...........................................................
ALL DATA MEASURED AT THE TULSA INTERNATIONAL AIRPORT...
EXCEPT SNOWFALL...WHICH IS MEASURED AT THE NWS OFFICE.
