335
CDUS44 KMEG 160734
CLITUP


CLIMATE REPORT
NATIONAL WEATHER SERVICE MEMPHIS TN
132 AM CST MON JAN 16 2017


...................................

...THE TUPELO CLIMATE SUMMARY FOR JANUARY 15 2017...

CLIMATE NORMAL PERIOD 1981 TO 2010
CLIMATE RECORD PERIOD 1930 TO 2017


WEATHER ITEM   OBSERVED TIME   RECORD YEAR NORMAL DEPARTURE LAST
                VALUE   (LST)  VALUE       VALUE  FROM      YEAR
                                                  NORMAL
..................................................................
TEMPERATURE (F)
 YESTERDAY
  MAXIMUM         67    406 PM  78    1947  51     16       62
  MINIMUM         51   1014 PM  10    1979  31     20       41
                                      1963
  AVERAGE         59                        41     18       52

PRECIPITATION (IN)
  YESTERDAY        0.00          2.14 1959   0.13  -0.13     0.18
  MONTH TO DATE    1.15                      2.18  -1.03     0.58
  SINCE DEC 1      6.05                      8.46  -2.41     7.94
  SINCE JAN 1      1.15                      2.18  -1.03     0.58

SNOWFALL (IN)
  YESTERDAY        0.0           1.8  1984   0.1   -0.1      0.0
  MONTH TO DATE    T                         0.5   -0.5      0.0
  SINCE DEC 1      T                         0.8   -0.8      0.0
  SINCE JUL 1      T                         0.8   -0.8      0.0
  SNOW DEPTH       0

DEGREE DAYS
 HEATING
  YESTERDAY        6                        24    -18       13
  MONTH TO DATE  247                       356   -109      360
  SINCE DEC 1    823                      1007   -184      722
  SINCE JUL 1   1117                      1529   -412     1063

 COOLING
  YESTERDAY        0                         0      0        0
  MONTH TO DATE    8                         0      8        0
  SINCE DEC 1     15                         2     13       27
  SINCE JAN 1      8                         0      8        0
..................................................................


WIND (MPH)
  HIGHEST WIND SPEED    10   HIGHEST WIND DIRECTION     N (360)
  HIGHEST GUST SPEED    12   HIGHEST GUST DIRECTION     N (350)
  AVERAGE WIND SPEED     3.9


SKY COVER
  POSSIBLE SUNSHINE  MM
  AVERAGE SKY COVER 0.6


WEATHER CONDITIONS
 THE FOLLOWING WEATHER WAS RECORDED YESTERDAY.
  FOG
  FOG W/VISIBILITY <= 1/4 MILE


RELATIVE HUMIDITY (PERCENT)
 HIGHEST   100           100 AM
 LOWEST     63           300 PM
 AVERAGE    82

..........................................................


THE TUPELO CLIMATE NORMALS FOR TODAY
                         NORMAL    RECORD    YEAR
 MAXIMUM TEMPERATURE (F)   51        78      1943
                                             1932
 MINIMUM TEMPERATURE (F)   31         6      1972


SUNRISE AND SUNSET
JANUARY 16 2017.......SUNRISE   701 AM CST   SUNSET   510 PM CST
JANUARY 17 2017.......SUNRISE   700 AM CST   SUNSET   511 PM CST


-  INDICATES NEGATIVE NUMBERS.
R  INDICATES RECORD WAS SET OR TIED.
MM INDICATES DATA IS MISSING.
T  INDICATES TRACE AMOUNT.




$$
