000
CDUS44 KMEG 272155
CLITUP


CLIMATE REPORT
NATIONAL WEATHER SERVICE MEMPHIS TN
455 PM CDT THU APR 27 2017


...................................

...THE TUPELO CLIMATE SUMMARY FOR APRIL 27 2017...
VALID TODAY AS OF 0400 PM LOCAL TIME.

CLIMATE NORMAL PERIOD 1981 TO 2010
CLIMATE RECORD PERIOD 1930 TO 2017


WEATHER ITEM   OBSERVED TIME   RECORD YEAR NORMAL DEPARTURE LAST
                VALUE   (LST)  VALUE       VALUE  FROM      YEAR
                                                  NORMAL
..................................................................
TEMPERATURE (F)
 TODAY
  MAXIMUM         70    350 PM  91    1987  77     -7       79
  MINIMUM         56    821 AM  36    1979  54      2       65
                                      1977
                                      1976
  AVERAGE         63                        65     -2       72

PRECIPITATION (IN)
  TODAY            0.01          2.85 2011   0.17  -0.16     1.24
  MONTH TO DATE    5.30                      4.25   1.05     4.74
  SINCE MAR 1      9.41                      9.07   0.34    12.63
  SINCE JAN 1     17.88                     18.51  -0.63    19.80

SNOWFALL (IN)
  TODAY            0.0

DEGREE DAYS
 HEATING
  TODAY            2                         3     -1        0
  MONTH TO DATE   51                       140    -89       94
  SINCE MAR 1    341                       495   -154      324
  SINCE JUL 1   1959                      2926   -967     2261

 COOLING
  TODAY            0                         3     -3        7
  MONTH TO DATE   86                        50     36       43
  SINCE MAR 1    120                        64     56       72
  SINCE JAN 1    132                        66     66       72
..................................................................


WIND (MPH)
  HIGHEST WIND SPEED    13   HIGHEST WIND DIRECTION    SW (240)
  HIGHEST GUST SPEED    18   HIGHEST GUST DIRECTION    NW (320)
  AVERAGE WIND SPEED     5.8


SKY COVER
  POSSIBLE SUNSHINE  MM
  AVERAGE SKY COVER 0.8


WEATHER CONDITIONS
 THE FOLLOWING WEATHER WAS RECORDED TODAY.
  FOG


RELATIVE HUMIDITY (PERCENT)
 HIGHEST    93           100 AM
 LOWEST     53           300 PM
 AVERAGE    73

..........................................................


THE TUPELO CLIMATE NORMALS FOR TOMORROW
                         NORMAL    RECORD    YEAR
 MAXIMUM TEMPERATURE (F)   77        91      1981
 MINIMUM TEMPERATURE (F)   54        35      1973


SUNRISE AND SUNSET
APRIL 27 2017.........SUNRISE   609 AM CDT   SUNSET   736 PM CDT
APRIL 28 2017.........SUNRISE   608 AM CDT   SUNSET   737 PM CDT


-  INDICATES NEGATIVE NUMBERS.
R  INDICATES RECORD WAS SET OR TIED.
MM INDICATES DATA IS MISSING.
T  INDICATES TRACE AMOUNT.




$$
