000
CDUS44 KMEG 190632
CLITUP


CLIMATE REPORT
NATIONAL WEATHER SERVICE MEMPHIS TN
131 AM CDT THU OCT 19 2017


...................................

...THE TUPELO CLIMATE SUMMARY FOR OCTOBER 18 2017...

CLIMATE NORMAL PERIOD 1981 TO 2010
CLIMATE RECORD PERIOD 1930 TO 2017


WEATHER ITEM   OBSERVED TIME   RECORD YEAR NORMAL DEPARTURE LAST
                VALUE   (LST)  VALUE       VALUE  FROM      YEAR
                                                  NORMAL
..................................................................
TEMPERATURE (F)
 YESTERDAY
  MAXIMUM         74    319 PM  91    2016  75     -1       91
  MINIMUM         42    620 AM  28    1978  50     -8       64
  AVERAGE         58                        62     -4       78

PRECIPITATION (IN)
  YESTERDAY        0.00          1.30 1981   0.13  -0.13     0.00
  MONTH TO DATE    0.65                      2.41  -1.76     0.41
  SINCE SEP 1      2.93                      5.85  -2.92     0.84
  SINCE JAN 1     38.98                     42.32  -3.34    36.69

SNOWFALL (IN)
  YESTERDAY        0.0          MM      MM   0.0    0.0      0.0
  MONTH TO DATE    0.0                       0.0    0.0      0.0
  SINCE SEP 1      0.0                       0.0    0.0      0.0
  SINCE JUL 1      0.0                       0.0    0.0      0.0
  SNOW DEPTH       0

DEGREE DAYS
 HEATING
  YESTERDAY        7                         5      2        0
  MONTH TO DATE   27                        54    -27        0
  SINCE SEP 1     32                        66    -34        0
  SINCE JUL 1     32                        66    -34        0

 COOLING
  YESTERDAY        0                         2     -2       13
  MONTH TO DATE  122                        57     65      109
  SINCE SEP 1    400                       343     57      533
  SINCE JAN 1   2098                      2015     83     2456
..................................................................


WIND (MPH)
  HIGHEST WIND SPEED    14   HIGHEST WIND DIRECTION     S (160)
  HIGHEST GUST SPEED    18   HIGHEST GUST DIRECTION     S (160)
  AVERAGE WIND SPEED     3.3


SKY COVER
  POSSIBLE SUNSHINE  MM
  AVERAGE SKY COVER 0.0


WEATHER CONDITIONS
 THE FOLLOWING WEATHER WAS RECORDED YESTERDAY.
  NO SIGNIFICANT WEATHER WAS OBSERVED.


RELATIVE HUMIDITY (PERCENT)
 HIGHEST    93          1100 PM
 LOWEST     31           300 PM
 AVERAGE    62

..........................................................


THE TUPELO CLIMATE NORMALS FOR TODAY
                         NORMAL    RECORD    YEAR
 MAXIMUM TEMPERATURE (F)   74        91      2016
 MINIMUM TEMPERATURE (F)   50        33      1978
                                             1975
                                             1948


SUNRISE AND SUNSET
OCTOBER 19 2017.......SUNRISE   704 AM CDT   SUNSET   616 PM CDT
OCTOBER 20 2017.......SUNRISE   705 AM CDT   SUNSET   614 PM CDT


-  INDICATES NEGATIVE NUMBERS.
R  INDICATES RECORD WAS SET OR TIED.
MM INDICATES DATA IS MISSING.
T  INDICATES TRACE AMOUNT.




$$
