000
CDUS44 KMEG 150758
CLITUP


CLIMATE REPORT
NATIONAL WEATHER SERVICE MEMPHIS TN
158 AM CST FRI DEC 15 2017


...................................

...THE TUPELO CLIMATE SUMMARY FOR DECEMBER 14 2017...

CLIMATE NORMAL PERIOD 1981 TO 2010
CLIMATE RECORD PERIOD 1930 TO 2017


WEATHER ITEM   OBSERVED TIME   RECORD YEAR NORMAL DEPARTURE LAST
                VALUE   (LST)  VALUE       VALUE  FROM      YEAR
                                                  NORMAL
..................................................................
TEMPERATURE (F)
 YESTERDAY
  MAXIMUM         55    257 PM  75    1984  54      1       52
  MINIMUM         30    722 AM  14    2010  34     -4       34
                                      1958
  AVERAGE         43                        44     -1       43

PRECIPITATION (IN)
  YESTERDAY        0.00          2.77 2005   0.23  -0.23     0.00
  MONTH TO DATE    1.71                      3.11  -1.40     3.02
  SINCE DEC 1      1.71                      3.11  -1.40     3.02
  SINCE JAN 1     43.07                     51.84  -8.77    44.39

SNOWFALL (IN)
  YESTERDAY        0.0           T    1945   0.0    0.0      0.0
                                      1943
  MONTH TO DATE    0.0                       0.1   -0.1      0.0
  SINCE DEC 1      0.0                       0.1   -0.1      0.0
  SINCE JUL 1      0.0                       0.1   -0.1      0.0
  SNOW DEPTH       0

DEGREE DAYS
 HEATING
  YESTERDAY       22                        21      1       22
  MONTH TO DATE  278                       272      6      301
  SINCE DEC 1    278                       272      6      301
  SINCE JUL 1    768                       794    -26      595

 COOLING
  YESTERDAY        0                         0      0        0
  MONTH TO DATE    0                         0      0        0
  SINCE DEC 1      0                         0      0        0
  SINCE JAN 1   2133                      2044     89     2539
..................................................................


WIND (MPH)
  HIGHEST WIND SPEED    13   HIGHEST WIND DIRECTION     N (350)
  HIGHEST GUST SPEED    15   HIGHEST GUST DIRECTION    NW (330)
  AVERAGE WIND SPEED     7.4


SKY COVER
  POSSIBLE SUNSHINE  MM
  AVERAGE SKY COVER 0.0


WEATHER CONDITIONS
 THE FOLLOWING WEATHER WAS RECORDED YESTERDAY.
  NO SIGNIFICANT WEATHER WAS OBSERVED.


RELATIVE HUMIDITY (PERCENT)
 HIGHEST    78           700 AM
 LOWEST     35           300 PM
 AVERAGE    57

..........................................................


THE TUPELO CLIMATE NORMALS FOR TODAY
                         NORMAL    RECORD    YEAR
 MAXIMUM TEMPERATURE (F)   54        76      1948
                                             1933
 MINIMUM TEMPERATURE (F)   34        14      1989
                                             1978
                                             1963


SUNRISE AND SUNSET
DECEMBER 15 2017......SUNRISE   654 AM CST   SUNSET   447 PM CST
DECEMBER 16 2017......SUNRISE   655 AM CST   SUNSET   447 PM CST


-  INDICATES NEGATIVE NUMBERS.
R  INDICATES RECORD WAS SET OR TIED.
MM INDICATES DATA IS MISSING.
T  INDICATES TRACE AMOUNT.




$$
