000
CDUS44 KMEG 280637
CLITUP


CLIMATE REPORT
NATIONAL WEATHER SERVICE MEMPHIS TN
136 AM CDT WED JUN 28 2017


...................................

...THE TUPELO CLIMATE SUMMARY FOR JUNE 27 2017...

CLIMATE NORMAL PERIOD 1981 TO 2010
CLIMATE RECORD PERIOD 1930 TO 2017


WEATHER ITEM   OBSERVED TIME   RECORD YEAR NORMAL DEPARTURE LAST
                VALUE   (LST)  VALUE       VALUE  FROM      YEAR
                                                  NORMAL
..................................................................
TEMPERATURE (F)
 YESTERDAY
  MAXIMUM         86    414 PM 104    1954  91     -5       95
  MINIMUM         62    511 AM  52    1974  70     -8       72
  AVERAGE         74                        80     -6       84

PRECIPITATION (IN)
  YESTERDAY        0.00          2.02 2003   0.14  -0.14     1.00
  MONTH TO DATE    8.56                      4.07   4.49     6.06
  SINCE JUN 1      8.56                      4.07   4.49     6.06
  SINCE JAN 1     30.32                     28.67   1.65    28.16

SNOWFALL (IN)
  YESTERDAY        0.0          MM      MM   0.0    0.0      0.0
  MONTH TO DATE    0.0                       0.0    0.0      0.0
  SINCE JUN 1      0.0                       0.0    0.0      0.0
  SINCE JUL 1      T                         2.1   -2.1       T
  SNOW DEPTH       0

DEGREE DAYS
 HEATING
  YESTERDAY        0                         0      0        0
  MONTH TO DATE    0                         0      0        0
  SINCE JUN 1      0                         0      0        0
  SINCE JUL 1   1986                      2956   -970     2282

 COOLING
  YESTERDAY        9                        15     -6       19
  MONTH TO DATE  312                       347    -35      439
  SINCE JUN 1    312                       347    -35      439
  SINCE JAN 1    648                       624     24      725
..................................................................


WIND (MPH)
  HIGHEST WIND SPEED    15   HIGHEST WIND DIRECTION    NE (40)
  HIGHEST GUST SPEED    18   HIGHEST GUST DIRECTION     N (10)
  AVERAGE WIND SPEED     3.8


SKY COVER
  POSSIBLE SUNSHINE  MM
  AVERAGE SKY COVER 0.1


WEATHER CONDITIONS
 THE FOLLOWING WEATHER WAS RECORDED YESTERDAY.
  NO SIGNIFICANT WEATHER WAS OBSERVED.


RELATIVE HUMIDITY (PERCENT)
 HIGHEST    93          1200 AM
 LOWEST     40           300 PM
 AVERAGE    67

..........................................................


THE TUPELO CLIMATE NORMALS FOR TODAY
                         NORMAL    RECORD    YEAR
 MAXIMUM TEMPERATURE (F)   91       104      2012
                                             1954
                                             1952
 MINIMUM TEMPERATURE (F)   70        53      1974


SUNRISE AND SUNSET
JUNE 28 2017..........SUNRISE   546 AM CDT   SUNSET   811 PM CDT
JUNE 29 2017..........SUNRISE   546 AM CDT   SUNSET   811 PM CDT


-  INDICATES NEGATIVE NUMBERS.
R  INDICATES RECORD WAS SET OR TIED.
MM INDICATES DATA IS MISSING.
T  INDICATES TRACE AMOUNT.




$$
