000
CDUS44 KMEG 040646
CLITUP


CLIMATE REPORT
NATIONAL WEATHER SERVICE MEMPHIS TN
146 AM CDT WED MAY 4 2016


...................................

...THE TUPELO CLIMATE SUMMARY FOR MAY 3 2016...

CLIMATE NORMAL PERIOD 1981 TO 2010
CLIMATE RECORD PERIOD 1930 TO 2016


WEATHER ITEM   OBSERVED TIME   RECORD YEAR NORMAL DEPARTURE LAST
                VALUE   (LST)  VALUE       VALUE  FROM      YEAR
                                                  NORMAL
..................................................................
TEMPERATURE (F)
 YESTERDAY
  MAXIMUM         72    207 PM  90    1952  79     -7       83
  MINIMUM         54   1159 PM  36    1971  56     -2       50
  AVERAGE         63                        67     -4       67

PRECIPITATION (IN)
  YESTERDAY        0.00          4.10 2002   0.18  -0.18     0.00
  MONTH TO DATE    0.43                      0.57  -0.14     0.00
  SINCE MAR 1     14.17                     10.17   4.00    14.16
  SINCE JAN 1     21.34                     19.61   1.73    23.32

SNOWFALL (IN)
  YESTERDAY        0.0          MM      MM   0.0    0.0      0.0
  MONTH TO DATE    0.0                       0.0    0.0      0.0
  SINCE MAR 1      0.0                       0.3   -0.3      0.1
  SINCE JUL 1      T                         2.1   -2.1      7.4
  SNOW DEPTH       0

DEGREE DAYS
 HEATING
  YESTERDAY        2                         2      0        0
  MONTH TO DATE    2                         6     -4       10
  SINCE MAR 1    326                       507   -181      424
  SINCE JUL 1   2263                      2938   -675     3142

 COOLING
  YESTERDAY        0                         4     -4        2
  MONTH TO DATE    7                        11     -4        2
  SINCE MAR 1     97                        85     12       78
  SINCE JAN 1     97                        87     10       78
..................................................................


WIND (MPH)
  HIGHEST WIND SPEED    16   HIGHEST WIND DIRECTION    NW (320)
  HIGHEST GUST SPEED    20   HIGHEST GUST DIRECTION     W (290)
  AVERAGE WIND SPEED     5.5


SKY COVER
  POSSIBLE SUNSHINE  MM
  AVERAGE SKY COVER 0.6


WEATHER CONDITIONS
 THE FOLLOWING WEATHER WAS RECORDED YESTERDAY.
  FOG


RELATIVE HUMIDITY (PERCENT)
 HIGHEST    93           600 AM
 LOWEST     44           200 PM
 AVERAGE    69

..........................................................


THE TUPELO CLIMATE NORMALS FOR TODAY
                         NORMAL    RECORD    YEAR
 MAXIMUM TEMPERATURE (F)   79        93      1959
 MINIMUM TEMPERATURE (F)   56        30      1976


SUNRISE AND SUNSET
MAY  4 2016...........SUNRISE   602 AM CDT   SUNSET   742 PM CDT
MAY  5 2016...........SUNRISE   601 AM CDT   SUNSET   743 PM CDT


-  INDICATES NEGATIVE NUMBERS.
R  INDICATES RECORD WAS SET OR TIED.
MM INDICATES DATA IS MISSING.
T  INDICATES TRACE AMOUNT.




$$
