000
CDUS44 KMEG 300634
CLITUP


CLIMATE REPORT
NATIONAL WEATHER SERVICE MEMPHIS TN
132 AM CDT FRI SEP 30 2016


...................................

...THE TUPELO CLIMATE SUMMARY FOR SEPTEMBER 29 2016...

CLIMATE NORMAL PERIOD 1981 TO 2010
CLIMATE RECORD PERIOD 1930 TO 2016


WEATHER ITEM   OBSERVED TIME   RECORD YEAR NORMAL DEPARTURE LAST
                VALUE   (LST)  VALUE       VALUE  FROM      YEAR
                                                  NORMAL
..................................................................
TEMPERATURE (F)
 YESTERDAY
  MAXIMUM         77    132 PM  95    1953  81     -4       81
                                      1941
  MINIMUM         54    625 AM  38    1967  57     -3       69
  AVERAGE         66                        69     -3       75

PRECIPITATION (IN)
  YESTERDAY        0.00          2.58 1988   0.14  -0.14     0.13
  MONTH TO DATE    0.43                      3.30  -2.87     0.41
  SINCE SEP 1      0.43                      3.30  -2.87     0.41
  SINCE JAN 1     36.28                     39.77  -3.49    52.98

SNOWFALL (IN)
  YESTERDAY        0.0           0.0  2002   0.0    0.0      0.0
                                      2001
  MONTH TO DATE    0.0                       0.0    0.0      0.0
  SINCE SEP 1      0.0                       0.0    0.0      0.0
  SINCE JUL 1      0.0                       0.0    0.0      0.0
  SNOW DEPTH       0

DEGREE DAYS
 HEATING
  YESTERDAY        0                         1     -1        0
  MONTH TO DATE    0                         9     -9        3
  SINCE SEP 1      0                         9     -9        3
  SINCE JUL 1      0                         9     -9        3

 COOLING
  YESTERDAY        1                         5     -4       10
  MONTH TO DATE  422                       281    141      293
  SINCE SEP 1    422                       281    141      293
  SINCE JAN 1   2345                      1953    392     2032
..................................................................


WIND (MPH)
  HIGHEST WIND SPEED    23   HIGHEST WIND DIRECTION     N (350)
  HIGHEST GUST SPEED    27   HIGHEST GUST DIRECTION     N (350)
  AVERAGE WIND SPEED     9.7


SKY COVER
  POSSIBLE SUNSHINE  MM
  AVERAGE SKY COVER 0.2


WEATHER CONDITIONS
 THE FOLLOWING WEATHER WAS RECORDED YESTERDAY.
  NO SIGNIFICANT WEATHER WAS OBSERVED.


RELATIVE HUMIDITY (PERCENT)
 HIGHEST    80          1100 PM
 LOWEST     33           200 PM
 AVERAGE    57

..........................................................


THE TUPELO CLIMATE NORMALS FOR TODAY
                         NORMAL    RECORD    YEAR
 MAXIMUM TEMPERATURE (F)   81        96      1933
 MINIMUM TEMPERATURE (F)   57        39      1967


SUNRISE AND SUNSET
SEPTEMBER 30 2016.....SUNRISE   649 AM CDT   SUNSET   640 PM CDT
OCTOBER  1 2016.......SUNRISE   650 AM CDT   SUNSET   639 PM CDT


-  INDICATES NEGATIVE NUMBERS.
R  INDICATES RECORD WAS SET OR TIED.
MM INDICATES DATA IS MISSING.
T  INDICATES TRACE AMOUNT.




$$
