000
CDUS44 KMEG 222156
CLITUP


CLIMATE REPORT
NATIONAL WEATHER SERVICE MEMPHIS TN
456 PM CDT TUE AUG 22 2017


...................................

...THE TUPELO CLIMATE SUMMARY FOR AUGUST 22 2017...
VALID TODAY AS OF 0400 PM LOCAL TIME.

CLIMATE NORMAL PERIOD 1981 TO 2010
CLIMATE RECORD PERIOD 1930 TO 2017


WEATHER ITEM   OBSERVED TIME   RECORD YEAR NORMAL DEPARTURE LAST
                VALUE   (LST)  VALUE       VALUE  FROM      YEAR
                                                  NORMAL
..................................................................
TEMPERATURE (F)
 TODAY
  MAXIMUM         94    304 PM 102    2007  91      3       84
  MINIMUM         73    342 AM  53    1973  70      3       72
  AVERAGE         84                        80      4       78

PRECIPITATION (IN)
  TODAY            0.00          0.94 1984   0.10  -0.10     0.01
  MONTH TO DATE    2.08                      2.61  -0.53     4.03
  SINCE JUN 1     12.07                     11.03   1.04    12.43
  SINCE JAN 1     33.83                     35.63  -1.80    34.53

SNOWFALL (IN)
  TODAY            0.0

DEGREE DAYS
 HEATING
  TODAY            0                         0      0        0
  MONTH TO DATE    0                         0      0        0
  SINCE JUN 1      0                         0      0        0
  SINCE JUL 1      0                         0      0        0

 COOLING
  TODAY           19                        16      3       13
  MONTH TO DATE  363                       356      7      408
  SINCE JUN 1   1263                      1261      2     1468
  SINCE JAN 1   1599                      1538     61     1754
..................................................................


WIND (MPH)
  HIGHEST WIND SPEED    16   HIGHEST WIND DIRECTION     S (170)
  HIGHEST GUST SPEED    19   HIGHEST GUST DIRECTION     S (190)
  AVERAGE WIND SPEED     4.0


SKY COVER
  POSSIBLE SUNSHINE  MM
  AVERAGE SKY COVER 0.1


WEATHER CONDITIONS
 THE FOLLOWING WEATHER WAS RECORDED TODAY.
  FOG


RELATIVE HUMIDITY (PERCENT)
 HIGHEST    94           100 AM
 LOWEST     44          1200 PM
 AVERAGE    69

..........................................................


THE TUPELO CLIMATE NORMALS FOR TOMORROW
                         NORMAL    RECORD    YEAR
 MAXIMUM TEMPERATURE (F)   91       102      2007
 MINIMUM TEMPERATURE (F)   70        54      1973


SUNRISE AND SUNSET
AUGUST 22 2017........SUNRISE   621 AM CDT   SUNSET   734 PM CDT
AUGUST 23 2017........SUNRISE   622 AM CDT   SUNSET   732 PM CDT


-  INDICATES NEGATIVE NUMBERS.
R  INDICATES RECORD WAS SET OR TIED.
MM INDICATES DATA IS MISSING.
T  INDICATES TRACE AMOUNT.




$$
