000
CDUS45 KTWC 070737
CLITUS


CLIMATE REPORT
NATIONAL WEATHER SERVICE TUCSON AZ
1236 AM MST TUE JUL 7 2015


...................................

...THE TUCSON AZ CLIMATE SUMMARY FOR JULY 6 2015...

CLIMATE NORMAL PERIOD 1981 TO 2010
CLIMATE RECORD PERIOD 1895 TO 2015


WEATHER ITEM   OBSERVED TIME   RECORD YEAR NORMAL DEPARTURE LAST
                VALUE   (LST)  VALUE       VALUE  FROM      YEAR
                                                  NORMAL
..................................................................
TEMPERATURE (F)
 YESTERDAY
  MAXIMUM         96    128 PM 109    2005 101     -5       99
                                      1989
  MINIMUM         75    617 AM  59    1902  74      1       74
  AVERAGE         86                        88     -2       87

PRECIPITATION (IN)
  YESTERDAY        T             0.55 1999   0.05  -0.05     0.00
  MONTH TO DATE    T                         0.24  -0.24     0.25
  SINCE OCT 1      7.76                      5.90   1.86     3.91
  SINCE JAN 1      4.26                      3.51   0.75     0.86

DEGREE DAYS
 HEATING
  YESTERDAY        0                         0      0        0
  MONTH TO DATE    0                         0      0        0
  SINCE JUN 1      0                         0      0        0
  SINCE JUL 1      0                         0      0        0

 COOLING
  YESTERDAY       21                        23     -2       22
  MONTH TO DATE  130                       138     -8      143
  SINCE JUN 1    843                       732    111      868
  SINCE JAN 1   1357                      1234    123     1471
..................................................................


WIND (MPH)
  HIGHEST WIND SPEED    18   HIGHEST WIND DIRECTION     W (280)
  HIGHEST GUST SPEED    24   HIGHEST GUST DIRECTION     W (290)
  AVERAGE WIND SPEED     5.2


SKY COVER
  POSSIBLE SUNSHINE  MM
  AVERAGE SKY COVER 0.2


WEATHER CONDITIONS
 THE FOLLOWING WEATHER WAS RECORDED YESTERDAY.
  THUNDERSTORM
  LIGHT RAIN


RELATIVE HUMIDITY (PERCENT)
 HIGHEST    69
 LOWEST     32
 AVERAGE    51

..........................................................


THE TUCSON AZ CLIMATE NORMALS FOR TODAY
                         NORMAL    RECORD    YEAR
 MAXIMUM TEMPERATURE (F)  101       110      1942
                                             1910
 MINIMUM TEMPERATURE (F)   74        58      1938


SUNRISE AND SUNSET
JULY  7 2015..........SUNRISE   524 AM MST   SUNSET   733 PM MST
JULY  8 2015..........SUNRISE   524 AM MST   SUNSET   733 PM MST


-  INDICATES NEGATIVE NUMBERS.
R  INDICATES RECORD WAS SET OR TIED.
MM INDICATES DATA IS MISSING.
T  INDICATES TRACE AMOUNT.




$$
