000
CDUS45 KTWC 290732
CLITUS

CLIMATE REPORT
NATIONAL WEATHER SERVICE TUCSON AZ
1230 AM MST TUE JUL 29 2014


...................................

...THE TUCSON AZ CLIMATE SUMMARY FOR JULY 28 2014...

CLIMATE NORMAL PERIOD 1981 TO 2010
CLIMATE RECORD PERIOD 1895 TO 2014


WEATHER ITEM   OBSERVED TIME   RECORD YEAR NORMAL DEPARTURE LAST
                VALUE   (LST)  VALUE       VALUE  FROM      YEAR
                                                  NORMAL
..................................................................
TEMPERATURE (F)
 YESTERDAY
  MAXIMUM         95    410 PM 114    1995  98     -3      101
  MINIMUM         75    147 AM  62    1913  74      1       75
  AVERAGE         85                        86     -1       88

PRECIPITATION (IN)
  YESTERDAY        0.01          1.88 1921   0.10  -0.09     0.00
  MONTH TO DATE    1.43                      1.96  -0.53     2.60
  SINCE OCT 1      5.09                      7.62  -2.53     5.58
  SINCE JAN 1      2.04                      5.23  -3.19     4.37

DEGREE DAYS
 HEATING
  YESTERDAY        0                         0      0        0
  MONTH TO DATE    0                         0      0        0
  SINCE JUN 1      0                         0      0        0
  SINCE JUL 1      0                         0      0        0

 COOLING
  YESTERDAY       20                        21     -1       23
  MONTH TO DATE  652                       623     29      644
  SINCE JUN 1   1377                      1217    160     1385
  SINCE JAN 1   1980                      1719    261     2096
..................................................................


WIND (MPH)
  HIGHEST WIND SPEED    25   HIGHEST WIND DIRECTION    SE (130)
  HIGHEST GUST SPEED    31   HIGHEST GUST DIRECTION    SE (130)
  AVERAGE WIND SPEED     7.6


SKY COVER
  POSSIBLE SUNSHINE  MM
  AVERAGE SKY COVER 0.0


WEATHER CONDITIONS
 THE FOLLOWING WEATHER WAS RECORDED YESTERDAY.
  LIGHT RAIN


RELATIVE HUMIDITY (PERCENT)
 HIGHEST    69
 LOWEST     32
 AVERAGE    51

..........................................................


THE TUCSON AZ CLIMATE NORMALS FOR TODAY
                         NORMAL    RECORD    YEAR
 MAXIMUM TEMPERATURE (F)   98       110      1995
 MINIMUM TEMPERATURE (F)   74        62      1913


SUNRISE AND SUNSET
JULY 29 2014..........SUNRISE   537 AM MST   SUNSET   723 PM MST
JULY 30 2014..........SUNRISE   538 AM MST   SUNSET   722 PM MST


-  INDICATES NEGATIVE NUMBERS.
R  INDICATES RECORD WAS SET OR TIED.
MM INDICATES DATA IS MISSING.
T  INDICATES TRACE AMOUNT.

$$
