044
CDUS45 KTWC 300026 RRA
CLITUS

CLIMATE REPORT
NATIONAL WEATHER SERVICE TUCSON AZ
525 PM MST FRI JUL 29 2016


...................................

...THE TUCSON AZ CLIMATE SUMMARY FOR JULY 29 2016...
VALID TODAY AS OF 0500 PM LOCAL TIME.

CLIMATE NORMAL PERIOD 1981 TO 2010
CLIMATE RECORD PERIOD 1895 TO 2016


WEATHER ITEM   OBSERVED TIME   RECORD YEAR NORMAL DEPARTURE LAST
                VALUE   (LST)  VALUE       VALUE  FROM      YEAR
                                                  NORMAL
..................................................................
TEMPERATURE (F)
 TODAY
  MAXIMUM        106    451 PM 110    1995  98      8       93
  MINIMUM         81    612 AM  62    1913  74      7       74
  AVERAGE         94                        86      8       84

PRECIPITATION (IN)
  TODAY            0.00          3.93 1958   0.09  -0.09     0.06
  MONTH TO DATE    1.75                      2.05  -0.30     2.07
  SINCE OCT 1      8.75                      7.71   1.04     9.83
  SINCE JAN 1      5.87                      5.32   0.55     6.33

DEGREE DAYS
 HEATING
  TODAY            0                         0      0        0
  MONTH TO DATE    0                         0      0        0
  SINCE JUN 1      0                         0      0        0
  SINCE JUL 1      0                         0      0        0

 COOLING
  TODAY           29                        21      8       19
  MONTH TO DATE  759                       644    115      655
  SINCE JUN 1   1469                      1238    231     1368
  SINCE JAN 1   2036                      1740    296     1882
..................................................................


WIND (MPH)
  HIGHEST WIND SPEED    13   HIGHEST WIND DIRECTION     S (170)
  HIGHEST GUST SPEED    19   HIGHEST GUST DIRECTION     N (350)
  AVERAGE WIND SPEED     6.5


SKY COVER
  POSSIBLE SUNSHINE  MM
  AVERAGE SKY COVER 0.0


WEATHER CONDITIONS
 THE FOLLOWING WEATHER WAS RECORDED TODAY.
  NO SIGNIFICANT WEATHER WAS OBSERVED.


RELATIVE HUMIDITY (PERCENT)
 HIGHEST    62
 LOWEST     21
 AVERAGE    42

..........................................................


THE TUCSON AZ CLIMATE NORMALS FOR TOMORROW
                         NORMAL    RECORD    YEAR
 MAXIMUM TEMPERATURE (F)   98       109      1986
                                             1957
                                             1943
 MINIMUM TEMPERATURE (F)   74        64      1919
                                             1903


SUNRISE AND SUNSET
JULY 29 2016..........SUNRISE   537 AM MST   SUNSET   723 PM MST
JULY 30 2016..........SUNRISE   538 AM MST   SUNSET   722 PM MST


-  INDICATES NEGATIVE NUMBERS.
R  INDICATES RECORD WAS SET OR TIED.
MM INDICATES DATA IS MISSING.
T  INDICATES TRACE AMOUNT.




$$
