000
CDUS45 KTWC 241426
CLITUS

CLIMATE REPORT
NATIONAL WEATHER SERVICE TUCSON AZ
725 AM MST SAT JUN 24 2017


...................................

...THE TUCSON AZ CLIMATE SUMMARY FOR JUNE 24 2017...
VALID AS OF 0700 AM LOCAL TIME.

CLIMATE NORMAL PERIOD 1981 TO 2010
CLIMATE RECORD PERIOD 1895 TO 2017


WEATHER ITEM   OBSERVED TIME   RECORD YEAR NORMAL DEPARTURE LAST
                VALUE   (LST)  VALUE       VALUE  FROM      YEAR
                                                  NORMAL
..................................................................
TEMPERATURE (F)
 TODAY
  MINIMUM         83    254 AM  57    1907  72     11       82

PRECIPITATION (IN)
  TODAY            0.00          1.27 1954   0.01  -0.01     0.01
  MONTH TO DATE    0.00                      0.11  -0.11     0.21
  SINCE OCT 1      3.29                      5.57  -2.28     5.62
  SINCE JAN 1      1.61                      3.18  -1.57     2.74

DEGREE DAYS
 HEATING
  TODAY            0                         0      0        0

 COOLING
  TODAY           22                        22      0       28
..................................................................


WIND (MPH)
  HIGHEST WIND SPEED     8   HIGHEST WIND DIRECTION     E (100)
  HIGHEST GUST SPEED    10   HIGHEST GUST DIRECTION     W (250)
  AVERAGE WIND SPEED     3.6


SKY COVER
  POSSIBLE SUNSHINE  MM
  AVERAGE SKY COVER 0.0


WEATHER CONDITIONS
 THE FOLLOWING WEATHER WAS RECORDED TODAY.
  NO SIGNIFICANT WEATHER WAS OBSERVED.


RELATIVE HUMIDITY (PERCENT)
 HIGHEST    28           300 AM

..........................................................


THE TUCSON AZ CLIMATE NORMALS FOR TOMORROW
                         NORMAL    RECORD    YEAR
 MAXIMUM TEMPERATURE (F)  102       115      1994
 MINIMUM TEMPERATURE (F)   72        56      1907


SUNRISE AND SUNSET
JUNE 24 2017..........SUNRISE   519 AM MST   SUNSET   734 PM MST
JUNE 25 2017..........SUNRISE   519 AM MST   SUNSET   734 PM MST


-  INDICATES NEGATIVE NUMBERS.
R  INDICATES RECORD WAS SET OR TIED.
MM INDICATES DATA IS MISSING.
T  INDICATES TRACE AMOUNT.




$$
