000
CDUS45 KTWC 110735
CLITUS

CLIMATE REPORT
NATIONAL WEATHER SERVICE TUCSON AZ
1234 AM MST FRI JUL 11 2014


...................................

...THE TUCSON AZ CLIMATE SUMMARY FOR JULY 10 2014...

CLIMATE NORMAL PERIOD 1981 TO 2010
CLIMATE RECORD PERIOD 1895 TO 2014


WEATHER ITEM   OBSERVED TIME   RECORD YEAR NORMAL DEPARTURE LAST
                VALUE   (LST)  VALUE       VALUE  FROM      YEAR
                                                  NORMAL
..................................................................
TEMPERATURE (F)
 YESTERDAY
  MAXIMUM         99    351 PM 109    1979 101     -2       98
                                      1958
                                      1934
  MINIMUM         77    625 AM  60    1926  75      2       75
  AVERAGE         88                        88      0       87

PRECIPITATION (IN)
  YESTERDAY        0.00          0.59 1917   0.06  -0.06     0.02
  MONTH TO DATE    0.67                      0.47   0.20     0.96
  SINCE OCT 1      4.33                      6.13  -1.80     3.94
  SINCE JAN 1      1.28                      3.74  -2.46     2.73

DEGREE DAYS
 HEATING
  YESTERDAY        0                         0      0        0
  MONTH TO DATE    0                         0      0        0
  SINCE JUN 1      0                         0      0        0
  SINCE JUL 1      0                         0      0        0

 COOLING
  YESTERDAY       23                        23      0       22
  MONTH TO DATE  231                       230      1      258
  SINCE JUN 1    956                       824    132      999
  SINCE JAN 1   1559                      1326    233     1710
..................................................................


WIND (MPH)
  HIGHEST WIND SPEED    20   HIGHEST WIND DIRECTION    NW (300)
  HIGHEST GUST SPEED    27   HIGHEST GUST DIRECTION     W (290)
  AVERAGE WIND SPEED     7.6


SKY COVER
  POSSIBLE SUNSHINE  MM
  AVERAGE SKY COVER 0.0


WEATHER CONDITIONS
 THE FOLLOWING WEATHER WAS RECORDED YESTERDAY.
  NO SIGNIFICANT WEATHER WAS OBSERVED.


RELATIVE HUMIDITY (PERCENT)
 HIGHEST    64
 LOWEST     24
 AVERAGE    44

..........................................................


THE TUCSON AZ CLIMATE NORMALS FOR TODAY
                         NORMAL    RECORD    YEAR
 MAXIMUM TEMPERATURE (F)  101       111      1958
 MINIMUM TEMPERATURE (F)   75        68      1937
                                             1930
                                             1921


SUNRISE AND SUNSET
JULY 11 2014..........SUNRISE   526 AM MST   SUNSET   732 PM MST
JULY 12 2014..........SUNRISE   526 AM MST   SUNSET   732 PM MST


-  INDICATES NEGATIVE NUMBERS.
R  INDICATES RECORD WAS SET OR TIED.
MM INDICATES DATA IS MISSING.
T  INDICATES TRACE AMOUNT.




$$
