000
CDUS45 KTWC 040030
CLITUS

CLIMATE REPORT
NATIONAL WEATHER SERVICE TUCSON AZ
528 PM MST MON AUG 3 2015


...................................

...THE TUCSON AZ CLIMATE SUMMARY FOR AUGUST 3 2015...
VALID TODAY AS OF 0500 PM LOCAL TIME.

CLIMATE NORMAL PERIOD 1981 TO 2010
CLIMATE RECORD PERIOD 1895 TO 2015


WEATHER ITEM   OBSERVED TIME   RECORD YEAR NORMAL DEPARTURE LAST
                VALUE   (LST)  VALUE       VALUE  FROM      YEAR
                                                  NORMAL
..................................................................
TEMPERATURE (F)
 TODAY
  MAXIMUM        104    348 PM 110    1994  97      7       96
  MINIMUM         79    620 AM  63    1955  74      5       71
  AVERAGE         92                        86      6       84

PRECIPITATION (IN)
  TODAY            0.00          2.28 1955   0.08  -0.08     0.00
  MONTH TO DATE    0.34                      0.26   0.08     0.46
  SINCE OCT 1     10.18                      8.17   2.01     5.55
  SINCE JAN 1      6.68                      5.78   0.90     2.50

DEGREE DAYS
 HEATING
  TODAY            0                         0      0        0
  MONTH TO DATE    0                         0      0        0
  SINCE JUN 1      0                         0      0        0
  SINCE JUL 1      0                         0      0        0

 COOLING
  TODAY           27                        21      6       19
  MONTH TO DATE   72                        63      9       53
  SINCE JUN 1   1486                      1340    146     1508
  SINCE JAN 1   2000                      1842    158     2111
..................................................................


WIND (MPH)
  HIGHEST WIND SPEED    14   HIGHEST WIND DIRECTION     N (340)
  HIGHEST GUST SPEED    20   HIGHEST GUST DIRECTION     N (360)
  AVERAGE WIND SPEED     5.1


SKY COVER
  POSSIBLE SUNSHINE  MM
  AVERAGE SKY COVER 0.1


WEATHER CONDITIONS
 THE FOLLOWING WEATHER WAS RECORDED TODAY.
  NO SIGNIFICANT WEATHER WAS OBSERVED.


RELATIVE HUMIDITY (PERCENT)
 HIGHEST    54
 LOWEST     15
 AVERAGE    35

..........................................................


THE TUCSON AZ CLIMATE NORMALS FOR TOMORROW
                         NORMAL    RECORD    YEAR
 MAXIMUM TEMPERATURE (F)   97       109      1994
                                             1944
 MINIMUM TEMPERATURE (F)   74        63      1911


SUNRISE AND SUNSET
AUGUST  3 2015........SUNRISE   540 AM MST   SUNSET   719 PM MST
AUGUST  4 2015........SUNRISE   541 AM MST   SUNSET   718 PM MST


-  INDICATES NEGATIVE NUMBERS.
R  INDICATES RECORD WAS SET OR TIED.
MM INDICATES DATA IS MISSING.
T  INDICATES TRACE AMOUNT.




$$
