000
CDUS45 KTWC 240731
CLITUS

CLIMATE REPORT
NATIONAL WEATHER SERVICE TUCSON AZ
1230 AM MST MON APR 24 2017


...................................

...THE TUCSON AZ CLIMATE SUMMARY FOR APRIL 23 2017...

CLIMATE NORMAL PERIOD 1981 TO 2010
CLIMATE RECORD PERIOD 1895 TO 2017


WEATHER ITEM   OBSERVED TIME   RECORD YEAR NORMAL DEPARTURE LAST
                VALUE   (LST)  VALUE       VALUE  FROM      YEAR
                                                  NORMAL
..................................................................
TEMPERATURE (F)
 YESTERDAY
  MAXIMUM         98    239 PM 100    2012  84     14       89
  MINIMUM         61    418 AM  37    1923  54      7       60
                                      1909
  AVERAGE         80                        69     11       75

PRECIPITATION (IN)
  YESTERDAY        0.00          0.81 1905   0.01  -0.01     0.00
  MONTH TO DATE    T                         0.27  -0.27     0.71
  SINCE OCT 1      3.27                      5.19  -1.92     5.41
  SINCE JAN 1      1.59                      2.80  -1.21     2.53

DEGREE DAYS
 HEATING
  YESTERDAY        0                         1     -1        0
  MONTH TO DATE   14                        53    -39       18
  SINCE MAR 1     61                       232   -171       85
  SINCE JUL 1    942                      1499   -557     1213

 COOLING
  YESTERDAY       15                         5     10       10
  MONTH TO DATE  152                        77     75      115
  SINCE MAR 1    296                       106    190      193
  SINCE JAN 1    305                       110    195      227
..................................................................


WIND (MPH)
  HIGHEST WIND SPEED    20   HIGHEST WIND DIRECTION    SW (230)
  HIGHEST GUST SPEED    30   HIGHEST GUST DIRECTION     W (250)
  AVERAGE WIND SPEED     9.3


SKY COVER
  POSSIBLE SUNSHINE  MM
  AVERAGE SKY COVER 0.0


WEATHER CONDITIONS
 THE FOLLOWING WEATHER WAS RECORDED YESTERDAY.
  NO SIGNIFICANT WEATHER WAS OBSERVED.


RELATIVE HUMIDITY (PERCENT)
 HIGHEST    18
 LOWEST      4
 AVERAGE    11

..........................................................


THE TUCSON AZ CLIMATE NORMALS FOR TODAY
                         NORMAL    RECORD    YEAR
 MAXIMUM TEMPERATURE (F)   85        99      1996
 MINIMUM TEMPERATURE (F)   54        35      1937


SUNRISE AND SUNSET
APRIL 24 2017.........SUNRISE   544 AM MST   SUNSET   700 PM MST
APRIL 25 2017.........SUNRISE   543 AM MST   SUNSET   700 PM MST


-  INDICATES NEGATIVE NUMBERS.
R  INDICATES RECORD WAS SET OR TIED.
MM INDICATES DATA IS MISSING.
T  INDICATES TRACE AMOUNT.




$$
