000
CDUS45 KTWC 290732
CLITUS

CLIMATE REPORT
NATIONAL WEATHER SERVICE TUCSON AZ
1230 AM MST SAT AUG 29 2015


...................................

...THE TUCSON AZ CLIMATE SUMMARY FOR AUGUST 28 2015...

CLIMATE NORMAL PERIOD 1981 TO 2010
CLIMATE RECORD PERIOD 1895 TO 2015


WEATHER ITEM   OBSERVED TIME   RECORD YEAR NORMAL DEPARTURE LAST
                VALUE   (LST)  VALUE       VALUE  FROM      YEAR
                                                  NORMAL
..................................................................
TEMPERATURE (F)
 YESTERDAY
  MAXIMUM        102    409 PM 107    1998  98      4       99
  MINIMUM         75    628 AM  59    1900  73      2       74
  AVERAGE         89                        85      4       87

PRECIPITATION (IN)
  YESTERDAY        0.00          0.81 1969   0.07  -0.07     0.00
  MONTH TO DATE    1.51                      2.20  -0.69     1.89
  SINCE OCT 1     11.35                     10.11   1.24     6.98
  SINCE JAN 1      7.85                      7.72   0.13     3.93

DEGREE DAYS
 HEATING
  YESTERDAY        0                         0      0        0
  MONTH TO DATE    0                         0      0        0
  SINCE JUN 1      0                         0      0        0
  SINCE JUL 1      0                         0      0        0

 COOLING
  YESTERDAY       24                        20      4       22
  MONTH TO DATE  680                       566    114      564
  SINCE JUN 1   2094                      1843    251     2019
  SINCE JAN 1   2608                      2345    263     2622
..................................................................


WIND (MPH)
  HIGHEST WIND SPEED    13   HIGHEST WIND DIRECTION    SE (130)
  HIGHEST GUST SPEED    20   HIGHEST GUST DIRECTION    SE (120)
  AVERAGE WIND SPEED     3.9


SKY COVER
  POSSIBLE SUNSHINE  MM
  AVERAGE SKY COVER 0.0


WEATHER CONDITIONS
 THE FOLLOWING WEATHER WAS RECORDED YESTERDAY.
  NO SIGNIFICANT WEATHER WAS OBSERVED.


RELATIVE HUMIDITY (PERCENT)
 HIGHEST    69
 LOWEST     19
 AVERAGE    44

..........................................................


THE TUCSON AZ CLIMATE NORMALS FOR TODAY
                         NORMAL    RECORD    YEAR
 MAXIMUM TEMPERATURE (F)   98       107      1985
                                             1905
 MINIMUM TEMPERATURE (F)   73        58      1917


SUNRISE AND SUNSET
AUGUST 29 2015........SUNRISE   557 AM MST   SUNSET   652 PM MST
AUGUST 30 2015........SUNRISE   558 AM MST   SUNSET   651 PM MST


-  INDICATES NEGATIVE NUMBERS.
R  INDICATES RECORD WAS SET OR TIED.
MM INDICATES DATA IS MISSING.
T  INDICATES TRACE AMOUNT.




$$
