862
CDUS45 KTWC 231428
CLITUS

CLIMATE REPORT
NATIONAL WEATHER SERVICE TUCSON AZ
728 AM MST TUE MAY 23 2017


...................................

...THE TUCSON AZ CLIMATE SUMMARY FOR MAY 23 2017...
VALID AS OF 0700 AM LOCAL TIME.

CLIMATE NORMAL PERIOD 1981 TO 2010
CLIMATE RECORD PERIOD 1895 TO 2017


WEATHER ITEM   OBSERVED TIME   RECORD YEAR NORMAL DEPARTURE LAST
                VALUE   (LST)  VALUE       VALUE  FROM      YEAR
                                                  NORMAL
..................................................................
TEMPERATURE (F)
 TODAY
  MINIMUM         67    531 AM  44    1927  62      5       61

PRECIPITATION (IN)
  TODAY            0.00          0.52 1919   0.01  -0.01     0.00
  MONTH TO DATE    0.02                      0.17  -0.15     0.00
  SINCE OCT 1      3.29                      5.40  -2.11     5.41
  SINCE JAN 1      1.61                      3.01  -1.40     2.53

DEGREE DAYS
 HEATING
  TODAY            0                         0      0        0

 COOLING
  TODAY            6                        13     -7       11
..................................................................


WIND (MPH)
  HIGHEST WIND SPEED    10   HIGHEST WIND DIRECTION    SE (140)
  HIGHEST GUST SPEED    12   HIGHEST GUST DIRECTION    SE (140)
  AVERAGE WIND SPEED     6.8


SKY COVER
  POSSIBLE SUNSHINE  MM
  AVERAGE SKY COVER 0.0


WEATHER CONDITIONS
 THE FOLLOWING WEATHER WAS RECORDED TODAY.
  NO SIGNIFICANT WEATHER WAS OBSERVED.


RELATIVE HUMIDITY (PERCENT)
 HIGHEST    19           500 AM

..........................................................


THE TUCSON AZ CLIMATE NORMALS FOR TOMORROW
                         NORMAL    RECORD    YEAR
 MAXIMUM TEMPERATURE (F)   94       104      2001
                                             1984
                                             1983
 MINIMUM TEMPERATURE (F)   63        42      1909


SUNRISE AND SUNSET
MAY 23 2017...........SUNRISE   521 AM MST   SUNSET   720 PM MST
MAY 24 2017...........SUNRISE   521 AM MST   SUNSET   721 PM MST


-  INDICATES NEGATIVE NUMBERS.
R  INDICATES RECORD WAS SET OR TIED.
MM INDICATES DATA IS MISSING.
T  INDICATES TRACE AMOUNT.




$$
