731
CDUS43 KAPX 220540
CLITVC


CLIMATE REPORT
NATIONAL WEATHER SERVICE GAYLORD MI
1236 AM EST MON JAN 22 2018


...................................

...THE TRAVERSE CITY MI CLIMATE SUMMARY FOR JANUARY 21 2018...

CLIMATE NORMAL PERIOD 1981 TO 2010
CLIMATE RECORD PERIOD 1896 TO 2018


WEATHER ITEM   OBSERVED TIME   RECORD YEAR NORMAL DEPARTURE LAST
                VALUE   (LST)  VALUE       VALUE  FROM      YEAR
                                                  NORMAL
..................................................................
TEMPERATURE (F)
 YESTERDAY
  MAXIMUM         45    159 PM  50    1906  27     18       47
  MINIMUM         31    446 AM -20    1984  15     16       35
  AVERAGE         38                        21     17       41

PRECIPITATION (IN)
  YESTERDAY        0.00          0.46 1993   0.09  -0.09     0.01
  MONTH TO DATE    0.45                      2.02  -1.57     1.04
  SINCE DEC 1      1.77                      4.51  -2.74     2.27
  SINCE JAN 1      0.45                      2.02  -1.57     1.04

DEGREE DAYS
 HEATING
  YESTERDAY       27                        44    -17       24
  MONTH TO DATE  909                       909      0      822
  SINCE DEC 1   2181                      2098     83     1942
  SINCE JUL 1   3475                      3717   -242     2901
..................................................................


WIND (MPH)
  HIGHEST WIND SPEED    12   HIGHEST WIND DIRECTION    NE (30)
  HIGHEST GUST SPEED    15   HIGHEST GUST DIRECTION    NE (40)
  AVERAGE WIND SPEED     2.7




RELATIVE HUMIDITY (PERCENT)
 HIGHEST   100
 LOWEST     70
 AVERAGE    85

..........................................................


THE TRAVERSE CITY MI CLIMATE NORMALS FOR TODAY
                         NORMAL    RECORD    YEAR
 MAXIMUM TEMPERATURE (F)   27        49      2002
                                             1933
 MINIMUM TEMPERATURE (F)   15       -10      1954


SUNRISE AND SUNSET
JANUARY 22 2018.......SUNRISE   811 AM EST   SUNSET   537 PM EST
JANUARY 23 2018.......SUNRISE   810 AM EST   SUNSET   538 PM EST


-  INDICATES NEGATIVE NUMBERS.
R  INDICATES RECORD WAS SET OR TIED.
MM INDICATES DATA IS MISSING.
T  INDICATES TRACE AMOUNT.




$$
