000
CDUS43 KAPX 232127
CLITVC


CLIMATE REPORT
NATIONAL WEATHER SERVICE GAYLORD MI
527 PM EDT SUN APR 23 2017


...................................

...THE TRAVERSE CITY MI CLIMATE SUMMARY FOR APRIL 23 2017...
VALID TODAY AS OF 0500 PM LOCAL TIME.

CLIMATE NORMAL PERIOD 1981 TO 2010
CLIMATE RECORD PERIOD 1896 TO 2017


WEATHER ITEM   OBSERVED TIME   RECORD YEAR NORMAL DEPARTURE LAST
                VALUE   (LST)  VALUE       VALUE  FROM      YEAR
                                                  NORMAL
..................................................................
TEMPERATURE (F)
 TODAY
  MAXIMUM         52    822 AM  86    1925  57     -5       53
  MINIMUM         41   1233 AM  21    1986  35      6       29
  AVERAGE         47                        46      1       41

PRECIPITATION (IN)
  TODAY            0.00          0.87 1944   0.09  -0.09     0.00
  MONTH TO DATE    2.34                      2.16   0.18     0.83
  SINCE MAR 1      4.07                      4.02   0.05     4.65
  SINCE JAN 1      7.40                      8.34  -0.94     7.44

SNOWFALL (IN)
  TODAY           MM            MM      MM   0.1   MM       MM
  MONTH TO DATE   MM                         2.4   MM       MM
  SINCE OCT 1     MM                       101.1   MM       MM
  SINCE JUL 1     MM                       101.1   MM       MM

DEGREE DAYS
 HEATING
  TODAY           18                        19     -1       24
  MONTH TO DATE  408                       540   -132      563
  SINCE MAR 1   1441                      1602   -161     1418
  SINCE JUL 1   5614                      6942  -1328     5728

 COOLING
  TODAY            0                         0      0        0
  MONTH TO DATE    2                         0      2        0
  SINCE MAR 1      2                         0      2        0
  SINCE JAN 1      2                         0      2        0
..................................................................


WIND (MPH)
  RESULTANT WIND SPEED   5   RESULTANT WIND DIRECTION   N (360)
  HIGHEST WIND SPEED    18   HIGHEST WIND DIRECTION     N (360)
  HIGHEST GUST SPEED    24   HIGHEST GUST DIRECTION     N (350)
  AVERAGE WIND SPEED     9.3


SKY COVER
  POSSIBLE SUNSHINE  MM
  AVERAGE SKY COVER 0.2


WEATHER CONDITIONS
 THE FOLLOWING WEATHER WAS RECORDED TODAY.
  NO SIGNIFICANT WEATHER WAS OBSERVED.


RELATIVE HUMIDITY (PERCENT)
 HIGHEST    66           900 AM
 LOWEST     37           200 AM
 AVERAGE    52

..........................................................




SUNRISE AND SUNSET
APRIL 23 2017.........SUNRISE   644 AM EDT   SUNSET   838 PM EDT
APRIL 24 2017.........SUNRISE   643 AM EDT   SUNSET   839 PM EDT


-  INDICATES NEGATIVE NUMBERS.
R  INDICATES RECORD WAS SET OR TIED.
MM INDICATES DATA IS MISSING.
T  INDICATES TRACE AMOUNT.




$$
