000
CDUS43 KAPX 310528
CLITVC


CLIMATE REPORT
NATIONAL WEATHER SERVICE GAYLORD MI
127 AM EDT SUN AUG 31 2014


...................................

...THE TRAVERSE CITY MI CLIMATE SUMMARY FOR AUGUST 30 2014...

CLIMATE NORMAL PERIOD 1981 TO 2010
CLIMATE RECORD PERIOD 1896 TO 2014


WEATHER ITEM   OBSERVED TIME   RECORD YEAR NORMAL DEPARTURE LAST
                VALUE   (LST)  VALUE       VALUE  FROM      YEAR
                                                  NORMAL
..................................................................
TEMPERATURE (F)
 YESTERDAY
  MAXIMUM         83    135 PM  93    1969  76      7       80
  MINIMUM         65   1159 PM  39    1976  55     10       70
  AVERAGE         74                        65      9       75

PRECIPITATION (IN)
  YESTERDAY        0.17          1.48 1941   0.11   0.06     0.12
  MONTH TO DATE    2.35                      3.27  -0.92     3.98
  SINCE JUN 1      7.12                      9.45  -2.33     8.19
  SINCE JAN 1     16.80                     21.00  -4.20    20.57

DEGREE DAYS
 HEATING
  YESTERDAY        0                         2     -2        0
  MONTH TO DATE   24                        37    -13       22
  SINCE JUN 1    151                       177    -26      152
  SINCE JUL 1     79                        65     14       50

 COOLING
  YESTERDAY        9                         3      6       10
  MONTH TO DATE  121                       114      7      136
  SINCE JUN 1    319                       347    -28      429
  SINCE JAN 1    328                       367    -39      471
..................................................................


WIND (MPH)
  HIGHEST WIND SPEED    18   HIGHEST WIND DIRECTION     W (270)
  HIGHEST GUST SPEED    25   HIGHEST GUST DIRECTION    SW (210)
  AVERAGE WIND SPEED     7.0




RELATIVE HUMIDITY (PERCENT)
 HIGHEST    93
 LOWEST     58
 AVERAGE    76

..........................................................


THE TRAVERSE CITY MI CLIMATE NORMALS FOR TODAY
                         NORMAL    RECORD    YEAR
 MAXIMUM TEMPERATURE (F)   76        95      1937
 MINIMUM TEMPERATURE (F)   55        39      1931


SUNRISE AND SUNSET
AUGUST 31 2014........SUNRISE   703 AM EDT   SUNSET   821 PM EDT
SEPTEMBER  1 2014.....SUNRISE   705 AM EDT   SUNSET   819 PM EDT


-  INDICATES NEGATIVE NUMBERS.
R  INDICATES RECORD WAS SET OR TIED.
MM INDICATES DATA IS MISSING.
T  INDICATES TRACE AMOUNT.




$$
