000
CDUS43 KAPX 240538
CLITVC


CLIMATE REPORT
NATIONAL WEATHER SERVICE GAYLORD MI
137 AM EDT TUE MAY 24 2016


...................................

...THE TRAVERSE CITY MI CLIMATE SUMMARY FOR MAY 23 2016...

CLIMATE NORMAL PERIOD 1981 TO 2010
CLIMATE RECORD PERIOD 1896 TO 2016


WEATHER ITEM   OBSERVED TIME   RECORD YEAR NORMAL DEPARTURE LAST
                VALUE   (LST)  VALUE       VALUE  FROM      YEAR
                                                  NORMAL
..................................................................
TEMPERATURE (F)
 YESTERDAY
  MAXIMUM         84    304 PM  90    1975  68     16       77
  MINIMUM         32    830 AM  24    1963  44    -12       35
  AVERAGE         58                        56      2       56

PRECIPITATION (IN)
  YESTERDAY        0.00          0.60 1993   0.08  -0.08     0.00
  MONTH TO DATE    0.52                      1.91  -1.39     0.82
  SINCE MAR 1      6.08                      6.55  -0.47     2.75
  SINCE JAN 1      8.87                     10.87  -2.00     3.53

DEGREE DAYS
 HEATING
  YESTERDAY        7                        10     -3        9
  MONTH TO DATE  297                       302     -5      249
  SINCE MAR 1   1856                      2029   -173     1982
  SINCE JUL 1   6166                      7369  -1203     7714

 COOLING
  YESTERDAY        0                         1     -1        0
  MONTH TO DATE    0                         6     -6       16
  SINCE MAR 1      0                         9     -9       16
  SINCE JAN 1      0                         9     -9       16
..................................................................


WIND (MPH)
  HIGHEST WIND SPEED    17   HIGHEST WIND DIRECTION     W (290)
  HIGHEST GUST SPEED    23   HIGHEST GUST DIRECTION     W (280)
  AVERAGE WIND SPEED     4.4




RELATIVE HUMIDITY (PERCENT)
 HIGHEST    63
 LOWEST     18
 AVERAGE    41

..........................................................


THE TRAVERSE CITY MI CLIMATE NORMALS FOR TODAY
                         NORMAL    RECORD    YEAR
 MAXIMUM TEMPERATURE (F)   68        93      2010
 MINIMUM TEMPERATURE (F)   44        25      1956


SUNRISE AND SUNSET
MAY 24 2016...........SUNRISE   605 AM EDT   SUNSET   914 PM EDT
MAY 25 2016...........SUNRISE   604 AM EDT   SUNSET   915 PM EDT


-  INDICATES NEGATIVE NUMBERS.
R  INDICATES RECORD WAS SET OR TIED.
MM INDICATES DATA IS MISSING.
T  INDICATES TRACE AMOUNT.




$$
