000
CDUS43 KAPX 270536
CLITVC


CLIMATE REPORT
NATIONAL WEATHER SERVICE GAYLORD MI
135 AM EDT SAT AUG 27 2016


...................................

...THE TRAVERSE CITY MI CLIMATE SUMMARY FOR AUGUST 26 2016...

CLIMATE NORMAL PERIOD 1981 TO 2010
CLIMATE RECORD PERIOD 1896 TO 2016


WEATHER ITEM   OBSERVED TIME   RECORD YEAR NORMAL DEPARTURE LAST
                VALUE   (LST)  VALUE       VALUE  FROM      YEAR
                                                  NORMAL
..................................................................
TEMPERATURE (F)
 YESTERDAY
  MAXIMUM         77    404 PM  98    1909  77      0       62
  MINIMUM         60    627 AM  40    1917  56      4       56
  AVERAGE         69                        66      3       59

PRECIPITATION (IN)
  YESTERDAY        0.00          2.32 2000   0.11  -0.11     0.07
  MONTH TO DATE    3.51                      2.83   0.68     1.75
  SINCE JUN 1      7.72                      9.01  -1.29     4.84
  SINCE JAN 1     17.58                     20.56  -2.98    11.32

DEGREE DAYS
 HEATING
  YESTERDAY        0                         2     -2        6
  MONTH TO DATE    0                        29    -29       19
  SINCE JUN 1     73                       169    -96      135
  SINCE JUL 1      9                        57    -48       47

 COOLING
  YESTERDAY        4                         3      1        0
  MONTH TO DATE  236                       102    134      157
  SINCE JUN 1    578                       335    243      378
  SINCE JAN 1    628                       355    273      413
..................................................................


WIND (MPH)
  HIGHEST WIND SPEED    16   HIGHEST WIND DIRECTION     W (280)
  HIGHEST GUST SPEED    22   HIGHEST GUST DIRECTION     W (290)
  AVERAGE WIND SPEED     4.7




RELATIVE HUMIDITY (PERCENT)
 HIGHEST    93
 LOWEST     43
 AVERAGE    68

..........................................................


THE TRAVERSE CITY MI CLIMATE NORMALS FOR TODAY
                         NORMAL    RECORD    YEAR
 MAXIMUM TEMPERATURE (F)   76        96      1973
 MINIMUM TEMPERATURE (F)   56        37      1915


SUNRISE AND SUNSET
AUGUST 27 2016........SUNRISE   659 AM EDT   SUNSET   827 PM EDT
AUGUST 28 2016........SUNRISE   700 AM EDT   SUNSET   825 PM EDT


-  INDICATES NEGATIVE NUMBERS.
R  INDICATES RECORD WAS SET OR TIED.
MM INDICATES DATA IS MISSING.
T  INDICATES TRACE AMOUNT.




$$
