000
CDUS43 KAPX 240536
CLITVC


CLIMATE REPORT
NATIONAL WEATHER SERVICE GAYLORD MI
136 AM EDT SUN JUL 24 2016


...................................

...THE TRAVERSE CITY MI CLIMATE SUMMARY FOR JULY 23 2016...

CLIMATE NORMAL PERIOD 1981 TO 2010
CLIMATE RECORD PERIOD 1896 TO 2016


WEATHER ITEM   OBSERVED TIME   RECORD YEAR NORMAL DEPARTURE LAST
                VALUE   (LST)  VALUE       VALUE  FROM      YEAR
                                                  NORMAL
..................................................................
TEMPERATURE (F)
 YESTERDAY
  MAXIMUM         90    250 PM  97    1940  80     10       85
  MINIMUM         68    540 AM  42    1985  58     10       54
  AVERAGE         79                        69     10       70

PRECIPITATION (IN)
  YESTERDAY        0.00          2.34 1952   0.09  -0.09     0.00
  MONTH TO DATE    1.96                      2.21  -0.25     1.04
  SINCE JUN 1      4.03                      5.37  -1.34     3.06
  SINCE JAN 1     13.89                     16.92  -3.03     9.54

DEGREE DAYS
 HEATING
  YESTERDAY        0                         1     -1        0
  MONTH TO DATE    9                        24    -15       28
  SINCE JUN 1     73                       136    -63      116
  SINCE JUL 1      9                        24    -15       28

 COOLING
  YESTERDAY       14                         5      9        5
  MONTH TO DATE  178                       115     63      104
  SINCE JUN 1    268                       196     72      128
  SINCE JAN 1    318                       216    102      163
..................................................................


WIND (MPH)
  HIGHEST WIND SPEED     9   HIGHEST WIND DIRECTION    NE (30)
  HIGHEST GUST SPEED    14   HIGHEST GUST DIRECTION     N (10)
  AVERAGE WIND SPEED     2.8




RELATIVE HUMIDITY (PERCENT)
 HIGHEST    90
 LOWEST     32
 AVERAGE    61

..........................................................


THE TRAVERSE CITY MI CLIMATE NORMALS FOR TODAY
                         NORMAL    RECORD    YEAR
 MAXIMUM TEMPERATURE (F)   80       101      1941
 MINIMUM TEMPERATURE (F)   58        42      1906


SUNRISE AND SUNSET
JULY 24 2016..........SUNRISE   620 AM EDT   SUNSET   917 PM EDT
JULY 25 2016..........SUNRISE   621 AM EDT   SUNSET   916 PM EDT


-  INDICATES NEGATIVE NUMBERS.
R  INDICATES RECORD WAS SET OR TIED.
MM INDICATES DATA IS MISSING.
T  INDICATES TRACE AMOUNT.




$$
