000
CDUS43 KAPX 012126
CLITVC


CLIMATE REPORT
NATIONAL WEATHER SERVICE GAYLORD MI
526 PM EDT SAT AUG 1 2015


...................................

...THE TRAVERSE CITY MI CLIMATE SUMMARY FOR AUGUST 1 2015...
VALID TODAY AS OF 0500 PM LOCAL TIME.

CLIMATE NORMAL PERIOD 1981 TO 2010
CLIMATE RECORD PERIOD 1896 TO 2015


WEATHER ITEM   OBSERVED TIME   RECORD YEAR NORMAL DEPARTURE LAST
                VALUE   (LST)  VALUE       VALUE  FROM      YEAR
                                                  NORMAL
..................................................................
TEMPERATURE (F)
 TODAY
  MAXIMUM         83    234 PM 100    1917  80      3       81
  MINIMUM         60    231 AM  40    1947  58      2       58
  AVERAGE         72                        69      3       70

PRECIPITATION (IN)
  TODAY            0.00          1.48 2002   0.11  -0.11     0.00
  MONTH TO DATE    0.00                      0.11  -0.11     0.00
  SINCE JUN 1      3.09                      6.29  -3.20     4.77
  SINCE JAN 1      9.57                     17.84  -8.27    14.45

DEGREE DAYS
 HEATING
  TODAY            0                         1     -1        0
  MONTH TO DATE    0                         1     -1        0
  SINCE JUN 1    116                       141    -25      127
  SINCE JUL 1     28                        29     -1       55

 COOLING
  TODAY            7                         5      2        5
  MONTH TO DATE    7                         5      2        5
  SINCE JUN 1    228                       238    -10      203
  SINCE JAN 1    263                       258      5      212
..................................................................


WIND (MPH)
  RESULTANT WIND SPEED   7   RESULTANT WIND DIRECTION   W (280)
  HIGHEST WIND SPEED    21   HIGHEST WIND DIRECTION     W (290)
  HIGHEST GUST SPEED    26   HIGHEST GUST DIRECTION     W (290)
  AVERAGE WIND SPEED     7.9


SKY COVER
  POSSIBLE SUNSHINE  MM
  AVERAGE SKY COVER 0.4


WEATHER CONDITIONS
 THE FOLLOWING WEATHER WAS RECORDED TODAY.
  NO SIGNIFICANT WEATHER WAS OBSERVED.


RELATIVE HUMIDITY (PERCENT)
 HIGHEST    90           200 AM
 LOWEST     33           200 PM
 AVERAGE    62

..........................................................




SUNRISE AND SUNSET
AUGUST  1 2015........SUNRISE   628 AM EDT   SUNSET   908 PM EDT
AUGUST  2 2015........SUNRISE   629 AM EDT   SUNSET   907 PM EDT


-  INDICATES NEGATIVE NUMBERS.
R  INDICATES RECORD WAS SET OR TIED.
MM INDICATES DATA IS MISSING.
T  INDICATES TRACE AMOUNT.




$$
