000
CDUS43 KAPX 110534
CLITVC


CLIMATE REPORT
NATIONAL WEATHER SERVICE GAYLORD MI
129 AM EDT FRI JUL 11 2014


...................................

...THE TRAVERSE CITY MI CLIMATE SUMMARY FOR JULY 10 2014...

CLIMATE NORMAL PERIOD 1981 TO 2010
CLIMATE RECORD PERIOD 1896 TO 2014


WEATHER ITEM   OBSERVED TIME   RECORD YEAR NORMAL DEPARTURE LAST
                VALUE   (LST)  VALUE       VALUE  FROM      YEAR
                                                  NORMAL
..................................................................
TEMPERATURE (F)
 YESTERDAY
  MAXIMUM         73    408 PM 104    1936  81     -8       75
  MINIMUM         48    545 AM  38    1898  58    -10       58
  AVERAGE         61                        69     -8       67

PRECIPITATION (IN)
  YESTERDAY        0.00          1.81 2003   0.10  -0.10     0.00
  MONTH TO DATE    0.55                      0.94  -0.39     1.10
  SINCE JUN 1      3.22                      4.10  -0.88     2.48
  SINCE JAN 1     12.90                     15.65  -2.75    14.86

DEGREE DAYS
 HEATING
  YESTERDAY        4                         1      3        0
  MONTH TO DATE   25                        11     14        5
  SINCE JUN 1     97                       123    -26      107
  SINCE JUL 1     25                        11     14        5

 COOLING
  YESTERDAY        0                         5     -5        2
  MONTH TO DATE   25                        50    -25       72
  SINCE JUN 1    132                       131      1      159
  SINCE JAN 1    141                       151    -10      201
..................................................................


WIND (MPH)
  HIGHEST WIND SPEED    12   HIGHEST WIND DIRECTION    NE (40)
  HIGHEST GUST SPEED    14   HIGHEST GUST DIRECTION    NE (50)
  AVERAGE WIND SPEED     3.1




RELATIVE HUMIDITY (PERCENT)
 HIGHEST    93
 LOWEST     37
 AVERAGE    65

..........................................................


THE TRAVERSE CITY MI CLIMATE NORMALS FOR TODAY
                         NORMAL    RECORD    YEAR
 MAXIMUM TEMPERATURE (F)   81       104      1936
 MINIMUM TEMPERATURE (F)   58        41      1965


SUNRISE AND SUNSET
JULY 11 2014..........SUNRISE   607 AM EDT   SUNSET   928 PM EDT
JULY 12 2014..........SUNRISE   608 AM EDT   SUNSET   927 PM EDT


-  INDICATES NEGATIVE NUMBERS.
R  INDICATES RECORD WAS SET OR TIED.
MM INDICATES DATA IS MISSING.
T  INDICATES TRACE AMOUNT.




$$
