000
CDUS43 KAPX 290529
CLITVC


CLIMATE REPORT
NATIONAL WEATHER SERVICE GAYLORD MI
1229 AM EST SAT NOV 29 2014


...................................

...THE TRAVERSE CITY MI CLIMATE SUMMARY FOR NOVEMBER 28 2014...

CLIMATE NORMAL PERIOD 1981 TO 2010
CLIMATE RECORD PERIOD 1896 TO 2014


WEATHER ITEM   OBSERVED TIME   RECORD YEAR NORMAL DEPARTURE LAST
                VALUE   (LST)  VALUE       VALUE  FROM      YEAR
                                                  NORMAL
..................................................................
TEMPERATURE (F)
 YESTERDAY
  MAXIMUM         26        MM  62    1990  38    -12       25
  MINIMUM         17        MM   6    1955  27    -10       12
  AVERAGE         22                        32    -10       19

PRECIPITATION (IN)
  YESTERDAY        T             1.50 1994   0.08  -0.08     0.01
  MONTH TO DATE    3.04                      2.53   0.51     4.72
  SINCE SEP 1     14.67                      9.28   5.39    14.58
  SINCE JAN 1     31.47                     30.39   1.08    35.15

DEGREE DAYS
 HEATING
  YESTERDAY       43                        33     10       46
  MONTH TO DATE  903                       765    138      773
  SINCE SEP 1   1544                      1483     61     1363
  SINCE JUL 1   1623                      1552     71     1413
..................................................................


WIND (MPH)
  HIGHEST WIND SPEED     8   HIGHEST WIND DIRECTION    SE (140)
  HIGHEST GUST SPEED    MM   HIGHEST GUST DIRECTION    MM
  AVERAGE WIND SPEED     5.1




RELATIVE HUMIDITY (PERCENT)
 HIGHEST    81
 LOWEST     67
 AVERAGE    74

..........................................................


THE TRAVERSE CITY MI CLIMATE NORMALS FOR TODAY
                         NORMAL    RECORD    YEAR
 MAXIMUM TEMPERATURE (F)   38        66      1998
 MINIMUM TEMPERATURE (F)   26         5      1976


SUNRISE AND SUNSET
NOVEMBER 29 2014......SUNRISE   757 AM EST   SUNSET   504 PM EST
NOVEMBER 30 2014......SUNRISE   758 AM EST   SUNSET   503 PM EST


-  INDICATES NEGATIVE NUMBERS.
R  INDICATES RECORD WAS SET OR TIED.
MM INDICATES DATA IS MISSING.
T  INDICATES TRACE AMOUNT.




$$
