000
CDUS43 KAPX 180551
CLITVC


CLIMATE REPORT
NATIONAL WEATHER SERVICE GAYLORD MI
1250 AM EST SAT NOV 18 2017


...................................

...THE TRAVERSE CITY MI CLIMATE SUMMARY FOR NOVEMBER 17 2017...

CLIMATE NORMAL PERIOD 1981 TO 2010
CLIMATE RECORD PERIOD 1896 TO 2017


WEATHER ITEM   OBSERVED TIME   RECORD YEAR NORMAL DEPARTURE LAST
                VALUE   (LST)  VALUE       VALUE  FROM      YEAR
                                                  NORMAL
..................................................................
TEMPERATURE (F)
 YESTERDAY
  MAXIMUM         41    203 PM  70    2016  43     -2       70
                                      1953
  MINIMUM         28    642 AM   6    1959  30     -2       35
  AVERAGE         35                        37     -2       53

PRECIPITATION (IN)
  YESTERDAY        0.44          2.00 2013   0.09   0.35     0.00
  MONTH TO DATE    1.28                      1.57  -0.29     0.05
  SINCE SEP 1     10.72                      8.32   2.40     6.65
  SINCE JAN 1     31.09                     29.43   1.66    24.39

DEGREE DAYS
 HEATING
  YESTERDAY       30                        28      2       12
  MONTH TO DATE  495                       428     67      250
  SINCE SEP 1    912                      1146   -234      637
  SINCE JUL 1    946                      1215   -269      646
..................................................................


WIND (MPH)
  HIGHEST WIND SPEED    16   HIGHEST WIND DIRECTION     S (170)
  HIGHEST GUST SPEED    23   HIGHEST GUST DIRECTION     S (160)
  AVERAGE WIND SPEED     5.7




RELATIVE HUMIDITY (PERCENT)
 HIGHEST    92
 LOWEST     60
 AVERAGE    76

..........................................................


THE TRAVERSE CITY MI CLIMATE NORMALS FOR TODAY
                         NORMAL    RECORD    YEAR
 MAXIMUM TEMPERATURE (F)   43        73      2016
 MINIMUM TEMPERATURE (F)   30        11      1924


SUNRISE AND SUNSET
NOVEMBER 18 2017......SUNRISE   744 AM EST   SUNSET   511 PM EST
NOVEMBER 19 2017......SUNRISE   745 AM EST   SUNSET   510 PM EST


-  INDICATES NEGATIVE NUMBERS.
R  INDICATES RECORD WAS SET OR TIED.
MM INDICATES DATA IS MISSING.
T  INDICATES TRACE AMOUNT.




$$
