000
CDUS43 KAPX 270527
CLITVC


CLIMATE REPORT
NATIONAL WEATHER SERVICE GAYLORD MI
127 AM EDT SAT MAY 27 2017


...................................

...THE TRAVERSE CITY MI CLIMATE SUMMARY FOR MAY 26 2017...

CLIMATE NORMAL PERIOD 1981 TO 2010
CLIMATE RECORD PERIOD 1896 TO 2017


WEATHER ITEM   OBSERVED TIME   RECORD YEAR NORMAL DEPARTURE LAST
                VALUE   (LST)  VALUE       VALUE  FROM      YEAR
                                                  NORMAL
..................................................................
TEMPERATURE (F)
 YESTERDAY
  MAXIMUM         70    324 PM  89    1978  69      1       86
  MINIMUM         50    532 AM  27    1969  45      5       65
  AVERAGE         60                        57      3       76

PRECIPITATION (IN)
  YESTERDAY        0.00          0.96 1985   0.08  -0.08     0.29
  MONTH TO DATE    1.12                      2.16  -1.04     0.82
  SINCE MAR 1      5.56                      6.80  -1.24     6.38
  SINCE JAN 1      8.89                     11.12  -2.23     9.17

DEGREE DAYS
 HEATING
  YESTERDAY        5                         9     -4        0
  MONTH TO DATE  337                       330      7      298
  SINCE MAR 1   1871                      2057   -186     1857
  SINCE JUL 1   6044                      7397  -1353     6167

 COOLING
  YESTERDAY        0                         1     -1       11
  MONTH TO DATE   18                         9      9       19
  SINCE MAR 1     21                        12      9       19
  SINCE JAN 1     21                        12      9       19
..................................................................


WIND (MPH)
  HIGHEST WIND SPEED    12   HIGHEST WIND DIRECTION    NE (30)
  HIGHEST GUST SPEED    16   HIGHEST GUST DIRECTION    NE (40)
  AVERAGE WIND SPEED     3.5




RELATIVE HUMIDITY (PERCENT)
 HIGHEST   100
 LOWEST     53
 AVERAGE    77

..........................................................


THE TRAVERSE CITY MI CLIMATE NORMALS FOR TODAY
                         NORMAL    RECORD    YEAR
 MAXIMUM TEMPERATURE (F)   69        93      1978
 MINIMUM TEMPERATURE (F)   45        28      1961


SUNRISE AND SUNSET
MAY 27 2017...........SUNRISE   603 AM EDT   SUNSET   917 PM EDT
MAY 28 2017...........SUNRISE   602 AM EDT   SUNSET   918 PM EDT


-  INDICATES NEGATIVE NUMBERS.
R  INDICATES RECORD WAS SET OR TIED.
MM INDICATES DATA IS MISSING.
T  INDICATES TRACE AMOUNT.




$$
