000
CDUS43 KAPX 022231
CLITVC


CLIMATE REPORT
NATIONAL WEATHER SERVICE GAYLORD MI
531 PM EST MON MAR 2 2015


...................................

...THE TRAVERSE CITY MI CLIMATE SUMMARY FOR MARCH 2 2015...
VALID TODAY AS OF 0500 PM LOCAL TIME.

CLIMATE NORMAL PERIOD 1981 TO 2010
CLIMATE RECORD PERIOD 1896 TO 2015


WEATHER ITEM   OBSERVED TIME   RECORD YEAR NORMAL DEPARTURE LAST
                VALUE   (LST)  VALUE       VALUE  FROM      YEAR
                                                  NORMAL
..................................................................
TEMPERATURE (F)
 TODAY
  MAXIMUM         26    357 PM  53    1993  35     -9        8
  MINIMUM         18    139 AM -28    1962  17      1       -7
  AVERAGE         22                        26     -4        1

PRECIPITATION (IN)
  TODAY            T             0.92 2012   0.06  -0.06      T
  MONTH TO DATE    T                         0.12  -0.12     0.01
  SINCE MAR 1      T                         0.12  -0.12     0.01
  SINCE JAN 1      0.78                      4.44  -3.66     1.43

SNOWFALL (IN)
  TODAY           MM            MM      MM   0.5   MM       MM
  MONTH TO DATE   MM                         1.0   MM       MM
  SINCE OCT 1     MM                        89.0   MM       MM
  SINCE JUL 1     MM                        89.0   MM       MM

DEGREE DAYS
 HEATING
  TODAY           43                        39      4       64
  MONTH TO DATE   89                        78     11      118
  SINCE MAR 1     89                        78     11      118
  SINCE JUL 1   5821                      5418    403     5840

 COOLING
  TODAY            0                         0      0        0
  MONTH TO DATE    0                         0      0        0
  SINCE MAR 1      0                         0      0        0
  SINCE JAN 1      0                         0      0        0
..................................................................


WIND (MPH)
  RESULTANT WIND SPEED   7   RESULTANT WIND DIRECTION  NW (300)
  HIGHEST WIND SPEED    17   HIGHEST WIND DIRECTION    NW (300)
  HIGHEST GUST SPEED    21   HIGHEST GUST DIRECTION    NW (300)
  AVERAGE WIND SPEED     8.2


SKY COVER
  POSSIBLE SUNSHINE  MM
  AVERAGE SKY COVER 0.5


WEATHER CONDITIONS
 THE FOLLOWING WEATHER WAS RECORDED TODAY.
  LIGHT SNOW


RELATIVE HUMIDITY (PERCENT)
 HIGHEST    73           800 AM
 LOWEST     42           400 PM
 AVERAGE    58

..........................................................




SUNRISE AND SUNSET
MARCH  2 2015.........SUNRISE   719 AM EST   SUNSET   631 PM EST
MARCH  3 2015.........SUNRISE   717 AM EST   SUNSET   632 PM EST


-  INDICATES NEGATIVE NUMBERS.
R  INDICATES RECORD WAS SET OR TIED.
MM INDICATES DATA IS MISSING.
T  INDICATES TRACE AMOUNT.




$$
