000
CDUS44 KJAN 160856
CLITVR


CLIMATE REPORT
NATIONAL WEATHER SERVICE JACKSON MS
247 AM CST TUE JAN 16 2018


...................................

...THE VICKSBURG CLIMATE SUMMARY FOR JANUARY 15 2018...

CLIMATE NORMAL PERIOD 1981 TO 2010
CLIMATE RECORD PERIOD 1948 TO 2018


WEATHER ITEM   OBSERVED TIME   RECORD YEAR NORMAL DEPARTURE LAST
                VALUE   (LST)  VALUE       VALUE  FROM      YEAR
                                                  NORMAL
..................................................................
TEMPERATURE (F)
 YESTERDAY
  MAXIMUM         57    344 PM  78    1952  55      2       77
                                      1950
  MINIMUM         22    657 AM  16    1982  35    -13       48
  AVERAGE         40                        45     -5       63

PRECIPITATION (IN)
  YESTERDAY        0.00          1.44 1974   0.14  -0.14     0.00
  MONTH TO DATE    1.95                      2.34  -0.39     1.20
  SINCE DEC 1      4.36                      7.95  -3.59     7.47
  SINCE JAN 1      1.95                      2.34  -0.39     1.20

SNOWFALL (IN)
  YESTERDAY        0.0

DEGREE DAYS
 HEATING
  YESTERDAY       25                        20      5        2
  MONTH TO DATE  393                       299     94      200
  SINCE DEC 1    949                       834    115      660
  SINCE JUL 1   1306                      1236     70      937

 COOLING
  YESTERDAY        0                         0      0        0
  MONTH TO DATE    0                         0      0       12
  SINCE DEC 1      6                         6      0       40
  SINCE JAN 1      0                         0      0       12
..................................................................


WIND (MPH)
  HIGHEST WIND SPEED    15   HIGHEST WIND DIRECTION     N (360)
  HIGHEST GUST SPEED    21   HIGHEST GUST DIRECTION     N (360)
  AVERAGE WIND SPEED     2.6


SKY COVER
  POSSIBLE SUNSHINE  MM
  AVERAGE SKY COVER 0.1


WEATHER CONDITIONS
 THE FOLLOWING WEATHER WAS RECORDED YESTERDAY.
  NO SIGNIFICANT WEATHER WAS OBSERVED.


RELATIVE HUMIDITY (PERCENT)
 HIGHEST   100           300 AM
 LOWEST     28          1200 PM
 AVERAGE    64

..........................................................


THE VICKSBURG CLIMATE NORMALS FOR TODAY
                         NORMAL    RECORD    YEAR
 MAXIMUM TEMPERATURE (F)   55        78      2017
 MINIMUM TEMPERATURE (F)   35        16      1963


SUNRISE AND SUNSET
JANUARY 16 2018.......SUNRISE   705 AM CST   SUNSET   523 PM CST
JANUARY 17 2018.......SUNRISE   705 AM CST   SUNSET   524 PM CST


-  INDICATES NEGATIVE NUMBERS.
R  INDICATES RECORD WAS SET OR TIED.
MM INDICATES DATA IS MISSING.
T  INDICATES TRACE AMOUNT.




$$
