000
CDUS44 KJAN 262108
CLITVR


CLIMATE REPORT
NATIONAL WEATHER SERVICE JACKSON MS
407 PM CDT SUN MAR 26 2017


...................................

...THE VICKSBURG CLIMATE SUMMARY FOR MARCH 26 2017...
VALID TODAY AS OF 0400 PM LOCAL TIME.

CLIMATE NORMAL PERIOD 1981 TO 2010
CLIMATE RECORD PERIOD 1948 TO 2017


WEATHER ITEM   OBSERVED TIME   RECORD YEAR NORMAL DEPARTURE LAST
                VALUE   (LST)  VALUE       VALUE  FROM      YEAR
                                                  NORMAL
..................................................................
TEMPERATURE (F)
 TODAY
  MAXIMUM         83    259 PM  86    2011  71     12       78
  MINIMUM         56    639 AM  26    1955  48      8       49
  AVERAGE         70                        60     10       64

PRECIPITATION (IN)
  TODAY            0.00          1.53 2000   0.17  -0.17     0.00
  MONTH TO DATE    2.16                      4.26  -2.10     8.98
  SINCE MAR 1      2.16                      4.26  -2.10     8.98
  SINCE JAN 1      8.92                     14.60  -5.68    18.98

SNOWFALL (IN)
  TODAY            0.0

DEGREE DAYS
 HEATING
  TODAY            0                         6     -6        1
  MONTH TO DATE  169                       235    -66      102
  SINCE MAR 1    169                       235    -66      102
  SINCE JUL 1   1445                      2211   -766     1480

 COOLING
  TODAY            5                         1      4        0
  MONTH TO DATE   60                        23     37       57
  SINCE MAR 1     60                        23     37       57
  SINCE JAN 1    111                        32     79       69
..................................................................


WIND (MPH)
  HIGHEST WIND SPEED    12   HIGHEST WIND DIRECTION     S (170)
  HIGHEST GUST SPEED    17   HIGHEST GUST DIRECTION     S (180)
  AVERAGE WIND SPEED     4.1


SKY COVER
  POSSIBLE SUNSHINE  MM
  AVERAGE SKY COVER 0.4


WEATHER CONDITIONS
 THE FOLLOWING WEATHER WAS RECORDED TODAY.
  FOG
  FOG W/VISIBILITY <= 1/4 MILE
  HAZE


RELATIVE HUMIDITY (PERCENT)
 HIGHEST   100           700 AM
 LOWEST     40           200 PM
 AVERAGE    70

..........................................................


THE VICKSBURG CLIMATE NORMALS FOR TOMORROW
                         NORMAL    RECORD    YEAR
 MAXIMUM TEMPERATURE (F)   71        85      2012
                                             1991
 MINIMUM TEMPERATURE (F)   48        25      2013
                                             1955


SUNRISE AND SUNSET
MARCH 26 2017.........SUNRISE   700 AM CDT   SUNSET   720 PM CDT
MARCH 27 2017.........SUNRISE   658 AM CDT   SUNSET   721 PM CDT


-  INDICATES NEGATIVE NUMBERS.
R  INDICATES RECORD WAS SET OR TIED.
MM INDICATES DATA IS MISSING.
T  INDICATES TRACE AMOUNT.




$$
