000
CDUS44 KJAN 172208
CLITVR


CLIMATE REPORT
NATIONAL WEATHER SERVICE JACKSON MS
406 PM CST FRI NOV 17 2017


...................................

...THE VICKSBURG CLIMATE SUMMARY FOR NOVEMBER 17 2017...
VALID TODAY AS OF 0400 PM LOCAL TIME.

CLIMATE NORMAL PERIOD 1981 TO 2010
CLIMATE RECORD PERIOD 1948 TO 2017


WEATHER ITEM   OBSERVED TIME   RECORD YEAR NORMAL DEPARTURE LAST
                VALUE   (LST)  VALUE       VALUE  FROM      YEAR
                                                  NORMAL
..................................................................
TEMPERATURE (F)
 TODAY
  MAXIMUM         78    302 PM  84    1964  67     11       82
  MINIMUM         52   1201 AM  26    1997  43      9       43
  AVERAGE         65                        55     10       63

PRECIPITATION (IN)
  TODAY            T             3.65 2015   0.18  -0.18     0.00
  MONTH TO DATE    0.74                      2.52  -1.78     0.57
  SINCE SEP 1      4.01                     10.08  -6.07     0.69
  SINCE JAN 1     53.43                     46.65   6.78    52.24

SNOWFALL (IN)
  TODAY            0.0

DEGREE DAYS
 HEATING
  TODAY            0                        10    -10        2
  MONTH TO DATE   77                       139    -62       87
  SINCE SEP 1    181                       241    -60      116
  SINCE JUL 1    181                       241    -60      116

 COOLING
  TODAY            0                         0      0        0
  MONTH TO DATE   56                        12     44       23
  SINCE SEP 1    576                       432    144      670
  SINCE JAN 1   2498                      2221    277     2917
..................................................................


WIND (MPH)
  HIGHEST WIND SPEED    20   HIGHEST WIND DIRECTION     S (170)
  HIGHEST GUST SPEED    23   HIGHEST GUST DIRECTION     S (180)
  AVERAGE WIND SPEED     7.1


SKY COVER
  POSSIBLE SUNSHINE  MM
  AVERAGE SKY COVER 0.6


WEATHER CONDITIONS
 THE FOLLOWING WEATHER WAS RECORDED TODAY.
  LIGHT RAIN
  FOG


RELATIVE HUMIDITY (PERCENT)
 HIGHEST   100          1200 AM
 LOWEST     47           200 PM
 AVERAGE    74

..........................................................


THE VICKSBURG CLIMATE NORMALS FOR TOMORROW
                         NORMAL    RECORD    YEAR
 MAXIMUM TEMPERATURE (F)   67        87      1958
 MINIMUM TEMPERATURE (F)   43        17      1951


SUNRISE AND SUNSET
NOVEMBER 17 2017......SUNRISE   636 AM CST   SUNSET   503 PM CST
NOVEMBER 18 2017......SUNRISE   636 AM CST   SUNSET   502 PM CST


-  INDICATES NEGATIVE NUMBERS.
R  INDICATES RECORD WAS SET OR TIED.
MM INDICATES DATA IS MISSING.
T  INDICATES TRACE AMOUNT.




$$
