000
CDUS44 KJAN 290810
CLITVR


CLIMATE REPORT
NATIONAL WEATHER SERVICE JACKSON MS
309 AM CDT SUN MAR 29 2015


...................................

...THE VICKSBURG CLIMATE SUMMARY FOR MARCH 28 2015...

CLIMATE NORMAL PERIOD 1981 TO 2010
CLIMATE RECORD PERIOD 1948 TO 2015


WEATHER ITEM   OBSERVED TIME   RECORD YEAR NORMAL DEPARTURE LAST
                VALUE   (LST)  VALUE       VALUE  FROM      YEAR
                                                  NORMAL
..................................................................
TEMPERATURE (F)
 YESTERDAY
  MAXIMUM         62    500 PM  84    2007  72    -10       80
                                      1995
                                      1972
  MINIMUM         37    451 AM  31    2013  49    -12       60
  AVERAGE         50                        60    -10       70

PRECIPITATION (IN)
  YESTERDAY        T             7.45 1951   0.16  -0.16     2.07
  MONTH TO DATE    4.23                      4.58  -0.35     5.92
  SINCE MAR 1      4.23                      4.58  -0.35     5.92
  SINCE JAN 1     15.48                     14.92   0.56    11.34

SNOWFALL (IN)
  YESTERDAY        0.0

DEGREE DAYS
 HEATING
  YESTERDAY       15                         6      9        0
  MONTH TO DATE  220                       247    -27      349
  SINCE MAR 1    220                       247    -27      349
  SINCE JUL 1   2478                      2223    255     2758

 COOLING
  YESTERDAY        0                         1     -1        5
  MONTH TO DATE   13                        25    -12        7
  SINCE MAR 1     13                        25    -12        7
  SINCE JAN 1     13                        34    -21       14
..................................................................


WIND (MPH)
  HIGHEST WIND SPEED    20   HIGHEST WIND DIRECTION     E (100)
  HIGHEST GUST SPEED    23   HIGHEST GUST DIRECTION     E (100)
  AVERAGE WIND SPEED     8.2


SKY COVER
  POSSIBLE SUNSHINE  MM
  AVERAGE SKY COVER 0.1


WEATHER CONDITIONS
 THE FOLLOWING WEATHER WAS RECORDED YESTERDAY.
  LIGHT RAIN


RELATIVE HUMIDITY (PERCENT)
 HIGHEST    92           400 AM
 LOWEST     42           300 PM
 AVERAGE    67

..........................................................


THE VICKSBURG CLIMATE NORMALS FOR TODAY
                         NORMAL    RECORD    YEAR
 MAXIMUM TEMPERATURE (F)   72        85      1997
 MINIMUM TEMPERATURE (F)   49        27      1955


SUNRISE AND SUNSET
MARCH 29 2015.........SUNRISE   657 AM CDT   SUNSET   722 PM CDT
MARCH 30 2015.........SUNRISE   655 AM CDT   SUNSET   723 PM CDT


-  INDICATES NEGATIVE NUMBERS.
R  INDICATES RECORD WAS SET OR TIED.
MM INDICATES DATA IS MISSING.
T  INDICATES TRACE AMOUNT.




$$
