000
CDUS44 KJAN 220653
CLITVR


CLIMATE REPORT
NATIONAL WEATHER SERVICE JACKSON MS
150 AM CDT TUE AUG 22 2017


...................................

...THE VICKSBURG CLIMATE SUMMARY FOR AUGUST 21 2017...

CLIMATE NORMAL PERIOD 1981 TO 2010
CLIMATE RECORD PERIOD 1948 TO 2017


WEATHER ITEM   OBSERVED TIME   RECORD YEAR NORMAL DEPARTURE LAST
                VALUE   (LST)  VALUE       VALUE  FROM      YEAR
                                                  NORMAL
..................................................................
TEMPERATURE (F)
 YESTERDAY
  MAXIMUM         93    443 PM 103    2005  92      1       88
  MINIMUM         75   1159 PM  56    1957  69      6       76
  AVERAGE         84                        81      3       82

PRECIPITATION (IN)
  YESTERDAY        0.00          2.32 2004   0.15  -0.15      T
  MONTH TO DATE    6.13                      2.25   3.88     5.45
  SINCE JUN 1     18.74                      9.87   8.87    14.66
  SINCE JAN 1     46.16                     35.17  10.99    50.13

SNOWFALL (IN)
  YESTERDAY        0.0

DEGREE DAYS
 HEATING
  YESTERDAY        0                         0      0        0
  MONTH TO DATE    0                         0      0        0
  SINCE JUN 1      0                         0      0        0
  SINCE JUL 1      0                         0      0        0

 COOLING
  YESTERDAY       19                        16      3       17
  MONTH TO DATE  346                       346      0      408
  SINCE JUN 1   1286                      1274     12     1531
  SINCE JAN 1   1786                      1644    142     2046
..................................................................


WIND (MPH)
  HIGHEST WIND SPEED    10   HIGHEST WIND DIRECTION     S (160)
  HIGHEST GUST SPEED    13   HIGHEST GUST DIRECTION     S (180)
  AVERAGE WIND SPEED    MM


SKY COVER
  POSSIBLE SUNSHINE  MM
  AVERAGE SKY COVER 0.0


WEATHER CONDITIONS
 THE FOLLOWING WEATHER WAS RECORDED YESTERDAY.
  FOG


RELATIVE HUMIDITY (PERCENT)
 HIGHEST    MM
 LOWEST     MM
 AVERAGE    MM

..........................................................


THE VICKSBURG CLIMATE NORMALS FOR TODAY
                         NORMAL    RECORD    YEAR
 MAXIMUM TEMPERATURE (F)   92       101      1980
 MINIMUM TEMPERATURE (F)   69        53      1961
                                             1956


SUNRISE AND SUNSET
AUGUST 22 2017........SUNRISE   633 AM CDT   SUNSET   740 PM CDT
AUGUST 23 2017........SUNRISE   634 AM CDT   SUNSET   739 PM CDT


-  INDICATES NEGATIVE NUMBERS.
R  INDICATES RECORD WAS SET OR TIED.
MM INDICATES DATA IS MISSING.
T  INDICATES TRACE AMOUNT.




$$
