000
CDUS44 KJAN 300939
CLITVR


CLIMATE REPORT
NATIONAL WEATHER SERVICE JACKSON MS
334 AM CST FRI JAN 30 2015


...................................

...THE VICKSBURG CLIMATE SUMMARY FOR JANUARY 29 2015...

CLIMATE NORMAL PERIOD 1981 TO 2010
CLIMATE RECORD PERIOD 1948 TO 2015


WEATHER ITEM   OBSERVED TIME   RECORD YEAR NORMAL DEPARTURE LAST
                VALUE   (LST)  VALUE       VALUE  FROM      YEAR
                                                  NORMAL
..................................................................
TEMPERATURE (F)
 YESTERDAY
  MAXIMUM         75    310 PM  81    2013  57     18       37
                                      1975
  MINIMUM         45   1159 PM  10    2014  36      9       10
  AVERAGE         60                        46     14       24

PRECIPITATION (IN)
  YESTERDAY        0.00          1.17 2010   0.19  -0.19     0.00
                                      1990
  MONTH TO DATE    5.57                      4.70   0.87     2.26
  SINCE DEC 1     10.16                     10.31  -0.15     6.61
  SINCE JAN 1      5.57                      4.70   0.87     2.26

SNOWFALL (IN)
  YESTERDAY        0.0

DEGREE DAYS
 HEATING
  YESTERDAY        5                        19    -14       41
  MONTH TO DATE  590                       572     18      716
  SINCE DEC 1   1052                      1107    -55     1311
  SINCE JUL 1   1590                      1509     81     1841

 COOLING
  YESTERDAY        0                         0      0        0
  MONTH TO DATE    0                         0      0        0
  SINCE DEC 1      4                         6     -2       16
  SINCE JAN 1      0                         0      0        0
..................................................................


WIND (MPH)
  HIGHEST WIND SPEED    30   HIGHEST WIND DIRECTION     N (10)
  HIGHEST GUST SPEED    36   HIGHEST GUST DIRECTION     N (10)
  AVERAGE WIND SPEED    10.8


SKY COVER
  POSSIBLE SUNSHINE  MM
  AVERAGE SKY COVER 0.2


WEATHER CONDITIONS
 THE FOLLOWING WEATHER WAS RECORDED YESTERDAY.
  NO SIGNIFICANT WEATHER WAS OBSERVED.


RELATIVE HUMIDITY (PERCENT)
 HIGHEST    86           900 AM
 LOWEST     44           300 PM
 AVERAGE    65

..........................................................


THE VICKSBURG CLIMATE NORMALS FOR TODAY
                         NORMAL    RECORD    YEAR
 MAXIMUM TEMPERATURE (F)   57        80      1975
 MINIMUM TEMPERATURE (F)   36         9      2014


SUNRISE AND SUNSET
JANUARY 30 2015.......SUNRISE   700 AM CST   SUNSET   535 PM CST
JANUARY 31 2015.......SUNRISE   659 AM CST   SUNSET   536 PM CST


-  INDICATES NEGATIVE NUMBERS.
R  INDICATES RECORD WAS SET OR TIED.
MM INDICATES DATA IS MISSING.
T  INDICATES TRACE AMOUNT.




$$
