000
CDUS44 KJAN 240704
CLITVR


CLIMATE REPORT
NATIONAL WEATHER SERVICE JACKSON MS
155 AM CDT WED MAY 24 2017


...................................

...THE VICKSBURG CLIMATE SUMMARY FOR MAY 23 2017...

CLIMATE NORMAL PERIOD 1981 TO 2010
CLIMATE RECORD PERIOD 1948 TO 2017


WEATHER ITEM   OBSERVED TIME   RECORD YEAR NORMAL DEPARTURE LAST
                VALUE   (LST)  VALUE       VALUE  FROM      YEAR
                                                  NORMAL
..................................................................
TEMPERATURE (F)
 YESTERDAY
  MAXIMUM         77    324 PM  93    2005  86     -9       88
                                      1972
                                      1969
  MINIMUM         63   1159 PM  51    2002  64     -1       57
  AVERAGE         70                        75     -5       73

PRECIPITATION (IN)
  YESTERDAY        0.40          1.48 1955   0.16   0.24     0.00
  MONTH TO DATE    4.41                      3.86   0.55     1.32
  SINCE MAR 1     18.25                     13.86   4.39    23.95
  SINCE JAN 1     25.01                     24.20   0.81    33.95

SNOWFALL (IN)
  YESTERDAY        0.0

DEGREE DAYS
 HEATING
  YESTERDAY        0                         0      0        0
  MONTH TO DATE   14                         9      5        0
  SINCE MAR 1    213                       374   -161      129
  SINCE JUL 1   1489                      2350   -861     1507

 COOLING
  YESTERDAY        5                        10     -5        8
  MONTH TO DATE  149                       167    -18      167
  SINCE MAR 1    384                       276    108      383
  SINCE JAN 1    435                       285    150      395
..................................................................


WIND (MPH)
  HIGHEST WIND SPEED    13   HIGHEST WIND DIRECTION    NW (310)
  HIGHEST GUST SPEED    19   HIGHEST GUST DIRECTION    NW (310)
  AVERAGE WIND SPEED     4.5


SKY COVER
  POSSIBLE SUNSHINE  MM
  AVERAGE SKY COVER 0.8


WEATHER CONDITIONS
 THE FOLLOWING WEATHER WAS RECORDED YESTERDAY.
  HEAVY RAIN
  RAIN
  LIGHT RAIN
  FOG


RELATIVE HUMIDITY (PERCENT)
 HIGHEST   100           500 AM
 LOWEST     64           400 PM
 AVERAGE    82

..........................................................


THE VICKSBURG CLIMATE NORMALS FOR TODAY
                         NORMAL    RECORD    YEAR
 MAXIMUM TEMPERATURE (F)   86        96      1969
 MINIMUM TEMPERATURE (F)   64        43      1951


SUNRISE AND SUNSET
MAY 24 2017...........SUNRISE   601 AM CDT   SUNSET   802 PM CDT
MAY 25 2017...........SUNRISE   600 AM CDT   SUNSET   802 PM CDT


-  INDICATES NEGATIVE NUMBERS.
R  INDICATES RECORD WAS SET OR TIED.
MM INDICATES DATA IS MISSING.
T  INDICATES TRACE AMOUNT.




$$
