000
CDUS44 KJAN 302130
CLITVR


CLIMATE REPORT
NATIONAL WEATHER SERVICE JACKSON MS
428 PM CDT SAT AUG 30 2014


...................................

...THE VICKSBURG CLIMATE SUMMARY FOR AUGUST 30 2014...
VALID TODAY AS OF 0400 PM LOCAL TIME.

CLIMATE NORMAL PERIOD 1981 TO 2010
CLIMATE RECORD PERIOD 1948 TO 2014


WEATHER ITEM   OBSERVED TIME   RECORD YEAR NORMAL DEPARTURE LAST
                VALUE   (LST)  VALUE       VALUE  FROM      YEAR
                                                  NORMAL
..................................................................
TEMPERATURE (F)
 TODAY
  MAXIMUM         80   1225 PM 104    1954  91    -11       93
  MINIMUM         75    139 PM  56    1968  68      7       65
  AVERAGE         78                        79     -1       79

PRECIPITATION (IN)
  TODAY            0.55          3.08 2012   0.13   0.42     0.00
  MONTH TO DATE    6.42                      3.51   2.91     1.05
  SINCE JUN 1     15.90                     11.13   4.77    12.83
  SINCE JAN 1     44.23                     36.43   7.80    48.15

SNOWFALL (IN)
  TODAY            0.0

DEGREE DAYS
 HEATING
  TODAY            0                         0      0        0
  MONTH TO DATE    0                         0      0        0
  SINCE JUN 1      0                         0      0        0
  SINCE JUL 1      0                         0      0        0

 COOLING
  TODAY           13                        14     -1       14
  MONTH TO DATE  462                       479    -17      472
  SINCE JUN 1   1293                      1407   -114     1362
  SINCE JAN 1   1643                      1777   -134     1692
..................................................................


WIND (MPH)
  HIGHEST WIND SPEED    22   HIGHEST WIND DIRECTION     S (170)
  HIGHEST GUST SPEED    29   HIGHEST GUST DIRECTION     S (170)
  AVERAGE WIND SPEED     6.8


SKY COVER
  POSSIBLE SUNSHINE  MM
  AVERAGE SKY COVER 0.7


WEATHER CONDITIONS
 THE FOLLOWING WEATHER WAS RECORDED TODAY.
  HEAVY RAIN
  RAIN
  LIGHT RAIN
  FOG


RELATIVE HUMIDITY (PERCENT)
 HIGHEST    94           200 AM
 LOWEST     85           800 AM
 AVERAGE    90

..........................................................


THE VICKSBURG CLIMATE NORMALS FOR TOMORROW
                         NORMAL    RECORD    YEAR
 MAXIMUM TEMPERATURE (F)   90       106      2000
 MINIMUM TEMPERATURE (F)   68        58      1968


SUNRISE AND SUNSET
AUGUST 30 2014........SUNRISE   638 AM CDT   SUNSET   731 PM CDT
AUGUST 31 2014........SUNRISE   639 AM CDT   SUNSET   730 PM CDT


-  INDICATES NEGATIVE NUMBERS.
R  INDICATES RECORD WAS SET OR TIED.
MM INDICATES DATA IS MISSING.
T  INDICATES TRACE AMOUNT.




$$
