000
CDUS44 KJAN 182208
CLITVR


CLIMATE REPORT
NATIONAL WEATHER SERVICE JACKSON MS
407 PM CST WED JAN 18 2017


...................................

...THE VICKSBURG CLIMATE SUMMARY FOR JANUARY 18 2017...
VALID TODAY AS OF 0400 PM LOCAL TIME.

CLIMATE NORMAL PERIOD 1981 TO 2010
CLIMATE RECORD PERIOD 1948 TO 2017


WEATHER ITEM   OBSERVED TIME   RECORD YEAR NORMAL DEPARTURE LAST
                VALUE   (LST)  VALUE       VALUE  FROM      YEAR
                                                  NORMAL
..................................................................
TEMPERATURE (F)
 TODAY
  MAXIMUM         70    230 PM  78    1950  55     15       44
  MINIMUM         54    606 AM  12    1977  35     19       28
  AVERAGE         62                        45     17       36

PRECIPITATION (IN)
  TODAY            T             2.18 1990   0.17  -0.17     0.00
  MONTH TO DATE    1.21                      2.81  -1.60     1.10
  SINCE DEC 1      7.48                      8.42  -0.94     6.65
  SINCE JAN 1      1.21                      2.81  -1.60     1.10

SNOWFALL (IN)
  TODAY            0.0

DEGREE DAYS
 HEATING
  TODAY            3                        20    -17       29
  MONTH TO DATE  206                       359   -153      350
  SINCE DEC 1    666                       894   -228      633
  SINCE JUL 1    943                      1296   -353      822

 COOLING
  TODAY            0                         0      0        0
  MONTH TO DATE   13                         0     13        0
  SINCE DEC 1     41                         6     35       62
  SINCE JAN 1     13                         0     13        0
..................................................................


WIND (MPH)
  HIGHEST WIND SPEED    12   HIGHEST WIND DIRECTION     N (20)
  HIGHEST GUST SPEED    12   HIGHEST GUST DIRECTION     N (20)
  AVERAGE WIND SPEED     4.5


SKY COVER
  POSSIBLE SUNSHINE  MM
  AVERAGE SKY COVER 1.0


WEATHER CONDITIONS
 THE FOLLOWING WEATHER WAS RECORDED TODAY.
  LIGHT RAIN
  FOG
  FOG W/VISIBILITY <= 1/4 MILE


RELATIVE HUMIDITY (PERCENT)
 HIGHEST   100          1200 AM
 LOWEST     78           200 PM
 AVERAGE    89

..........................................................


THE VICKSBURG CLIMATE NORMALS FOR TOMORROW
                         NORMAL    RECORD    YEAR
 MAXIMUM TEMPERATURE (F)   56        78      1974
 MINIMUM TEMPERATURE (F)   35         6      1977


SUNRISE AND SUNSET
JANUARY 18 2017.......SUNRISE   705 AM CST   SUNSET   525 PM CST
JANUARY 19 2017.......SUNRISE   705 AM CST   SUNSET   526 PM CST


-  INDICATES NEGATIVE NUMBERS.
R  INDICATES RECORD WAS SET OR TIED.
MM INDICATES DATA IS MISSING.
T  INDICATES TRACE AMOUNT.




$$
