000
CDUS44 KJAN 280817
CLITVR


CLIMATE REPORT
NATIONAL WEATHER SERVICE JACKSON MS
315 AM CDT SAT MAY 28 2016


...................................

...THE VICKSBURG CLIMATE SUMMARY FOR MAY 27 2016...

CLIMATE NORMAL PERIOD 1981 TO 2010
CLIMATE RECORD PERIOD 1948 TO 2016


WEATHER ITEM   OBSERVED TIME   RECORD YEAR NORMAL DEPARTURE LAST
                VALUE   (LST)  VALUE       VALUE  FROM      YEAR
                                                  NORMAL
..................................................................
TEMPERATURE (F)
 YESTERDAY
  MAXIMUM         88    236 PM  95    1964  87      1       82
                                      1953
  MINIMUM         69   1159 PM  45    1961  65      4       68
  AVERAGE         79                        76      3       75

PRECIPITATION (IN)
  YESTERDAY        1.10          1.21 1976   0.14   0.96      T
  MONTH TO DATE    2.84                      4.45  -1.61     8.09
  SINCE MAR 1     25.47                     14.45  11.02    18.37
  SINCE JAN 1     35.47                     24.79  10.68    29.62

SNOWFALL (IN)
  YESTERDAY        0.0

DEGREE DAYS
 HEATING
  YESTERDAY        0                         0      0        0
  MONTH TO DATE    0                         9     -9        3
  SINCE MAR 1    129                       374   -245      264
  SINCE JUL 1   1507                      2350   -843     2522

 COOLING
  YESTERDAY       14                        11      3       10
  MONTH TO DATE  227                       208     19      243
  SINCE MAR 1    443                       317    126      397
  SINCE JAN 1    455                       326    129      397
..................................................................


WIND (MPH)
  HIGHEST WIND SPEED    24   HIGHEST WIND DIRECTION     S (160)
  HIGHEST GUST SPEED    29   HIGHEST GUST DIRECTION     S (160)
  AVERAGE WIND SPEED    11.5


SKY COVER
  POSSIBLE SUNSHINE  MM
  AVERAGE SKY COVER 0.4


WEATHER CONDITIONS
 THE FOLLOWING WEATHER WAS RECORDED YESTERDAY.
  THUNDERSTORM
  HEAVY RAIN
  RAIN
  LIGHT RAIN
  FOG


RELATIVE HUMIDITY (PERCENT)
 HIGHEST    97           900 PM
 LOWEST     48           400 PM
 AVERAGE    73

..........................................................


THE VICKSBURG CLIMATE NORMALS FOR TODAY
                         NORMAL    RECORD    YEAR
 MAXIMUM TEMPERATURE (F)   87        95      1978
                                             1964
                                             1953
 MINIMUM TEMPERATURE (F)   65        42      1961


SUNRISE AND SUNSET
MAY 28 2016...........SUNRISE   559 AM CDT   SUNSET   804 PM CDT
MAY 29 2016...........SUNRISE   559 AM CDT   SUNSET   805 PM CDT


-  INDICATES NEGATIVE NUMBERS.
R  INDICATES RECORD WAS SET OR TIED.
MM INDICATES DATA IS MISSING.
T  INDICATES TRACE AMOUNT.




$$
