000
CDUS44 KJAN 252107
CLITVR


CLIMATE REPORT
NATIONAL WEATHER SERVICE JACKSON MS
406 PM CDT SUN JUN 25 2017


...................................

...THE VICKSBURG CLIMATE SUMMARY FOR JUNE 25 2017...
VALID TODAY AS OF 0400 PM LOCAL TIME.

CLIMATE NORMAL PERIOD 1981 TO 2010
CLIMATE RECORD PERIOD 1948 TO 2017


WEATHER ITEM   OBSERVED TIME   RECORD YEAR NORMAL DEPARTURE LAST
                VALUE   (LST)  VALUE       VALUE  FROM      YEAR
                                                  NORMAL
..................................................................
TEMPERATURE (F)
 TODAY
  MAXIMUM         79   1103 AM 101    2012  91    -12       95
  MINIMUM         71    817 AM  56    1974  70      1       73
  AVERAGE         75                        80     -5       84

PRECIPITATION (IN)
  TODAY            0.01          2.02 1994   0.15  -0.14     0.00
  MONTH TO DATE    7.12                      3.22   3.90     3.12
  SINCE JUN 1      7.12                      3.22   3.90     3.12
  SINCE JAN 1     34.54                     28.52   6.02    38.59

SNOWFALL (IN)
  TODAY            0.0

DEGREE DAYS
 HEATING
  TODAY            0                         0      0        0
  MONTH TO DATE    0                         0      0        0
  SINCE JUN 1      0                         0      0        0
  SINCE JUL 1   1490                      2351   -861     1507

 COOLING
  TODAY           10                        15     -5       19
  MONTH TO DATE  327                       341    -14      423
  SINCE JUN 1    327                       341    -14      423
  SINCE JAN 1    827                       711    116      938
..................................................................


WIND (MPH)
  HIGHEST WIND SPEED    13   HIGHEST WIND DIRECTION    NE (40)
  HIGHEST GUST SPEED    17   HIGHEST GUST DIRECTION    NE (30)
  AVERAGE WIND SPEED     8.1


SKY COVER
  POSSIBLE SUNSHINE  MM
  AVERAGE SKY COVER 0.7


WEATHER CONDITIONS
 THE FOLLOWING WEATHER WAS RECORDED TODAY.
  LIGHT RAIN


RELATIVE HUMIDITY (PERCENT)
 HIGHEST    84           400 AM
 LOWEST     69          1200 PM
 AVERAGE    77

..........................................................


THE VICKSBURG CLIMATE NORMALS FOR TOMORROW
                         NORMAL    RECORD    YEAR
 MAXIMUM TEMPERATURE (F)   91        98      2009
                                             1954
 MINIMUM TEMPERATURE (F)   70        55      1974


SUNRISE AND SUNSET
JUNE 25 2017..........SUNRISE   559 AM CDT   SUNSET   815 PM CDT
JUNE 26 2017..........SUNRISE   559 AM CDT   SUNSET   815 PM CDT


-  INDICATES NEGATIVE NUMBERS.
R  INDICATES RECORD WAS SET OR TIED.
MM INDICATES DATA IS MISSING.
T  INDICATES TRACE AMOUNT.




$$
