000
CDUS45 KBOI 230932
CLITWF


CLIMATE REPORT
NATIONAL WEATHER SERVICE BOISE ID
332 AM MDT SAT SEP 23 2017


...................................

...THE TWIN FALLS ID CLIMATE SUMMARY FOR SEPTEMBER 22 2017...

CLIMATE NORMAL PERIOD 1981 TO 2010
CLIMATE RECORD PERIOD 9999 TO 9999


WEATHER ITEM   OBSERVED TIME   NORMAL DEPARTURE LAST
                VALUE   (LST)  VALUE  FROM      YEAR
                                      NORMAL
......................................................
TEMPERATURE (F)
 YESTERDAY
  MAXIMUM         52    412 PM  74    -22       56
  MINIMUM         36   1159 PM  45     -9       46
  AVERAGE         44

PRECIPITATION (IN)
  YESTERDAY        0.00          0.03  -0.03     1.06
  MONTH TO DATE    0.65          0.39   0.26     1.46
  SINCE OCT 1     12.59         10.52   2.07    12.43
  SINCE JAN 1      8.09          7.27   0.82     8.05

DEGREE DAYS
 HEATING
  YESTERDAY       21             6     15       14
  MONTH TO DATE  120            79     41      132
  SINCE SEP 1    120            79     41      132
  SINCE JUL 1    122           100     22      156

 COOLING
  YESTERDAY        0             1     -1        0
  MONTH TO DATE  119            56     63       19
  SINCE SEP 1    119            56     63       19
  SINCE JAN 1    871           673    198      635
......................................................


WIND (MPH)
  HIGHEST WIND SPEED    16   HIGHEST WIND DIRECTION    NW (310)
  HIGHEST GUST SPEED    20   HIGHEST GUST DIRECTION    SW (230)
  AVERAGE WIND SPEED     9.7


SKY COVER
  AVERAGE SKY COVER 0.3


WEATHER CONDITIONS
 THE FOLLOWING WEATHER WAS RECORDED YESTERDAY.
  NO SIGNIFICANT WEATHER WAS OBSERVED.


RELATIVE HUMIDITY (PERCENT)
 HIGHEST    92          1200 AM
 LOWEST     54           300 PM
 AVERAGE    73

..........................................................




SUNRISE AND SUNSET
SEPTEMBER 23 2017.....SUNRISE   727 AM MDT   SUNSET   733 PM MDT
SEPTEMBER 24 2017.....SUNRISE   728 AM MDT   SUNSET   731 PM MDT


-  INDICATES NEGATIVE NUMBERS.
R  INDICATES RECORD WAS SET OR TIED.
MM INDICATES DATA IS MISSING.
T  INDICATES TRACE AMOUNT.




$$
