000
CDUS45 KBOI 250931
CLITWF


CLIMATE REPORT
NATIONAL WEATHER SERVICE BOISE ID
330 AM MDT TUE JUL 25 2017


...................................

...THE TWIN FALLS ID CLIMATE SUMMARY FOR JULY 24 2017...

CLIMATE NORMAL PERIOD 1981 TO 2010
CLIMATE RECORD PERIOD 9999 TO 9999


WEATHER ITEM   OBSERVED TIME   NORMAL DEPARTURE LAST
                VALUE   (LST)  VALUE  FROM      YEAR
                                      NORMAL
......................................................
TEMPERATURE (F)
 YESTERDAY
  MAXIMUM         93    318 PM  91      2       88
  MINIMUM         62    436 AM  59      3       58
  AVERAGE         78

PRECIPITATION (IN)
  YESTERDAY        0.00          0.01  -0.01     0.00
  MONTH TO DATE    0.16          0.23  -0.07     0.15
  SINCE OCT 1     11.85          9.74   2.11    10.96
  SINCE JAN 1      7.35          6.49   0.86     6.58

DEGREE DAYS
 HEATING
  YESTERDAY        0             0      0        0
  MONTH TO DATE    0             3     -3       21
  SINCE JUN 1     74            90    -16       74
  SINCE JUL 1      0             3     -3       21

 COOLING
  YESTERDAY       13            10      3        8
  MONTH TO DATE  306           206    100      156
  SINCE JUN 1    406           293    113      297
  SINCE JAN 1    415           315    100      300
......................................................


WIND (MPH)
  HIGHEST WIND SPEED    24   HIGHEST WIND DIRECTION     S (190)
  HIGHEST GUST SPEED    31   HIGHEST GUST DIRECTION     S (190)
  AVERAGE WIND SPEED    11.0


SKY COVER
  AVERAGE SKY COVER 0.0


WEATHER CONDITIONS
 THE FOLLOWING WEATHER WAS RECORDED YESTERDAY.
  NO SIGNIFICANT WEATHER WAS OBSERVED.


RELATIVE HUMIDITY (PERCENT)
 HIGHEST    48           500 AM
 LOWEST     21           300 PM
 AVERAGE    35

..........................................................




SUNRISE AND SUNSET
JULY 25 2017..........SUNRISE   623 AM MDT   SUNSET   905 PM MDT
JULY 26 2017..........SUNRISE   624 AM MDT   SUNSET   904 PM MDT


-  INDICATES NEGATIVE NUMBERS.
R  INDICATES RECORD WAS SET OR TIED.
MM INDICATES DATA IS MISSING.
T  INDICATES TRACE AMOUNT.




$$
