000
CDUS45 KBOI 220931
CLITWF


CLIMATE REPORT
NATIONAL WEATHER SERVICE BOISE ID
331 AM MDT WED OCT 22 2014


...................................

...THE TWIN FALLS ID CLIMATE SUMMARY FOR OCTOBER 21 2014...

CLIMATE NORMAL PERIOD 1981 TO 2010
CLIMATE RECORD PERIOD 9999 TO 9999


WEATHER ITEM   OBSERVED TIME   NORMAL DEPARTURE LAST
                VALUE   (LST)  VALUE  FROM      YEAR
                                      NORMAL
......................................................
TEMPERATURE (F)
 YESTERDAY
  MAXIMUM         68   1200 AM  61      7       65
  MINIMUM         37   1119 PM  36      1       38
  AVERAGE         53

PRECIPITATION (IN)
  YESTERDAY        0.05          0.03   0.02     0.00
  MONTH TO DATE    0.05          0.53  -0.48     0.09
  SINCE OCT 1      0.05          0.53  -0.48     0.09
  SINCE JAN 1     13.09          7.98   5.11     4.20

DEGREE DAYS
 HEATING
  YESTERDAY       12            17     -5       13
  MONTH TO DATE  146           271   -125      348
  SINCE SEP 1    229           411   -182      455
  SINCE JUL 1    248           432   -184      455

 COOLING
  YESTERDAY        0             0      0        0
  MONTH TO DATE    6             0      6        0
  SINCE SEP 1     92            61     31       99
  SINCE JAN 1    851           678    173     1138
......................................................


WIND (MPH)
  HIGHEST WIND SPEED    38   HIGHEST WIND DIRECTION     W (260)
  HIGHEST GUST SPEED    46   HIGHEST GUST DIRECTION     W (250)
  AVERAGE WIND SPEED    16.7


SKY COVER
  AVERAGE SKY COVER 0.2


WEATHER CONDITIONS
 THE FOLLOWING WEATHER WAS RECORDED YESTERDAY.
  LIGHT RAIN


RELATIVE HUMIDITY (PERCENT)
 HIGHEST    89           700 AM
 LOWEST     27          1200 AM
 AVERAGE    58

..........................................................




SUNRISE AND SUNSET
OCTOBER 22 2014.......SUNRISE   759 AM MDT   SUNSET   645 PM MDT
OCTOBER 23 2014.......SUNRISE   800 AM MDT   SUNSET   643 PM MDT


-  INDICATES NEGATIVE NUMBERS.
R  INDICATES RECORD WAS SET OR TIED.
MM INDICATES DATA IS MISSING.
T  INDICATES TRACE AMOUNT.




$$
