000
CDUS45 KBOI 290931
CLITWF


CLIMATE REPORT
NATIONAL WEATHER SERVICE BOISE ID
331 AM MDT MON MAY 29 2017


...................................

...THE TWIN FALLS ID CLIMATE SUMMARY FOR MAY 28 2017...

CLIMATE NORMAL PERIOD 1981 TO 2010
CLIMATE RECORD PERIOD 9999 TO 9999


WEATHER ITEM   OBSERVED TIME   NORMAL DEPARTURE LAST
                VALUE   (LST)  VALUE  FROM      YEAR
                                      NORMAL
......................................................
TEMPERATURE (F)
 YESTERDAY
  MAXIMUM         78    322 PM  74      4       67
  MINIMUM         42    530 AM  46     -4       39
  AVERAGE         60

PRECIPITATION (IN)
  YESTERDAY        0.00          0.04  -0.04     0.00
  MONTH TO DATE    1.12          1.23  -0.11     1.85
  SINCE OCT 1     10.87          8.45   2.42    10.52
  SINCE JAN 1      6.37          5.20   1.17     6.14

DEGREE DAYS
 HEATING
  YESTERDAY        5             7     -2       12
  MONTH TO DATE  314           270     44      278
  SINCE MAR 1   1515          1501     14     1356
  SINCE JUL 1   6295          6068    227     5642

 COOLING
  YESTERDAY        0             1     -1        0
  MONTH TO DATE    1            16    -15        3
  SINCE MAR 1      1            17    -16        3
  SINCE JAN 1      1            17    -16        3
......................................................


WIND (MPH)
  HIGHEST WIND SPEED    14   HIGHEST WIND DIRECTION     N (10)
  HIGHEST GUST SPEED    17   HIGHEST GUST DIRECTION    NE (50)
  AVERAGE WIND SPEED     6.4


SKY COVER
  AVERAGE SKY COVER 0.0


WEATHER CONDITIONS
 THE FOLLOWING WEATHER WAS RECORDED YESTERDAY.
  NO SIGNIFICANT WEATHER WAS OBSERVED.


RELATIVE HUMIDITY (PERCENT)
 HIGHEST    89           600 AM
 LOWEST     23           300 PM
 AVERAGE    56

..........................................................




SUNRISE AND SUNSET
MAY 29 2017...........SUNRISE   605 AM MDT   SUNSET   907 PM MDT
MAY 30 2017...........SUNRISE   604 AM MDT   SUNSET   907 PM MDT


-  INDICATES NEGATIVE NUMBERS.
R  INDICATES RECORD WAS SET OR TIED.
MM INDICATES DATA IS MISSING.
T  INDICATES TRACE AMOUNT.




$$
