000
CDUS45 KBOI 190930
CLITWF


CLIMATE REPORT
NATIONAL WEATHER SERVICE BOISE ID
230 AM MST SUN NOV 19 2017


...................................

...THE TWIN FALLS ID CLIMATE SUMMARY FOR NOVEMBER 18 2017...

CLIMATE NORMAL PERIOD 1981 TO 2010
CLIMATE RECORD PERIOD 9999 TO 9999


WEATHER ITEM   OBSERVED TIME   NORMAL DEPARTURE LAST
                VALUE   (LST)  VALUE  FROM      YEAR
                                      NORMAL
......................................................
TEMPERATURE (F)
 YESTERDAY
  MAXIMUM         43    123 PM  47     -4       47
  MINIMUM         22   1140 PM  26     -4       19
  AVERAGE         33

PRECIPITATION (IN)
  YESTERDAY        0.00          0.03  -0.03     0.00
  MONTH TO DATE    0.90          0.64   0.26     0.04
  SINCE OCT 1      1.55          1.44   0.11     2.82
  SINCE JAN 1      9.68          8.89   0.79    11.73

DEGREE DAYS
 HEATING
  YESTERDAY       32            29      3       32
  MONTH TO DATE  459           444     15      348
  SINCE SEP 1   1259          1042    217      949
  SINCE JUL 1   1261          1063    198      973

 COOLING
  YESTERDAY        0             0      0        0
  MONTH TO DATE    0             0      0        0
  SINCE SEP 1    119            63     56       26
  SINCE JAN 1    871           680    191      642
......................................................


WIND (MPH)
  HIGHEST WIND SPEED    18   HIGHEST WIND DIRECTION     S (180)
  HIGHEST GUST SPEED    22   HIGHEST GUST DIRECTION    SE (120)
  AVERAGE WIND SPEED     7.9


SKY COVER
  AVERAGE SKY COVER 0.0


WEATHER CONDITIONS
 THE FOLLOWING WEATHER WAS RECORDED YESTERDAY.
  NO SIGNIFICANT WEATHER WAS OBSERVED.


RELATIVE HUMIDITY (PERCENT)
 HIGHEST    88          1100 PM
 LOWEST     39           100 PM
 AVERAGE    64

..........................................................




SUNRISE AND SUNSET
NOVEMBER 19 2017......SUNRISE   734 AM MST   SUNSET   512 PM MST
NOVEMBER 20 2017......SUNRISE   736 AM MST   SUNSET   511 PM MST


-  INDICATES NEGATIVE NUMBERS.
R  INDICATES RECORD WAS SET OR TIED.
MM INDICATES DATA IS MISSING.
T  INDICATES TRACE AMOUNT.




$$
