000
CDUS44 KSHV 282134
CLITXK


CLIMATE REPORT
NATIONAL WEATHER SERVICE SHREVEPORT, LA
431 PM CDT WED SEP 28 2016


...................................

...THE TEXARKANA CLIMATE SUMMARY FOR SEPTEMBER 28 2016...
VALID TODAY AS OF 0400 PM LOCAL TIME.

CLIMATE NORMAL PERIOD 1981 TO 2010
CLIMATE RECORD PERIOD 1896 TO 2016


WEATHER ITEM   OBSERVED TIME   RECORD YEAR NORMAL DEPARTURE LAST
                VALUE   (LST)  VALUE       VALUE  FROM      YEAR
                                                  NORMAL
..................................................................
TEMPERATURE (F)
 TODAY
  MAXIMUM         90    253 PM 102    1953  82      8       87
  MINIMUM         54    628 AM  39    1908  59     -5       68
  AVERAGE         72                        70      2       78

PRECIPITATION (IN)
  TODAY            0.00          1.89 2013   0.12  -0.12     0.04
  MONTH TO DATE    0.50                      3.18  -2.68     0.93
  SINCE DEC 1     45.24                     39.65   5.59    44.16
  SINCE JAN 1     39.26                     34.60   4.66    41.48

DEGREE DAYS
 HEATING
  TODAY            0                         1     -1        0
  MONTH TO DATE    0                         7     -7        0
  SINCE SEP 1      0                         7     -7        0
  SINCE JUL 1      0                         7     -7        0

 COOLING
  TODAY            7                         7      0       13
  MONTH TO DATE  401                       295    106      391
  SINCE SEP 1    401                       295    106      391
  SINCE JAN 1   2341                      2083    258     2360
..................................................................


WIND (MPH)
  HIGHEST WIND SPEED    15   HIGHEST WIND DIRECTION    SW (240)
  HIGHEST GUST SPEED    20   HIGHEST GUST DIRECTION    SW (230)
  AVERAGE WIND SPEED     5.3


SKY COVER
  POSSIBLE SUNSHINE  MM
  AVERAGE SKY COVER 0.0


WEATHER CONDITIONS
 THE FOLLOWING WEATHER WAS RECORDED TODAY.
  NO SIGNIFICANT WEATHER WAS OBSERVED.


RELATIVE HUMIDITY (PERCENT)
 HIGHEST    87           300 AM
 LOWEST     27           200 PM
 AVERAGE    57

..........................................................


THE TEXARKANA CLIMATE NORMALS FOR TOMORROW
                         NORMAL    RECORD    YEAR
 MAXIMUM TEMPERATURE (F)   82        99      1953
 MINIMUM TEMPERATURE (F)   59        39      1967


SUNRISE AND SUNSET
SEPTEMBER 28 2016.....SUNRISE   709 AM CDT   SUNSET   704 PM CDT
SEPTEMBER 29 2016.....SUNRISE   709 AM CDT   SUNSET   702 PM CDT


-  INDICATES NEGATIVE NUMBERS.
R  INDICATES RECORD WAS SET OR TIED.
MM INDICATES DATA IS MISSING.
T  INDICATES TRACE AMOUNT.




$$
