000
CDUS44 KSHV 232145
CLITXK


CLIMATE REPORT
NATIONAL WEATHER SERVICE SHREVEPORT, LA
444 PM CDT TUE AUG 23 2016


...................................

...THE TEXARKANA CLIMATE SUMMARY FOR AUGUST 23 2016...
VALID TODAY AS OF 0400 PM LOCAL TIME.

CLIMATE NORMAL PERIOD 1981 TO 2010
CLIMATE RECORD PERIOD 1896 TO 2016


WEATHER ITEM   OBSERVED TIME   RECORD YEAR NORMAL DEPARTURE LAST
                VALUE   (LST)  VALUE       VALUE  FROM      YEAR
                                                  NORMAL
..................................................................
TEMPERATURE (F)
 TODAY
  MAXIMUM         90    231 PM 105    1921  93     -3       88
  MINIMUM         70    527 AM  57    1956  70      0       73
  AVERAGE         80                        82     -2       81

PRECIPITATION (IN)
  TODAY            0.00          1.04 1937   0.10  -0.10      T
  MONTH TO DATE    5.45                      2.08   3.37     0.30
  SINCE DEC 1     44.26                     35.64   8.62    42.73
  SINCE JAN 1     38.28                     30.59   7.69    40.05

DEGREE DAYS
 HEATING
  TODAY            0                         0      0        0
  MONTH TO DATE    0                         0      0        0
  SINCE JUN 1      0                         0      0        0
  SINCE JUL 1      0                         0      0        0

 COOLING
  TODAY           15                        16     -1       16
  MONTH TO DATE  391                       405    -14      439
  SINCE JUN 1   1508                      1345    163     1539
  SINCE JAN 1   1798                      1665    133     1863
..................................................................


WIND (MPH)
  HIGHEST WIND SPEED    15   HIGHEST WIND DIRECTION    SW (210)
  HIGHEST GUST SPEED    19   HIGHEST GUST DIRECTION    SW (230)
  AVERAGE WIND SPEED     6.8


SKY COVER
  POSSIBLE SUNSHINE  MM
  AVERAGE SKY COVER 0.5


WEATHER CONDITIONS
 THE FOLLOWING WEATHER WAS RECORDED TODAY.
  FOG


RELATIVE HUMIDITY (PERCENT)
 HIGHEST   100           200 AM
 LOWEST     59           200 PM
 AVERAGE    80

..........................................................


THE TEXARKANA CLIMATE NORMALS FOR TOMORROW
                         NORMAL    RECORD    YEAR
 MAXIMUM TEMPERATURE (F)   93       105      1938
 MINIMUM TEMPERATURE (F)   70        58      1931


SUNRISE AND SUNSET
AUGUST 23 2016........SUNRISE   644 AM CDT   SUNSET   752 PM CDT
AUGUST 24 2016........SUNRISE   645 AM CDT   SUNSET   751 PM CDT


-  INDICATES NEGATIVE NUMBERS.
R  INDICATES RECORD WAS SET OR TIED.
MM INDICATES DATA IS MISSING.
T  INDICATES TRACE AMOUNT.




$$
