000
CDUS44 KSHV 010740
CLITYR


CLIMATE REPORT
NATIONAL WEATHER SERVICE SHREVEPORT, LA
236 AM CDT WED JUL 1 2015


...................................

...THE TYLER CLIMATE SUMMARY FOR JUNE 30 2015...

CLIMATE NORMAL PERIOD 1981 TO 2010
CLIMATE RECORD PERIOD 1896 TO 2015


WEATHER ITEM   OBSERVED TIME   RECORD YEAR NORMAL DEPARTURE LAST
                VALUE   (LST)  VALUE       VALUE  FROM      YEAR
                                                  NORMAL
..................................................................
TEMPERATURE (F)
 YESTERDAY
  MAXIMUM         92    411 PM 105    1917  91      1       91
  MINIMUM         73   1159 PM  60    1898  73      0       78
  AVERAGE         83                        82      1       85

PRECIPITATION (IN)
  YESTERDAY        0.00          2.50 1902   0.14  -0.14     0.00
  MONTH TO DATE    5.24                      4.83   0.41     4.25
  SINCE DEC 1     39.93                     28.00  11.93    19.88
  SINCE JAN 1     38.46                     23.76  14.70    16.86

SNOWFALL (IN)
  YESTERDAY        0.0
  MONTH TO DATE    0.0
  SINCE JUN 1      0.0
  SINCE JUL 1      2.1
  SNOW DEPTH       0

DEGREE DAYS
 HEATING
  YESTERDAY        0                         0      0        0
  MONTH TO DATE    0                         0      0        0
  SINCE JUN 1      0                         0      0        0
  SINCE JUL 1   2194                      2269    -75     2539

 COOLING
  YESTERDAY       18                        17      1       20
  MONTH TO DATE  503                       433     70      468
  SINCE JUN 1    503                       433     70      468
  SINCE JAN 1    965                       802    163      861
..................................................................


WIND (MPH)
  HIGHEST WIND SPEED    24   HIGHEST WIND DIRECTION     S (170)
  HIGHEST GUST SPEED    31   HIGHEST GUST DIRECTION     S (170)
  AVERAGE WIND SPEED     8.3


SKY COVER
  POSSIBLE SUNSHINE  MM
  AVERAGE SKY COVER 0.1


WEATHER CONDITIONS
 THE FOLLOWING WEATHER WAS RECORDED YESTERDAY.
  HAZE


RELATIVE HUMIDITY (PERCENT)
 HIGHEST    91           600 AM
 LOWEST     41           200 PM
 AVERAGE    66

..........................................................


THE TYLER CLIMATE NORMALS FOR TODAY
                         NORMAL    RECORD    YEAR
 MAXIMUM TEMPERATURE (F)   91       105      1917
 MINIMUM TEMPERATURE (F)   73        61      1950


SUNRISE AND SUNSET
JULY  1 2015..........SUNRISE   618 AM CDT   SUNSET   833 PM CDT
JULY  2 2015..........SUNRISE   619 AM CDT   SUNSET   833 PM CDT


-  INDICATES NEGATIVE NUMBERS.
R  INDICATES RECORD WAS SET OR TIED.
MM INDICATES DATA IS MISSING.
T  INDICATES TRACE AMOUNT.




$$
