000
CDUS44 KSHV 250745
CLITYR


CLIMATE REPORT
NATIONAL WEATHER SERVICE SHREVEPORT, LA
245 AM CDT MON MAY 25 2015


...................................

...THE TYLER CLIMATE SUMMARY FOR MAY 24 2015...

CLIMATE NORMAL PERIOD 1981 TO 2010
CLIMATE RECORD PERIOD 1896 TO 2015


WEATHER ITEM   OBSERVED TIME   RECORD YEAR NORMAL DEPARTURE LAST
                VALUE   (LST)  VALUE       VALUE  FROM      YEAR
                                                  NORMAL
..................................................................
TEMPERATURE (F)
 YESTERDAY
  MAXIMUM         78    328 PM  96    1941  84     -6       85
  MINIMUM         69    958 AM  47    1910  66      3       70
  AVERAGE         74                        75     -1       78

PRECIPITATION (IN)
  YESTERDAY        0.70          4.75 1905   0.14   0.56      T
  MONTH TO DATE    7.21                      3.57   3.64     2.64
  SINCE DEC 1     31.71                     21.97   9.74    14.43
  SINCE JAN 1     30.24                     17.73  12.51    11.41

SNOWFALL (IN)
  YESTERDAY        0.0
  MONTH TO DATE    0.0
  SINCE MAR 1      0.5
  SINCE JUL 1      2.1
  SNOW DEPTH       0

DEGREE DAYS
 HEATING
  YESTERDAY        0                         0      0        0
  MONTH TO DATE    0                         6     -6       21
  SINCE MAR 1    307                       376    -69      475
  SINCE JUL 1   2194                      2268    -74     2539

 COOLING
  YESTERDAY        9                        10     -1       13
  MONTH TO DATE  212                       180     32      182
  SINCE MAR 1    385                       280    105      311
  SINCE JAN 1    385                       292     93      314
..................................................................


WIND (MPH)
  HIGHEST WIND SPEED    29   HIGHEST WIND DIRECTION     S (170)
  HIGHEST GUST SPEED    49   HIGHEST GUST DIRECTION     S (170)
  AVERAGE WIND SPEED    11.0


SKY COVER
  POSSIBLE SUNSHINE  MM
  AVERAGE SKY COVER 0.7


WEATHER CONDITIONS
 THE FOLLOWING WEATHER WAS RECORDED YESTERDAY.
  THUNDERSTORM
  HEAVY RAIN
  RAIN
  LIGHT RAIN
  FOG


RELATIVE HUMIDITY (PERCENT)
 HIGHEST   100           800 PM
 LOWEST     74           100 PM
 AVERAGE    87

..........................................................


THE TYLER CLIMATE NORMALS FOR TODAY
                         NORMAL    RECORD    YEAR
 MAXIMUM TEMPERATURE (F)   85        98      1896
 MINIMUM TEMPERATURE (F)   66        45      1901


SUNRISE AND SUNSET
MAY 25 2015...........SUNRISE   618 AM CDT   SUNSET   819 PM CDT
MAY 26 2015...........SUNRISE   618 AM CDT   SUNSET   820 PM CDT


-  INDICATES NEGATIVE NUMBERS.
R  INDICATES RECORD WAS SET OR TIED.
MM INDICATES DATA IS MISSING.
T  INDICATES TRACE AMOUNT.




$$
