000
CDUS44 KSHV 302136
CLITYR


CLIMATE REPORT
NATIONAL WEATHER SERVICE SHREVEPORT, LA
434 PM CDT FRI SEP 30 2016


...................................

...THE TYLER CLIMATE SUMMARY FOR SEPTEMBER 30 2016...
VALID TODAY AS OF 0400 PM LOCAL TIME.

CLIMATE NORMAL PERIOD 1981 TO 2010
CLIMATE RECORD PERIOD 1896 TO 2016


WEATHER ITEM   OBSERVED TIME   RECORD YEAR NORMAL DEPARTURE LAST
                VALUE   (LST)  VALUE       VALUE  FROM      YEAR
                                                  NORMAL
..................................................................
TEMPERATURE (F)
 TODAY
  MAXIMUM         82    246 PM  99    1953  83     -1       93
  MINIMUM         53    621 AM  41    1918  61     -8       67
  AVERAGE         68                        72     -4       80

PRECIPITATION (IN)
  TODAY            0.00          1.46 2012   0.10  -0.10     0.00
  MONTH TO DATE    0.16                      3.34  -3.18     0.22
  SINCE DEC 1     41.37                     36.84   4.53    42.20
  SINCE JAN 1     31.60                     32.60  -1.00    40.73

DEGREE DAYS
 HEATING
  TODAY            0                         1     -1        0
  MONTH TO DATE    0                         2     -2        0
  SINCE SEP 1      0                         5     -5        0
  SINCE JUL 1      0                         5     -5        0

 COOLING
  TODAY            3                         7     -4       15
  MONTH TO DATE  478                       342    136      490
  SINCE SEP 1    478                       342    136      490
  SINCE JAN 1   2777                      2264    513     2760
..................................................................


WIND (MPH)
  HIGHEST WIND SPEED    12   HIGHEST WIND DIRECTION    NW (310)
  HIGHEST GUST SPEED    17   HIGHEST GUST DIRECTION     W (280)
  AVERAGE WIND SPEED     3.3


SKY COVER
  POSSIBLE SUNSHINE  MM
  AVERAGE SKY COVER 0.0


WEATHER CONDITIONS
 THE FOLLOWING WEATHER WAS RECORDED TODAY.
  NO SIGNIFICANT WEATHER WAS OBSERVED.


RELATIVE HUMIDITY (PERCENT)
 HIGHEST    89           500 AM
 LOWEST     30           300 PM
 AVERAGE    60

..........................................................


THE TYLER CLIMATE NORMALS FOR TOMORROW
                         NORMAL    RECORD    YEAR
 MAXIMUM TEMPERATURE (F)   82       100      1938
 MINIMUM TEMPERATURE (F)   61        39      1984


SUNRISE AND SUNSET
SEPTEMBER 30 2016.....SUNRISE   715 AM CDT   SUNSET   707 PM CDT
OCTOBER  1 2016.......SUNRISE   716 AM CDT   SUNSET   706 PM CDT


-  INDICATES NEGATIVE NUMBERS.
R  INDICATES RECORD WAS SET OR TIED.
MM INDICATES DATA IS MISSING.
T  INDICATES TRACE AMOUNT.




$$
