000
CDUS44 KSHV 210823
CLITYR


CLIMATE REPORT
NATIONAL WEATHER SERVICE SHREVEPORT, LA
316 AM CDT THU AUG 21 2014


...................................

...THE TYLER CLIMATE SUMMARY FOR AUGUST 20 2014...

CLIMATE NORMAL PERIOD 1981 TO 2010
CLIMATE RECORD PERIOD 1896 TO 2014


WEATHER ITEM   OBSERVED TIME   RECORD YEAR NORMAL DEPARTURE LAST
                VALUE   (LST)  VALUE       VALUE  FROM      YEAR
                                                  NORMAL
..................................................................
TEMPERATURE (F)
 YESTERDAY
  MAXIMUM         97    341 PM 107    2011  93      4       96
  MINIMUM         75    508 AM  59    1976  73      2       71
  AVERAGE         86                        83      3       84

PRECIPITATION (IN)
  YESTERDAY        0.00          1.81 1923   0.10  -0.10     0.00
  MONTH TO DATE    0.04                      1.70  -1.66     0.21
  SINCE DEC 1     24.35                     32.34  -7.99    22.48
  SINCE JAN 1     21.33                     28.10  -6.77    19.59

SNOWFALL (IN)
  YESTERDAY        0.0
  MONTH TO DATE    0.0
  SINCE JUN 1      0.0
  SINCE JUL 1      0.0
  SNOW DEPTH       0

DEGREE DAYS
 HEATING
  YESTERDAY        0                         0      0        0
  MONTH TO DATE    0                         0      0        0
  SINCE JUN 1      0                         0      0        0
  SINCE JUL 1      0                         0      0        0

 COOLING
  YESTERDAY       21                        18      3       19
  MONTH TO DATE  361                       377    -16      416
  SINCE JUN 1   1348                      1366    -18     1481
  SINCE JAN 1   1741                      1735      6     1878
..................................................................


WIND (MPH)
  HIGHEST WIND SPEED    22   HIGHEST WIND DIRECTION     S (160)
  HIGHEST GUST SPEED    25   HIGHEST GUST DIRECTION     S (160)
  AVERAGE WIND SPEED    10.0


SKY COVER
  POSSIBLE SUNSHINE  MM
  AVERAGE SKY COVER 0.3


WEATHER CONDITIONS
 THE FOLLOWING WEATHER WAS RECORDED YESTERDAY.
  NO SIGNIFICANT WEATHER WAS OBSERVED.


RELATIVE HUMIDITY (PERCENT)
 HIGHEST    94           600 AM
 LOWEST     43           300 PM
 AVERAGE    69

..........................................................


THE TYLER CLIMATE NORMALS FOR TODAY
                         NORMAL    RECORD    YEAR
 MAXIMUM TEMPERATURE (F)   93       108      1921
 MINIMUM TEMPERATURE (F)   73        57      1976


SUNRISE AND SUNSET
AUGUST 21 2014........SUNRISE   650 AM CDT   SUNSET   759 PM CDT
AUGUST 22 2014........SUNRISE   650 AM CDT   SUNSET   758 PM CDT


-  INDICATES NEGATIVE NUMBERS.
R  INDICATES RECORD WAS SET OR TIED.
MM INDICATES DATA IS MISSING.
T  INDICATES TRACE AMOUNT.




$$
