000
CDUS44 KSHV 190836
CLITYR


CLIMATE REPORT
NATIONAL WEATHER SERVICE SHREVEPORT, LA
236 AM CST SUN FEB 19 2017


...................................

...THE TYLER CLIMATE SUMMARY FOR FEBRUARY 18 2017...

CLIMATE NORMAL PERIOD 1981 TO 2010
CLIMATE RECORD PERIOD 1896 TO 2017


WEATHER ITEM   OBSERVED TIME   RECORD YEAR NORMAL DEPARTURE LAST
                VALUE   (LST)  VALUE       VALUE  FROM      YEAR
                                                  NORMAL
..................................................................
TEMPERATURE (F)
 YESTERDAY
  MAXIMUM         81    501 PM  86    1986  61     20       78
  MINIMUM         54    429 AM   5    1910  41     13       49
  AVERAGE         68                        51     17       64

PRECIPITATION (IN)
  YESTERDAY        0.00          2.16 1988   0.15  -0.15     0.00
  MONTH TO DATE    0.90                      2.43  -1.53     0.37
  SINCE DEC 1      9.09                      9.73  -0.64    11.57
  SINCE JAN 1      6.44                      5.49   0.95     1.80

SNOWFALL (IN)
  YESTERDAY        0.0
  MONTH TO DATE    0.0
  SINCE DEC 1      T
  SINCE JUL 1      T
  SNOW DEPTH       0

DEGREE DAYS
 HEATING
  YESTERDAY        0                        14    -14        1
  MONTH TO DATE  130                       284   -154      198
  SINCE DEC 1    910                      1388   -478     1027
  SINCE JUL 1   1041                      1762   -721     1220

 COOLING
  YESTERDAY        3                         0      3        0
  MONTH TO DATE   26                         0     26        0
  SINCE DEC 1     67                        10     57       29
  SINCE JAN 1     45                         4     41        2
..................................................................


WIND (MPH)
  HIGHEST WIND SPEED    16   HIGHEST WIND DIRECTION     S (190)
  HIGHEST GUST SPEED    19   HIGHEST GUST DIRECTION     S (200)
  AVERAGE WIND SPEED     7.9


SKY COVER
  POSSIBLE SUNSHINE  MM
  AVERAGE SKY COVER 0.4


WEATHER CONDITIONS
 THE FOLLOWING WEATHER WAS RECORDED YESTERDAY.
  FOG


RELATIVE HUMIDITY (PERCENT)
 HIGHEST   100           400 AM
 LOWEST     36           500 PM
 AVERAGE    68

..........................................................


THE TYLER CLIMATE NORMALS FOR TODAY
                         NORMAL    RECORD    YEAR
 MAXIMUM TEMPERATURE (F)   62        87      1986
 MINIMUM TEMPERATURE (F)   42        14      1978


SUNRISE AND SUNSET
FEBRUARY 19 2017......SUNRISE   700 AM CST   SUNSET   611 PM CST
FEBRUARY 20 2017......SUNRISE   659 AM CST   SUNSET   612 PM CST


-  INDICATES NEGATIVE NUMBERS.
R  INDICATES RECORD WAS SET OR TIED.
MM INDICATES DATA IS MISSING.
T  INDICATES TRACE AMOUNT.




$$
