000
CDUS44 KSHV 050841
CLITYR


CLIMATE REPORT
NATIONAL WEATHER SERVICE SHREVEPORT, LA
240 AM CST THU MAR 5 2015


...................................

...THE TYLER CLIMATE SUMMARY FOR MARCH 4 2015...

CLIMATE NORMAL PERIOD 1981 TO 2010
CLIMATE RECORD PERIOD 1896 TO 2015


WEATHER ITEM   OBSERVED TIME   RECORD YEAR NORMAL DEPARTURE LAST
                VALUE   (LST)  VALUE       VALUE  FROM      YEAR
                                                  NORMAL
..................................................................
TEMPERATURE (F)
 YESTERDAY
  MAXIMUM         63    847 AM  85    1901  64     -1       36
  MINIMUM         34   1159 PM  18    2002  45    -11       26
  AVERAGE         49                        54     -5       31

PRECIPITATION (IN)
  YESTERDAY        1.46          3.02 1983   0.13   1.33     0.00
  MONTH TO DATE    1.71                      0.53   1.18     1.19
  SINCE DEC 1     10.50                     11.64  -1.14     8.21
  SINCE JAN 1      9.03                      7.40   1.63     5.19

SNOWFALL (IN)
  YESTERDAY        0.0
  MONTH TO DATE    0.0
  SINCE MAR 1      0.0
  SINCE JUL 1      1.6
  SNOW DEPTH       0

DEGREE DAYS
 HEATING
  YESTERDAY       16                        11      5       34
  MONTH TO DATE   72                        45     27       97
  SINCE MAR 1     72                        45     27       97
  SINCE JUL 1   1959                      1937     22     2161

 COOLING
  YESTERDAY        0                         0      0        0
  MONTH TO DATE    0                         0      0        4
  SINCE MAR 1      0                         0      0        4
  SINCE JAN 1      0                        12    -12        7
..................................................................


WIND (MPH)
  HIGHEST WIND SPEED    23   HIGHEST WIND DIRECTION     N (10)
  HIGHEST GUST SPEED    32   HIGHEST GUST DIRECTION    NW (320)
  AVERAGE WIND SPEED     9.8


SKY COVER
  POSSIBLE SUNSHINE  MM
  AVERAGE SKY COVER 1.0


WEATHER CONDITIONS
 THE FOLLOWING WEATHER WAS RECORDED YESTERDAY.
  THUNDERSTORM
  HEAVY RAIN
  RAIN
  LIGHT RAIN
  FOG
  FOG W/VISIBILITY <= 1/4 MILE


RELATIVE HUMIDITY (PERCENT)
 HIGHEST    97           600 AM
 LOWEST     85           800 PM
 AVERAGE    91

..........................................................


THE TYLER CLIMATE NORMALS FOR TODAY
                         NORMAL    RECORD    YEAR
 MAXIMUM TEMPERATURE (F)   65        91      1991
 MINIMUM TEMPERATURE (F)   45        20      1978


SUNRISE AND SUNSET
MARCH  5 2015.........SUNRISE   645 AM CST   SUNSET   622 PM CST
MARCH  6 2015.........SUNRISE   643 AM CST   SUNSET   623 PM CST


-  INDICATES NEGATIVE NUMBERS.
R  INDICATES RECORD WAS SET OR TIED.
MM INDICATES DATA IS MISSING.
T  INDICATES TRACE AMOUNT.




$$
