830
CDUS44 KSHV 232143
CLITYR


CLIMATE REPORT
NATIONAL WEATHER SERVICE SHREVEPORT, LA
443 PM CDT THU MAR 23 2017


...................................

...THE TYLER CLIMATE SUMMARY FOR MARCH 23 2017...
VALID TODAY AS OF 0400 PM LOCAL TIME.

CLIMATE NORMAL PERIOD 1981 TO 2010
CLIMATE RECORD PERIOD 1896 TO 2017


WEATHER ITEM   OBSERVED TIME   RECORD YEAR NORMAL DEPARTURE LAST
                VALUE   (LST)  VALUE       VALUE  FROM      YEAR
                                                  NORMAL
..................................................................
TEMPERATURE (F)
 TODAY
  MAXIMUM         86    258 PM  91    1995  68     18       80
  MINIMUM         63    410 AM  27    1968  48     15       64
  AVERAGE         75                        58     17       72

PRECIPITATION (IN)
  TODAY            0.00          1.59 1912   0.14  -0.14      T
  MONTH TO DATE    0.71                      3.17  -2.46     7.57
  SINCE DEC 1     11.16                     14.28  -3.12    21.54
  SINCE JAN 1      8.51                     10.04  -1.53    11.77

SNOWFALL (IN)
  TODAY            0.0
  MONTH TO DATE    0.0
  SINCE MAR 1      0.0
  SINCE JUL 1      T
  SNOW DEPTH       0

DEGREE DAYS
 HEATING
  TODAY            0                         8     -8        0
  MONTH TO DATE  124                       219    -95       82
  SINCE MAR 1    124                       219    -95       82
  SINCE JUL 1   1207                      2111   -904     1391

 COOLING
  TODAY           10                         1      9        7
  MONTH TO DATE   78                        11     67       33
  SINCE MAR 1     78                        11     67       33
  SINCE JAN 1    152                        23    129       43
..................................................................


WIND (MPH)
  HIGHEST WIND SPEED    24   HIGHEST WIND DIRECTION     S (180)
  HIGHEST GUST SPEED    33   HIGHEST GUST DIRECTION     S (200)
  AVERAGE WIND SPEED    14.0


SKY COVER
  POSSIBLE SUNSHINE  MM
  AVERAGE SKY COVER 0.3


WEATHER CONDITIONS
 THE FOLLOWING WEATHER WAS RECORDED TODAY.
  NO SIGNIFICANT WEATHER WAS OBSERVED.


RELATIVE HUMIDITY (PERCENT)
 HIGHEST   100           300 AM
 LOWEST     29           300 PM
 AVERAGE    65

..........................................................


THE TYLER CLIMATE NORMALS FOR TOMORROW
                         NORMAL    RECORD    YEAR
 MAXIMUM TEMPERATURE (F)   69        88      1910
 MINIMUM TEMPERATURE (F)   49        28      1968


SUNRISE AND SUNSET
MARCH 23 2017.........SUNRISE   721 AM CDT   SUNSET   735 PM CDT
MARCH 24 2017.........SUNRISE   720 AM CDT   SUNSET   736 PM CDT


-  INDICATES NEGATIVE NUMBERS.
R  INDICATES RECORD WAS SET OR TIED.
MM INDICATES DATA IS MISSING.
T  INDICATES TRACE AMOUNT.




$$
