000
CDUS44 KSHV 220833
CLITYR


CLIMATE REPORT
NATIONAL WEATHER SERVICE SHREVEPORT, LA
233 AM CST MON JAN 22 2018


...................................

...THE TYLER CLIMATE SUMMARY FOR JANUARY 21 2018...

CLIMATE NORMAL PERIOD 1981 TO 2010
CLIMATE RECORD PERIOD 1896 TO 2018


WEATHER ITEM   OBSERVED TIME   RECORD YEAR NORMAL DEPARTURE LAST
                VALUE   (LST)  VALUE       VALUE  FROM      YEAR
                                                  NORMAL
..................................................................
TEMPERATURE (F)
 YESTERDAY
  MAXIMUM         72    319 PM  81    1986  56     16       69
  MINIMUM         63   1159 PM  11    1985  37     26       50
  AVERAGE         68                        46     22       60

PRECIPITATION (IN)
  YESTERDAY        0.05          2.20 1926   0.10  -0.05     0.03
  MONTH TO DATE    1.17                      2.05  -0.88     5.54
  SINCE DEC 1      6.46                      6.29   0.17     8.19
  SINCE JAN 1      1.17                      2.05  -0.88     5.54

SNOWFALL (IN)
  YESTERDAY        0.0
  MONTH TO DATE    1.3
  SINCE DEC 1      1.3
  SINCE JUL 1      1.3
  SNOW DEPTH       0

DEGREE DAYS
 HEATING
  YESTERDAY        0                        19    -19        5
  MONTH TO DATE  510                       399    111      252
  SINCE DEC 1   1026                       926    100      664
  SINCE JUL 1   1298                      1300     -2      795

 COOLING
  YESTERDAY        3                         0      3        0
  MONTH TO DATE    3                         0      3       19
  SINCE DEC 1      9                         6      3       41
  SINCE JAN 1      3                         0      3       19
..................................................................


WIND (MPH)
  HIGHEST WIND SPEED    26   HIGHEST WIND DIRECTION     W (260)
  HIGHEST GUST SPEED    35   HIGHEST GUST DIRECTION     S (160)
  AVERAGE WIND SPEED    16.3


SKY COVER
  POSSIBLE SUNSHINE  MM
  AVERAGE SKY COVER 1.0


WEATHER CONDITIONS
 THE FOLLOWING WEATHER WAS RECORDED YESTERDAY.
  THUNDERSTORM
  RAIN
  LIGHT RAIN


RELATIVE HUMIDITY (PERCENT)
 HIGHEST   100          1100 PM
 LOWEST     68           100 PM
 AVERAGE    84

..........................................................


THE TYLER CLIMATE NORMALS FOR TODAY
                         NORMAL    RECORD    YEAR
 MAXIMUM TEMPERATURE (F)   56        80      1943
 MINIMUM TEMPERATURE (F)   37         6      1930


SUNRISE AND SUNSET
JANUARY 22 2018.......SUNRISE   721 AM CST   SUNSET   546 PM CST
JANUARY 23 2018.......SUNRISE   721 AM CST   SUNSET   547 PM CST


-  INDICATES NEGATIVE NUMBERS.
R  INDICATES RECORD WAS SET OR TIED.
MM INDICATES DATA IS MISSING.
T  INDICATES TRACE AMOUNT.




$$
