000
CDUS44 KSHV 270739
CLITYR


CLIMATE REPORT
NATIONAL WEATHER SERVICE SHREVEPORT, LA
239 AM CDT FRI MAY 27 2016


...................................

...THE TYLER CLIMATE SUMMARY FOR MAY 26 2016...

CLIMATE NORMAL PERIOD 1981 TO 2010
CLIMATE RECORD PERIOD 1896 TO 2016


WEATHER ITEM   OBSERVED TIME   RECORD YEAR NORMAL DEPARTURE LAST
                VALUE   (LST)  VALUE       VALUE  FROM      YEAR
                                                  NORMAL
..................................................................
TEMPERATURE (F)
 YESTERDAY
  MAXIMUM         79    852 AM  98    1896  85     -6       87
  MINIMUM         70    334 PM  46    1979  66      4       64
  AVERAGE         75                        76     -1       76

PRECIPITATION (IN)
  YESTERDAY        0.59          2.00 1924   0.15   0.44     0.53
  MONTH TO DATE    2.20                      3.86  -1.66     9.15
  SINCE DEC 1     31.04                     22.26   8.78    33.65
  SINCE JAN 1     21.27                     18.02   3.25    32.18

SNOWFALL (IN)
  YESTERDAY        0.0
  MONTH TO DATE    0.0
  SINCE MAR 1      0.0
  SINCE JUL 1      0.0
  SNOW DEPTH       0

DEGREE DAYS
 HEATING
  YESTERDAY        0                         0      0        0
  MONTH TO DATE   12                         6      6        0
  SINCE MAR 1    158                       376   -218      307
  SINCE JUL 1   1467                      2268   -801     2194

 COOLING
  YESTERDAY       10                        11     -1       11
  MONTH TO DATE  204                       201      3      233
  SINCE MAR 1    381                       301     80      406
  SINCE JAN 1    391                       313     78      406
..................................................................


WIND (MPH)
  HIGHEST WIND SPEED    26   HIGHEST WIND DIRECTION    SE (150)
  HIGHEST GUST SPEED    36   HIGHEST GUST DIRECTION    SE (150)
  AVERAGE WIND SPEED    12.5


SKY COVER
  POSSIBLE SUNSHINE  MM
  AVERAGE SKY COVER 0.5


WEATHER CONDITIONS
 THE FOLLOWING WEATHER WAS RECORDED YESTERDAY.
  THUNDERSTORM
  HEAVY RAIN
  RAIN
  LIGHT RAIN
  FOG


RELATIVE HUMIDITY (PERCENT)
 HIGHEST    93           400 PM
 LOWEST     73           700 PM
 AVERAGE    83

..........................................................


THE TYLER CLIMATE NORMALS FOR TODAY
                         NORMAL    RECORD    YEAR
 MAXIMUM TEMPERATURE (F)   85        98      1896
 MINIMUM TEMPERATURE (F)   67        42      1961


SUNRISE AND SUNSET
MAY 27 2016...........SUNRISE   617 AM CDT   SUNSET   821 PM CDT
MAY 28 2016...........SUNRISE   617 AM CDT   SUNSET   822 PM CDT


-  INDICATES NEGATIVE NUMBERS.
R  INDICATES RECORD WAS SET OR TIED.
MM INDICATES DATA IS MISSING.
T  INDICATES TRACE AMOUNT.




$$
