000
CDUS44 KMRX 202155
CLITYS


CLIMATE REPORT
NATIONAL WEATHER SERVICE MORRISTOWN TN
555 PM EDT FRI OCT 20 2017


...................................

...THE KNOXVILLE    ASOS CLIMATE SUMMARY FOR OCTOBER 20 2017...
VALID TODAY AS OF 0500 PM LOCAL TIME.

CLIMATE NORMAL PERIOD 1981 TO 2010
CLIMATE RECORD PERIOD 1871 TO 2017


WEATHER ITEM   OBSERVED TIME   RECORD YEAR NORMAL DEPARTURE LAST
                VALUE   (LST)  VALUE       VALUE  FROM      YEAR
                                                  NORMAL
..................................................................
TEMPERATURE (F)
 TODAY
  MAXIMUM         77    359 PM  88    2016  70      7       88
  MINIMUM         45    723 AM  31    1992  47     -2       63
  AVERAGE         61                        58      3       76

PRECIPITATION (IN)
  TODAY            0.00          1.37 2002   0.08  -0.08      T
  MONTH TO DATE    2.76                      1.56   1.20      T
  SINCE SEP 1      5.19                      4.80   0.39     1.42
  SINCE JAN 1     42.71                     38.40   4.31    32.24

SNOWFALL (IN)
  TODAY            0.0                       0.0    0.0      0.0
  MONTH TO DATE    0.0                       0.0    0.0      0.0
  SINCE SEP 1      0.0                       0.0    0.0      0.0
  SINCE JUL 1      0.0                       0.0    0.0      0.0
  SNOW DEPTH       0

DEGREE DAYS
 HEATING
  TODAY            4                         7     -3        0
  MONTH TO DATE   45                        96    -51       12
  SINCE SEP 1     60                       119    -59       16
  SINCE JUL 1     60                       119    -59       16

 COOLING
  TODAY            0                         1     -1       11
  MONTH TO DATE   89                        31     58       85
  SINCE SEP 1    264                       237     27      447
  SINCE JAN 1   1552                      1518     34     2097
..................................................................


WIND (MPH)
  HIGHEST WIND SPEED    10   HIGHEST WIND DIRECTION    NE (30)
  HIGHEST GUST SPEED    14   HIGHEST GUST DIRECTION    NE (30)
  AVERAGE WIND SPEED     2.6


SKY COVER
  POSSIBLE SUNSHINE  MM
  AVERAGE SKY COVER 0.3


WEATHER CONDITIONS
 THE FOLLOWING WEATHER WAS RECORDED TODAY.
  NO SIGNIFICANT WEATHER WAS OBSERVED.


RELATIVE HUMIDITY (PERCENT)
 HIGHEST   100           100 AM
 LOWEST     41           300 PM
 AVERAGE    71

..........................................................


THE KNOXVILLE    ASOS CLIMATE NORMALS FOR TOMORROW
                         NORMAL    RECORD    YEAR
 MAXIMUM TEMPERATURE (F)   70        86      1953
                                             1947
 MINIMUM TEMPERATURE (F)   47        29      1987


SUNRISE AND SUNSET
OCTOBER 20 2017.......SUNRISE   747 AM EDT   SUNSET   654 PM EDT
OCTOBER 21 2017.......SUNRISE   748 AM EDT   SUNSET   652 PM EDT


-  INDICATES NEGATIVE NUMBERS.
R  INDICATES RECORD WAS SET OR TIED.
MM INDICATES DATA IS MISSING.
T  INDICATES TRACE AMOUNT.




$$
