000
CDUS44 KMRX 232209
CLITYS


CLIMATE REPORT
NATIONAL WEATHER SERVICE MORRISTOWN TN
508 PM EST FRI FEB 23 2018


...................................

...THE KNOXVILLE    ASOS CLIMATE SUMMARY FOR FEBRUARY 23 2018...
VALID TODAY AS OF 0500 PM LOCAL TIME.

CLIMATE NORMAL PERIOD 1981 TO 2010
CLIMATE RECORD PERIOD 1871 TO 2018


WEATHER ITEM   OBSERVED TIME   RECORD YEAR NORMAL DEPARTURE LAST
                VALUE   (LST)  VALUE       VALUE  FROM      YEAR
                                                  NORMAL
..................................................................
TEMPERATURE (F)
 TODAY
  MAXIMUM         79    356 PM  83    1996  55     24       73
  MINIMUM         55    452 AM  13    1963  34     21       53
  AVERAGE         67                        44     23       63

PRECIPITATION (IN)
  TODAY            0.00          2.46 1962   0.15  -0.15     0.00
  MONTH TO DATE    6.56                      3.50   3.06     1.83
  SINCE DEC 1     11.48                     12.32  -0.84    12.16
  SINCE JAN 1      8.10                      7.82   0.28     5.20

SNOWFALL (IN)
  TODAY            0.0                       0.1   -0.1      0.0
  MONTH TO DATE    T                         1.4   -1.4       T
  SINCE DEC 1      2.6                       4.9   -2.3      2.3
  SINCE JUL 1      2.6                       4.9   -2.3      2.3
  SNOW DEPTH       0

DEGREE DAYS
 HEATING
  TODAY            0                        21    -21        2
  MONTH TO DATE  364                       536   -172      357
  SINCE DEC 1   2068                      2117    -49     1582
  SINCE JUL 1   2686                      2798   -112     1986

 COOLING
  TODAY            2                         0      2        0
  MONTH TO DATE   15                         0     15        0
  SINCE DEC 1     15                         0     15        0
  SINCE JAN 1     15                         0     15        0
..................................................................


WIND (MPH)
  HIGHEST WIND SPEED    23   HIGHEST WIND DIRECTION    SW (230)
  HIGHEST GUST SPEED    28   HIGHEST GUST DIRECTION    SW (220)
  AVERAGE WIND SPEED     6.6


SKY COVER
  POSSIBLE SUNSHINE  MM
  AVERAGE SKY COVER 0.5


WEATHER CONDITIONS
 THE FOLLOWING WEATHER WAS RECORDED TODAY.
  FOG


RELATIVE HUMIDITY (PERCENT)
 HIGHEST   100           200 AM
 LOWEST     48           200 PM
 AVERAGE    74

..........................................................


THE KNOXVILLE    ASOS CLIMATE NORMALS FOR TOMORROW
                         NORMAL    RECORD    YEAR
 MAXIMUM TEMPERATURE (F)   55        79      2017
 MINIMUM TEMPERATURE (F)   34         5      1873


SUNRISE AND SUNSET
FEBRUARY 23 2018......SUNRISE   714 AM EST   SUNSET   625 PM EST
FEBRUARY 24 2018......SUNRISE   712 AM EST   SUNSET   626 PM EST


-  INDICATES NEGATIVE NUMBERS.
R  INDICATES RECORD WAS SET OR TIED.
MM INDICATES DATA IS MISSING.
T  INDICATES TRACE AMOUNT.




$$
