000
CDUS44 KMRX 292124
CLITYS


CLIMATE REPORT
NATIONAL WEATHER SERVICE MORRISTOWN TN
524 PM EDT SAT APR 29 2017


...................................

...THE KNOXVILLE    ASOS CLIMATE SUMMARY FOR APRIL 29 2017...
VALID TODAY AS OF 0500 PM LOCAL TIME.

CLIMATE NORMAL PERIOD 1981 TO 2010
CLIMATE RECORD PERIOD 1871 TO 2017


WEATHER ITEM   OBSERVED TIME   RECORD YEAR NORMAL DEPARTURE LAST
                VALUE   (LST)  VALUE       VALUE  FROM      YEAR
                                                  NORMAL
..................................................................
TEMPERATURE (F)
 TODAY
  MAXIMUM         89R   359 PM  88    1872  74     15       83
  MINIMUM         64    606 AM  33    1992  51     13       57
  AVERAGE         77                        63     14       70

PRECIPITATION (IN)
  TODAY            0.00          1.55 1963   0.14  -0.14     0.00
  MONTH TO DATE    7.61                      3.88   3.73     1.88
  SINCE MAR 1     13.34                      8.22   5.12     4.82
  SINCE JAN 1     19.28                     16.80   2.48    14.70

SNOWFALL (IN)
  TODAY            0.0                       0.0    0.0      0.0
  MONTH TO DATE    T                         0.5   -0.5      0.0
  SINCE MAR 1      T                         1.4   -1.4      0.0
  SINCE JUL 1      2.3                       6.5   -4.2      5.2
  SNOW DEPTH       0

DEGREE DAYS
 HEATING
  TODAY            0                         4     -4        0
  MONTH TO DATE   81                       215   -134      164
  SINCE MAR 1    480                       676   -196      470
  SINCE JUL 1   2539                      3572  -1033     2903

 COOLING
  TODAY           12                         2     10        5
  MONTH TO DATE   82                        31     51       56
  SINCE MAR 1     85                        36     49       71
  SINCE JAN 1     85                        36     49       71
..................................................................


WIND (MPH)
  HIGHEST WIND SPEED    22   HIGHEST WIND DIRECTION    SW (220)
  HIGHEST GUST SPEED    27   HIGHEST GUST DIRECTION    SW (220)
  AVERAGE WIND SPEED     7.7


SKY COVER
  POSSIBLE SUNSHINE  MM
  AVERAGE SKY COVER 0.5


WEATHER CONDITIONS
 THE FOLLOWING WEATHER WAS RECORDED TODAY.
  FOG


RELATIVE HUMIDITY (PERCENT)
 HIGHEST    93           600 AM
 LOWEST     38           400 PM
 AVERAGE    66

..........................................................


THE KNOXVILLE    ASOS CLIMATE NORMALS FOR TOMORROW
                         NORMAL    RECORD    YEAR
 MAXIMUM TEMPERATURE (F)   74        92      1942
 MINIMUM TEMPERATURE (F)   52        35      1988


SUNRISE AND SUNSET
APRIL 29 2017.........SUNRISE   646 AM EDT   SUNSET   821 PM EDT
APRIL 30 2017.........SUNRISE   645 AM EDT   SUNSET   822 PM EDT


-  INDICATES NEGATIVE NUMBERS.
R  INDICATES RECORD WAS SET OR TIED.
MM INDICATES DATA IS MISSING.
T  INDICATES TRACE AMOUNT.




$$
