000
CDUS44 KMRX 302142
CLITYS


CLIMATE REPORT
NATIONAL WEATHER SERVICE MORRISTOWN TN
541 PM EDT SAT JUL 30 2016


...................................

...THE KNOXVILLE    ASOS CLIMATE SUMMARY FOR JULY 30 2016...
VALID TODAY AS OF 0500 PM LOCAL TIME.

CLIMATE NORMAL PERIOD 1981 TO 2010
CLIMATE RECORD PERIOD 1871 TO 2016


WEATHER ITEM   OBSERVED TIME   RECORD YEAR NORMAL DEPARTURE LAST
                VALUE   (LST)  VALUE       VALUE  FROM      YEAR
                                                  NORMAL
..................................................................
TEMPERATURE (F)
 TODAY
  MAXIMUM         91    405 PM  98    1995  88      3       91
                                      1954
  MINIMUM         71    602 AM  54    2014  69      2       75
  AVERAGE         81                        78      3       83

PRECIPITATION (IN)
  TODAY            T             1.39 1982   0.14  -0.14     0.00
                                      1943
  MONTH TO DATE    4.80                      4.94  -0.14     6.49
  SINCE JUN 1      9.23                      8.75   0.48    11.78
  SINCE JAN 1     28.49                     30.19  -1.70    29.26

SNOWFALL (IN)
  TODAY            0.0                       0.0    0.0      0.0
  MONTH TO DATE    0.0                       0.0    0.0      0.0
  SINCE JUN 1      0.0                       0.0    0.0      0.0
  SINCE JUL 1      0.0                       0.0    0.0      0.0
  SNOW DEPTH       0

DEGREE DAYS
 HEATING
  TODAY            0                         0      0        0
  MONTH TO DATE    0                         0      0        0
  SINCE JUN 1      0                         4     -4        0
  SINCE JUL 1      0                         0      0        0

 COOLING
  TODAY           16                        13      3       18
  MONTH TO DATE  507                       407    100      411
  SINCE JUN 1    906                       712    194      810
  SINCE JAN 1   1117                       874    243     1044
..................................................................


WIND (MPH)
  HIGHEST WIND SPEED    12   HIGHEST WIND DIRECTION     W (260)
  HIGHEST GUST SPEED    16   HIGHEST GUST DIRECTION    SW (240)
  AVERAGE WIND SPEED     4.7


SKY COVER
  POSSIBLE SUNSHINE  MM
  AVERAGE SKY COVER 0.7


WEATHER CONDITIONS
 THE FOLLOWING WEATHER WAS RECORDED TODAY.
  LIGHT RAIN
  FOG


RELATIVE HUMIDITY (PERCENT)
 HIGHEST    93          1200 AM
 LOWEST     47           400 PM
 AVERAGE    70

..........................................................


THE KNOXVILLE    ASOS CLIMATE NORMALS FOR TOMORROW
                         NORMAL    RECORD    YEAR
 MAXIMUM TEMPERATURE (F)   88        99      1915
 MINIMUM TEMPERATURE (F)   69        58      1874


SUNRISE AND SUNSET
JULY 30 2016..........SUNRISE   643 AM EDT   SUNSET   842 PM EDT
JULY 31 2016..........SUNRISE   643 AM EDT   SUNSET   841 PM EDT


-  INDICATES NEGATIVE NUMBERS.
R  INDICATES RECORD WAS SET OR TIED.
MM INDICATES DATA IS MISSING.
T  INDICATES TRACE AMOUNT.




$$
