000
CDUS44 KMRX 310814
CLITYS


CLIMATE REPORT
NATIONAL WEATHER SERVICE MORRISTOWN TN
413 AM EDT TUE MAY 31 2016


...................................

...THE KNOXVILLE    ASOS CLIMATE SUMMARY FOR MAY 30 2016...

CLIMATE NORMAL PERIOD 1981 TO 2010
CLIMATE RECORD PERIOD 1871 TO 2016


WEATHER ITEM   OBSERVED TIME   RECORD YEAR NORMAL DEPARTURE LAST
                VALUE   (LST)  VALUE       VALUE  FROM      YEAR
                                                  NORMAL
..................................................................
TEMPERATURE (F)
 YESTERDAY
  MAXIMUM         87    424 PM  94    1941  82      5       86
  MINIMUM         64    617 AM  39    1984  60      4       62
  AVERAGE         76                        71      5       74

PRECIPITATION (IN)
  YESTERDAY        0.02          3.36 1974   0.14  -0.12     0.00
  MONTH TO DATE    4.06                      4.37  -0.31     1.22
  SINCE MAR 1      9.38                     12.72  -3.34     9.80
  SINCE JAN 1     19.26                     21.30  -2.04    16.94

SNOWFALL (IN)
  YESTERDAY        0.0                       0.0    0.0      0.0
  MONTH TO DATE    0.0                       0.0    0.0      0.0
  SINCE MAR 1      0.0                       1.4   -1.4       T
  SINCE JUL 1      5.2                       6.5   -1.3      9.3
  SNOW DEPTH       0

DEGREE DAYS
 HEATING
  YESTERDAY        0                         1     -1        0
  MONTH TO DATE   52                        59     -7       30
  SINCE MAR 1    522                       738   -216      580
  SINCE JUL 1   2955                      3634   -679     3845

 COOLING
  YESTERDAY       11                         6      5        9
  MONTH TO DATE  127                       117     10      200
  SINCE MAR 1    200                       154     46      225
  SINCE JAN 1    200                       154     46      225
..................................................................


WIND (MPH)
  HIGHEST WIND SPEED    20   HIGHEST WIND DIRECTION     N (20)
  HIGHEST GUST SPEED    22   HIGHEST GUST DIRECTION     N (10)
  AVERAGE WIND SPEED     2.9


SKY COVER
  POSSIBLE SUNSHINE  MM
  AVERAGE SKY COVER 0.5


WEATHER CONDITIONS
 THE FOLLOWING WEATHER WAS RECORDED YESTERDAY.
  LIGHT RAIN
  FOG
  FOG W/VISIBILITY <= 1/4 MILE


RELATIVE HUMIDITY (PERCENT)
 HIGHEST   100           100 AM
 LOWEST     40           400 PM
 AVERAGE    70

..........................................................


THE KNOXVILLE    ASOS CLIMATE NORMALS FOR TODAY
                         NORMAL    RECORD    YEAR
 MAXIMUM TEMPERATURE (F)   82        96      2011
 MINIMUM TEMPERATURE (F)   61        38      1984


SUNRISE AND SUNSET
MAY 31 2016...........SUNRISE   621 AM EDT   SUNSET   846 PM EDT
JUNE  1 2016..........SUNRISE   621 AM EDT   SUNSET   847 PM EDT


-  INDICATES NEGATIVE NUMBERS.
R  INDICATES RECORD WAS SET OR TIED.
MM INDICATES DATA IS MISSING.
T  INDICATES TRACE AMOUNT.




$$
