000
CDUS44 KMRX 192126
CLITYS

CLIMATE REPORT NATIONAL WEATHER SERVICE MORRISTOWN TN
526 PM EDT FRI SEP 19 2014

...................................

...THE KNOXVILLE CLIMATE SUMMARY FOR SEPTEMBER 19 2014... VALID
TODAY AS OF 500 PM LOCAL TIME.

CLIMATE NORMAL PERIOD 1981 TO 2010
CLIMATE RECORD PERIOD 1871 TO 2014


WEATHER ITEM   OBSERVED TIME   RECORD YEAR NORMAL DEPARTURE LAST
                VALUE   (LST)  VALUE       VALUE  FROM      YEAR
                                                  NORMAL
..................................................................
TEMPERATURE (F)
 TODAY
  MAXIMUM         86    258 PM  98    1925  81      5       83
  MINIMUM         57    608 AM  42    1901  59     -2       60
  AVERAGE         72                        70      2       72

PRECIPITATION (IN)
  TODAY            0.00          1.90 1969   0.10  -0.10     0.00
  MONTH TO DATE    0.15                      2.03  -1.88     1.62
  SINCE SEP 1      0.15                      2.03  -1.88     1.62
  SINCE JAN 1     29.41                     35.63  -6.22    53.00

SNOWFALL (IN)
  TODAY            0.0                       0.0    0.0      0.0
  MONTH TO DATE    0.0                       0.0    0.0      0.0
  SINCE SEP 1      0.0                       0.0    0.0      0.0
  SINCE JUL 1      0.0                       0.0    0.0      0.0
  SNOW DEPTH       0

DEGREE DAYS
 HEATING
  TODAY            0                         1     -1        0
  MONTH TO DATE    0                         4     -4        1
  SINCE SEP 1      0                         4     -4        1
  SINCE JUL 1      0                         4     -4        1

 COOLING
  TODAY            7                         6      1        7
  MONTH TO DATE  196                       160     36      169
  SINCE SEP 1    196                       160     36      169
  SINCE JAN 1   1395                      1441    -46     1356
..................................................................


WIND (MPH)
  HIGHEST WIND SPEED    10   HIGHEST WIND DIRECTION    NE (50)
  HIGHEST GUST SPEED    12   HIGHEST GUST DIRECTION    NE (40)
  AVERAGE WIND SPEED     4.5


SKY COVER
  POSSIBLE SUNSHINE  MM
  AVERAGE SKY COVER  MM


WEATHER CONDITIONS
 THE FOLLOWING WEATHER WAS RECORDED TODAY.
  HAZE


RELATIVE HUMIDITY (PERCENT)
 HIGHEST    93           500 AM
 LOWEST     44           300 PM
 AVERAGE    69

..........................................................


THE KNOXVILLE    ASOS CLIMATE NORMALS FOR TOMORROW
                         NORMAL    RECORD    YEAR
 MAXIMUM TEMPERATURE (F)   80        97      1925
 MINIMUM TEMPERATURE (F)   59        43      1889


SUNRISE AND SUNSET
SEPTEMBER 19 2014.....SUNRISE   722 AM EDT   SUNSET   737 PM EDT
SEPTEMBER 20 2014.....SUNRISE   722 AM EDT   SUNSET   736 PM EDT


-  INDICATES NEGATIVE NUMBERS.
R  INDICATES RECORD WAS SET OR TIED.
MM INDICATES DATA IS MISSING.
T  INDICATES TRACE AMOUNT.




$$
