000
CDUS44 KMRX 221211
CLITYS

CLIMATE REPORT NATIONAL WEATHER SERVICE MORRISTOWN TN
810 AM EDT TUE JUL 22 2014

...................................

...THE KNOXVILLE CLIMATE SUMMARY FOR JULY 21 2014...

CLIMATE NORMAL PERIOD 1981 TO 2010
CLIMATE RECORD PERIOD 1871 TO 2014


WEATHER ITEM   OBSERVED TIME   RECORD YEAR NORMAL DEPARTURE LAST
                VALUE   (LST)  VALUE       VALUE  FROM      YEAR
                                                  NORMAL
..................................................................
TEMPERATURE (F)
 YESTERDAY
  MAXIMUM         87    408 PM  98    1985  88     -1       82
                                      1934
                                      1926
  MINIMUM         67    254 AM  59    2009  69     -2       71
                                      1903
  AVERAGE         77                        79     -2       77

PRECIPITATION (IN)
  YESTERDAY        0.00          1.44 1893   0.17  -0.17     0.15
  MONTH TO DATE    3.24                      3.54  -0.30     6.15
  SINCE JUN 1      7.79                      7.35   0.44    15.53
  SINCE JAN 1     23.82                     28.79  -4.97    46.95

SNOWFALL (IN)
  YESTERDAY        0.0                       0.0    0.0      0.0
  MONTH TO DATE    0.0                       0.0    0.0      0.0
  SINCE JUN 1      0.0                       0.0    0.0      0.0
  SINCE JUL 1      0.0                       0.0    0.0      0.0
  SNOW DEPTH       0

DEGREE DAYS
 HEATING
  YESTERDAY        0                         0      0        0
  MONTH TO DATE    0                         0      0        0
  SINCE JUN 1      0                         4     -4        0
  SINCE JUL 1      0                         0      0        0

 COOLING
  YESTERDAY       12                        14     -2       12
  MONTH TO DATE  227                       284    -57      253
  SINCE JUN 1    557                       589    -32      573
  SINCE JAN 1    762                       751     11      729
..................................................................


WIND (MPH)
  HIGHEST WIND SPEED     8   HIGHEST WIND DIRECTION     E (90)
  HIGHEST GUST SPEED    10   HIGHEST GUST DIRECTION    NE (40)
  AVERAGE WIND SPEED     3.6


SKY COVER
  POSSIBLE SUNSHINE  MM
  AVERAGE SKY COVER  MM


WEATHER CONDITIONS
 THE FOLLOWING WEATHER WAS RECORDED YESTERDAY.
  FOG


RELATIVE HUMIDITY (PERCENT)
 HIGHEST   100           300 AM
 LOWEST     55           400 PM
 AVERAGE    78

..........................................................


THE KNOXVILLE    ASOS CLIMATE NORMALS FOR TODAY
                         NORMAL    RECORD    YEAR
 MAXIMUM TEMPERATURE (F)   88       100      1952
 MINIMUM TEMPERATURE (F)   69        57      1902


SUNRISE AND SUNSET
JULY 22 2014..........SUNRISE   636 AM EDT   SUNSET   848 PM EDT
JULY 23 2014..........SUNRISE   637 AM EDT   SUNSET   848 PM EDT


-  INDICATES NEGATIVE NUMBERS.
R  INDICATES RECORD WAS SET OR TIED.
MM INDICATES DATA IS MISSING.
T  INDICATES TRACE AMOUNT.

&&

THE LOW TEMPERATURE THIS MORNING WAS 70.
THERE HAS BEEN NO PRECIPITATION SINCE MIDNIGHT.


$$
