000
CDUS44 KMRX 292119
CLITYS

CLIMATE REPORT
NATIONAL WEATHER SERVICE MORRISTOWN TN
518 PM EDT SUN MAR 29 2015


...................................

...THE KNOXVILLE CLIMATE SUMMARY FOR MARCH 29 2015...
VALID TODAY AS OF 0500 PM LOCAL TIME.

CLIMATE NORMAL PERIOD 1981 TO 2010
CLIMATE RECORD PERIOD 1871 TO 2015


WEATHER ITEM   OBSERVED TIME   RECORD YEAR NORMAL DEPARTURE LAST
                VALUE   (LST)  VALUE       VALUE  FROM      YEAR
                                                  NORMAL
..................................................................
TEMPERATURE (F)
 TODAY
  MAXIMUM         59    359 PM  83    1928  65     -6       58
                                      1910
                                      1895
  MINIMUM         25    713 AM  22    1887  42    -17       42
  AVERAGE         42                        54    -12       50

PRECIPITATION (IN)
  TODAY            0.00          2.43 1975   0.14  -0.14     0.42
  MONTH TO DATE    4.32                      4.05   0.27     2.42
  SINCE MAR 1      4.32                      4.05   0.27     2.42
  SINCE JAN 1     11.46                     12.63  -1.17    10.49

SNOWFALL (IN)
  TODAY            0.0                       0.0    0.0      0.0
  MONTH TO DATE    T                         0.9   -0.9      0.5
  SINCE MAR 1      T                         0.9   -0.9      0.5
  SINCE JUL 1      9.3                       6.0    3.3     12.4
  SNOW DEPTH       0

DEGREE DAYS
 HEATING
  TODAY           23                        11     12       15
  MONTH TO DATE  400                       438    -38      502
  SINCE MAR 1    400                       438    -38      502
  SINCE JUL 1   3665                      3334    331     3549

 COOLING
  TODAY            0                         0      0        0
  MONTH TO DATE    2                         0      2        0
  SINCE MAR 1      2                         0      2        0
  SINCE JAN 1      2                         0      2        0
..................................................................


WIND (MPH)
  HIGHEST WIND SPEED    17   HIGHEST WIND DIRECTION    SW (240)
  HIGHEST GUST SPEED    22   HIGHEST GUST DIRECTION    SW (240)
  AVERAGE WIND SPEED     5.2


SKY COVER
  POSSIBLE SUNSHINE  MM
  AVERAGE SKY COVER 0.1


WEATHER CONDITIONS
 THE FOLLOWING WEATHER WAS RECORDED TODAY.
  NO SIGNIFICANT WEATHER WAS OBSERVED.


RELATIVE HUMIDITY (PERCENT)
 HIGHEST    75           500 AM
 LOWEST     19           300 PM
 AVERAGE    47

..........................................................


THE KNOXVILLE CLIMATE NORMALS FOR TOMORROW
                         NORMAL    RECORD    YEAR
 MAXIMUM TEMPERATURE (F)   66        84      1998
 MINIMUM TEMPERATURE (F)   43        22      1964


SUNRISE AND SUNSET
MARCH 29 2015.........SUNRISE   727 AM EDT   SUNSET   755 PM EDT
MARCH 30 2015.........SUNRISE   726 AM EDT   SUNSET   756 PM EDT


-  INDICATES NEGATIVE NUMBERS.
R  INDICATES RECORD WAS SET OR TIED.
MM INDICATES DATA IS MISSING.
T  INDICATES TRACE AMOUNT.




$$
