000
CDUS44 KMRX 172217
CLITYS

CLIMATE REPORT NATIONAL WEATHER SERVICE MORRISTOWN TN
517 PM EST WED DEC 17 2014

...................................

...THE KNOXVILLE  CLIMATE SUMMARY FOR DECEMBER 17 2014... VALID
TODAY AS OF 0500 PM LOCAL TIME.

CLIMATE NORMAL PERIOD 1981 TO 2010
CLIMATE RECORD PERIOD 1871 TO 2014


WEATHER ITEM   OBSERVED TIME   RECORD YEAR NORMAL DEPARTURE LAST
                VALUE   (LST)  VALUE       VALUE  FROM      YEAR
                                                  NORMAL
..................................................................
TEMPERATURE (F)
 TODAY
  MAXIMUM         45    438 PM  74    1924  49     -4       56
  MINIMUM         40    436 AM  10    1882  31      9       36
  AVERAGE         43                        40      3       46

PRECIPITATION (IN)
  TODAY            0.00          2.16 1961   0.14  -0.14     0.00
  MONTH TO DATE    1.79                      2.58  -0.79     4.76
  SINCE DEC 1      1.79                      2.58  -0.79     4.76
  SINCE JAN 1     39.22                     45.94  -6.72    65.88

SNOWFALL (IN)
  TODAY            0.0                       0.0    0.0      0.0
  MONTH TO DATE    0.0                       0.3   -0.3      0.0
  SINCE DEC 1      0.0                       0.3   -0.3      0.0
  SINCE JUL 1      T                         0.3   -0.3      0.8
  SNOW DEPTH       0

DEGREE DAYS
 HEATING
  TODAY           22                        25     -3       19
  MONTH TO DATE  356                       390    -34      345
  SINCE DEC 1    356                       390    -34      345
  SINCE JUL 1   1182                      1071    111     1035

 COOLING
  TODAY            0                         0      0        0
  MONTH TO DATE    0                         0      0        4
  SINCE DEC 1      0                         0      0        4
  SINCE JAN 1   1486                      1526    -40     1449
..................................................................


WIND (MPH)
  HIGHEST WIND SPEED    12   HIGHEST WIND DIRECTION     W (280)
  HIGHEST GUST SPEED    13   HIGHEST GUST DIRECTION     W (280)
  AVERAGE WIND SPEED     4.3


SKY COVER
  POSSIBLE SUNSHINE  MM
  AVERAGE SKY COVER  MM


WEATHER CONDITIONS
 THE FOLLOWING WEATHER WAS RECORDED TODAY.
  NO SIGNIFICANT WEATHER WAS OBSERVED.


RELATIVE HUMIDITY (PERCENT)
 HIGHEST    82           100 AM
 LOWEST     65           400 PM
 AVERAGE    74

..........................................................


THE KNOXVILLE    ASOS CLIMATE NORMALS FOR TOMORROW
                         NORMAL    RECORD    YEAR
 MAXIMUM TEMPERATURE (F)   49        73      1924
 MINIMUM TEMPERATURE (F)   31         7      1875


SUNRISE AND SUNSET
DECEMBER 17 2014......SUNRISE   740 AM EST   SUNSET   524 PM EST
DECEMBER 18 2014......SUNRISE   741 AM EST   SUNSET   525 PM EST


-  INDICATES NEGATIVE NUMBERS.
R  INDICATES RECORD WAS SET OR TIED.
MM INDICATES DATA IS MISSING.
T  INDICATES TRACE AMOUNT.




$$
