000
CDUS44 KMRX 010819 RRA
CLITYS

CLIMATE REPORT
NATIONAL WEATHER SERVICE MORRISTOWN TN
418 AM EDT WED JUL 1 2015


...................................

...THE KNOXVILLE CLIMATE SUMMARY FOR JUNE 30 2015...

CLIMATE NORMAL PERIOD 1981 TO 2010
CLIMATE RECORD PERIOD 1871 TO 2015


WEATHER ITEM   OBSERVED TIME   RECORD YEAR NORMAL DEPARTURE LAST
                VALUE   (LST)  VALUE       VALUE  FROM      YEAR
                                                  NORMAL
..................................................................
TEMPERATURE (F)
 YESTERDAY
  MAXIMUM         81    100 PM 105    2012  88     -7       79
  MINIMUM         65    451 AM  50    1923  68     -3       68
  AVERAGE         73                        78     -5       74

PRECIPITATION (IN)
  YESTERDAY        1.63          2.20 1939   0.15   1.48      T
  MONTH TO DATE    5.29                      3.81   1.48     4.55
  SINCE JUN 1      5.29                      3.81   1.48     4.55
  SINCE JAN 1     22.77                     25.25  -2.48    20.58

SNOWFALL (IN)
  YESTERDAY        0.0                       0.0    0.0      0.0
  MONTH TO DATE    0.0                       0.0    0.0      0.0
  SINCE JUN 1      0.0                       0.0    0.0      0.0
  SINCE JUL 1      9.3                       6.5    2.8     12.4
  SNOW DEPTH      MM

DEGREE DAYS
 HEATING
  YESTERDAY        0                         0      0        0
  MONTH TO DATE    0                         0      0        0
  SINCE JUN 1      0                         4     -4        0
  SINCE JUL 1   3845                      3637    208     3797

 COOLING
  YESTERDAY        8                        13     -5        9
  MONTH TO DATE  404                       305     99      330
  SINCE JUN 1    404                       305     99      330
  SINCE JAN 1    638                       467    171      535
..................................................................


WIND (MPH)
  HIGHEST WIND SPEED    21   HIGHEST WIND DIRECTION     W (290)
  HIGHEST GUST SPEED    31   HIGHEST GUST DIRECTION    NW (320)
  AVERAGE WIND SPEED     5.9


SKY COVER
  POSSIBLE SUNSHINE  MM
  AVERAGE SKY COVER 0.9


WEATHER CONDITIONS
 THE FOLLOWING WEATHER WAS RECORDED YESTERDAY.
  THUNDERSTORM
  HEAVY RAIN
  RAIN
  LIGHT RAIN
  HAIL
  FOG


RELATIVE HUMIDITY (PERCENT)
 HIGHEST    93          1200 AM
 LOWEST     69          1100 AM
 AVERAGE    81

..........................................................


THE KNOXVILLE CLIMATE NORMALS FOR TODAY
                         NORMAL    RECORD    YEAR
 MAXIMUM TEMPERATURE (F)   88       105      2012
 MINIMUM TEMPERATURE (F)   68        52      1885


SUNRISE AND SUNSET
JULY  1 2015..........SUNRISE   623 AM EDT   SUNSET   856 PM EDT
JULY  2 2015..........SUNRISE   624 AM EDT   SUNSET   856 PM EDT


-  INDICATES NEGATIVE NUMBERS.
R  INDICATES RECORD WAS SET OR TIED.
MM INDICATES DATA IS MISSING.
T  INDICATES TRACE AMOUNT.




$$
