000
CDUS44 KMRX 222121 RRA
CLITYS

CLIMATE REPORT
NATIONAL WEATHER SERVICE MORRISTOWN TN
520 PM EDT FRI AUG 22 2014


...................................

...THE KNOXVILLE CLIMATE SUMMARY FOR AUGUST 22 2014...
VALID TODAY AS OF 0500 PM LOCAL TIME.

CLIMATE NORMAL PERIOD 1981 TO 2010
CLIMATE RECORD PERIOD 1871 TO 2014


WEATHER ITEM   OBSERVED TIME   RECORD YEAR NORMAL DEPARTURE LAST
                VALUE   (LST)  VALUE       VALUE  FROM      YEAR
                                                  NORMAL
..................................................................
TEMPERATURE (F)
 TODAY
  MAXIMUM         90    344 PM  99    2007  88      2       88
                                      1983
                                      1968
  MINIMUM         71    629 AM  53    1956  67      4       68
  AVERAGE         81                        78      3       78

PRECIPITATION (IN)
  TODAY            0.00          3.02 1969   0.10  -0.10      T
  MONTH TO DATE    3.28                      2.47   0.81     2.74
  SINCE JUN 1     12.50                     11.36   1.14    19.49
  SINCE JAN 1     28.53                     32.80  -4.27    50.91

SNOWFALL (IN)
  TODAY            0.0                       0.0    0.0      0.0
  MONTH TO DATE    0.0                       0.0    0.0      0.0
  SINCE JUN 1      0.0                       0.0    0.0      0.0
  SINCE JUL 1      0.0                       0.0    0.0      0.0
  SNOW DEPTH       0

DEGREE DAYS
 HEATING
  TODAY            0                         0      0        0
  MONTH TO DATE    0                         0      0        0
  SINCE JUN 1      0                         4     -4        0
  SINCE JUL 1      0                         0      0        0

 COOLING
  TODAY           16                        13      3       13
  MONTH TO DATE  230                       286    -56      248
  SINCE JUN 1    877                      1008   -131      918
  SINCE JAN 1   1082                      1170    -88     1074
..................................................................


WIND (MPH)
  HIGHEST WIND SPEED    15   HIGHEST WIND DIRECTION    SW (240)
  HIGHEST GUST SPEED    17   HIGHEST GUST DIRECTION    SW (240)
  AVERAGE WIND SPEED     5.0


SKY COVER
  POSSIBLE SUNSHINE  MM
  AVERAGE SKY COVER  MM


WEATHER CONDITIONS
 THE FOLLOWING WEATHER WAS RECORDED TODAY.
  NO SIGNIFICANT WEATHER WAS OBSERVED.


RELATIVE HUMIDITY (PERCENT)
 HIGHEST    87           100 AM
 LOWEST     52           400 PM
 AVERAGE    70

..........................................................


THE KNOXVILLE CLIMATE NORMALS FOR TOMORROW
                         NORMAL    RECORD    YEAR
 MAXIMUM TEMPERATURE (F)   88       102      2007
 MINIMUM TEMPERATURE (F)   67        54      1930


SUNRISE AND SUNSET
AUGUST 22 2014........SUNRISE   700 AM EDT   SUNSET   817 PM EDT
AUGUST 23 2014........SUNRISE   701 AM EDT   SUNSET   816 PM EDT


-  INDICATES NEGATIVE NUMBERS.
R  INDICATES RECORD WAS SET OR TIED.
MM INDICATES DATA IS MISSING.
T  INDICATES TRACE AMOUNT.




$$
