000
CDUS44 KMRX 300836
CLITYS


CLIMATE REPORT
NATIONAL WEATHER SERVICE MORRISTOWN TN
435 AM EDT SUN AUG 30 2015


...................................

...THE KNOXVILLE    ASOS CLIMATE SUMMARY FOR AUGUST 29 2015...

CLIMATE NORMAL PERIOD 1981 TO 2010
CLIMATE RECORD PERIOD 1871 TO 2015


WEATHER ITEM   OBSERVED TIME   RECORD YEAR NORMAL DEPARTURE LAST
                VALUE   (LST)  VALUE       VALUE  FROM      YEAR
                                                  NORMAL
..................................................................
TEMPERATURE (F)
 YESTERDAY
  MAXIMUM         90    344 PM 102    1948  87      3       91
  MINIMUM         66    749 AM  53    1986  66      0       70
                                      1968
  AVERAGE         78                        76      2       81

PRECIPITATION (IN)
  YESTERDAY        0.00          2.62 1874   0.09  -0.09      T
  MONTH TO DATE    3.66                      3.10   0.56     3.31
  SINCE JUN 1     15.44                     11.99   3.45    12.53
  SINCE JAN 1     32.92                     33.43  -0.51    28.56

SNOWFALL (IN)
  YESTERDAY        0.0                       0.0    0.0      0.0
  MONTH TO DATE    0.0                       0.0    0.0      0.0
  SINCE JUN 1      0.0                       0.0    0.0      0.0
  SINCE JUL 1      0.0                       0.0    0.0      0.0
  SNOW DEPTH       0

DEGREE DAYS
 HEATING
  YESTERDAY        0                         0      0        0
  MONTH TO DATE    0                         0      0        0
  SINCE JUN 1      0                         4     -4        0
  SINCE JUL 1      0                         0      0        0

 COOLING
  YESTERDAY       13                        12      1       16
  MONTH TO DATE  344                       370    -26      323
  SINCE JUN 1   1167                      1092     75      970
  SINCE JAN 1   1401                      1254    147     1175
..................................................................


WIND (MPH)
  HIGHEST WIND SPEED     7   HIGHEST WIND DIRECTION     N (340)
  HIGHEST GUST SPEED     7   HIGHEST GUST DIRECTION     N (340)
  AVERAGE WIND SPEED     0.8


SKY COVER
  POSSIBLE SUNSHINE  MM
  AVERAGE SKY COVER 0.9


WEATHER CONDITIONS
 THE FOLLOWING WEATHER WAS RECORDED YESTERDAY.
  NO SIGNIFICANT WEATHER WAS OBSERVED.


RELATIVE HUMIDITY (PERCENT)
 HIGHEST   100           500 AM
 LOWEST     56           100 PM
 AVERAGE    78

..........................................................


THE KNOXVILLE    ASOS CLIMATE NORMALS FOR TODAY
                         NORMAL    RECORD    YEAR
 MAXIMUM TEMPERATURE (F)   87        96      1995
                                             1953
 MINIMUM TEMPERATURE (F)   66        53      1883


SUNRISE AND SUNSET
AUGUST 30 2015........SUNRISE   706 AM EDT   SUNSET   806 PM EDT
AUGUST 31 2015........SUNRISE   707 AM EDT   SUNSET   805 PM EDT


-  INDICATES NEGATIVE NUMBERS.
R  INDICATES RECORD WAS SET OR TIED.
MM INDICATES DATA IS MISSING.
T  INDICATES TRACE AMOUNT.




$$
