000
CDUS43 KLOT 310636
CLIUGN


CLIMATE REPORT
NATIONAL WEATHER SERVICE CHICAGO IL
1235 AM CST SAT JAN 31 2015


...................................

...THE WAUKEGAN   CLIMATE SUMMARY FOR JANUARY 30 2015...

CLIMATE NORMAL PERIOD 1981 TO 2010
CLIMATE RECORD PERIOD 2000 TO 2015


WEATHER ITEM   OBSERVED TIME   RECORD YEAR NORMAL DEPARTURE LAST
                VALUE   (LST)  VALUE       VALUE  FROM      YEAR
                                                  NORMAL
..................................................................
TEMPERATURE (F)
 YESTERDAY
  MAXIMUM         28    135 PM  49    2012  30     -2       31
  MINIMUM         16   1159 PM -10    2004  15      1       21
  AVERAGE         22

PRECIPITATION (IN)
  YESTERDAY        0.00          0.39 2013   0.05  -0.05      T
  MONTH TO DATE    0.54                      1.33  -0.79     1.07
  SINCE DEC 1      1.34                      3.33  -1.99     1.63
  SINCE JAN 1      0.54                      1.33  -0.79     1.07

DEGREE DAYS
 HEATING
  YESTERDAY       43                        42      1       39
  MONTH TO DATE 1313                      1262     51     1538
  SINCE DEC 1   2360                      2426    -66     2914
  SINCE JUL 1   4023                      3811    212     4426

 COOLING
  YESTERDAY        0                         0      0        0
  MONTH TO DATE    0                         0      0        0
  SINCE DEC 1      0                         0      0        0
  SINCE JAN 1      0                         0      0        0
..................................................................


WIND (MPH)
  RESULTANT WIND SPEED   2   RESULTANT WIND DIRECTION  NW (330)
  HIGHEST WIND SPEED    15   HIGHEST WIND DIRECTION     N (350)
  HIGHEST GUST SPEED    25   HIGHEST GUST DIRECTION     N (350)
  AVERAGE WIND SPEED     5.2


SKY COVER
  POSSIBLE SUNSHINE  MM
  AVERAGE SKY COVER 0.1


WEATHER CONDITIONS
 THE FOLLOWING WEATHER WAS RECORDED YESTERDAY.
  NO SIGNIFICANT WEATHER WAS OBSERVED.


RELATIVE HUMIDITY (PERCENT)
 HIGHEST    80
 LOWEST     46
 AVERAGE    63

..........................................................


THE WAUKEGAN   CLIMATE NORMALS FOR TODAY
                         NORMAL    RECORD    YEAR
 MAXIMUM TEMPERATURE (F)   30        56      2012
 MINIMUM TEMPERATURE (F)   15        -6      2004


SUNRISE AND SUNSET
JANUARY 31 2015.......SUNRISE   706 AM CST   SUNSET   504 PM CST
FEBRUARY  1 2015......SUNRISE   705 AM CST   SUNSET   505 PM CST


-  INDICATES NEGATIVE NUMBERS.
R  INDICATES RECORD WAS SET OR TIED.
MM INDICATES DATA IS MISSING.
T  INDICATES TRACE AMOUNT.




$$
