000
CDUS43 KLOT 270635
CLIUGN


CLIMATE REPORT
NATIONAL WEATHER SERVICE CHICAGO IL
1233 AM CST FRI FEB 27 2015


...................................

...THE WAUKEGAN   CLIMATE SUMMARY FOR FEBRUARY 26 2015...

CLIMATE NORMAL PERIOD 1981 TO 2010
CLIMATE RECORD PERIOD 2000 TO 2015


WEATHER ITEM   OBSERVED TIME   RECORD YEAR NORMAL DEPARTURE LAST
                VALUE   (LST)  VALUE       VALUE  FROM      YEAR
                                                  NORMAL
..................................................................
TEMPERATURE (F)
 YESTERDAY
  MAXIMUM         17    131 PM  65    2000  37    -20       15
  MINIMUM         -3R  1131 PM  -3    2014  22    -25       -3
  AVERAGE          7

PRECIPITATION (IN)
  YESTERDAY       MM             1.41 2009   0.06  MM        0.00
  MONTH TO DATE    T                         1.54  -1.54     0.95
  SINCE DEC 1      1.34                      4.93  -3.59     2.58
  SINCE JAN 1      0.54                      2.93  -2.39     2.02

DEGREE DAYS
 HEATING
  YESTERDAY       58                        36     22       59
  MONTH TO DATE 1345                      1026    319     1279
  SINCE DEC 1   3743                      3492    251     4239
  SINCE JUL 1   5406                      4877    529     5751

 COOLING
  YESTERDAY        0                         0      0        0
  MONTH TO DATE    0                         0      0        0
  SINCE DEC 1      0                         0      0        0
  SINCE JAN 1      0                         0      0        0
..................................................................


WIND (MPH)
  RESULTANT WIND SPEED   7   RESULTANT WIND DIRECTION   N (340)
  HIGHEST WIND SPEED    18   HIGHEST WIND DIRECTION     N (20)
  HIGHEST GUST SPEED    26   HIGHEST GUST DIRECTION    NE (50)
  AVERAGE WIND SPEED     8.9


SKY COVER
  POSSIBLE SUNSHINE  MM
  AVERAGE SKY COVER 0.6


WEATHER CONDITIONS
 THE FOLLOWING WEATHER WAS RECORDED YESTERDAY.
  SNOW
  LIGHT SNOW
  FOG
  FOG W/VISIBILITY <= 1/4 MILE
  HAZE


RELATIVE HUMIDITY (PERCENT)
 HIGHEST    96
 LOWEST     42
 AVERAGE    69

..........................................................


THE WAUKEGAN   CLIMATE NORMALS FOR TODAY
                         NORMAL    RECORD    YEAR
 MAXIMUM TEMPERATURE (F)   38        51      2000
 MINIMUM TEMPERATURE (F)   22        -9      2014


SUNRISE AND SUNSET
FEBRUARY 27 2015......SUNRISE   630 AM CST   SUNSET   539 PM CST
FEBRUARY 28 2015......SUNRISE   629 AM CST   SUNSET   540 PM CST


-  INDICATES NEGATIVE NUMBERS.
R  INDICATES RECORD WAS SET OR TIED.
MM INDICATES DATA IS MISSING.
T  INDICATES TRACE AMOUNT.




$$
