000
CDUS43 KLOT 030647
CLIUGN


CLIMATE REPORT
NATIONAL WEATHER SERVICE CHICAGO IL
147 AM CDT MON AUG 3 2015


...................................

...THE WAUKEGAN   CLIMATE SUMMARY FOR AUGUST 2 2015...

CLIMATE NORMAL PERIOD 1981 TO 2010
CLIMATE RECORD PERIOD 2000 TO 2015


WEATHER ITEM   OBSERVED TIME   RECORD YEAR NORMAL DEPARTURE LAST
                VALUE   (LST)  VALUE       VALUE  FROM      YEAR
                                                  NORMAL
..................................................................
TEMPERATURE (F)
 YESTERDAY
  MAXIMUM         91    149 PM  97    2006  80     11       78
  MINIMUM         65   1142 PM  54    2014  62      3       54
  AVERAGE         78

PRECIPITATION (IN)
  YESTERDAY        0.82          1.44 2011   0.12   0.70     0.00
  MONTH TO DATE    0.82                      0.22   0.60      T
  SINCE JUN 1      9.37                      7.98   1.39     8.40
  SINCE JAN 1     18.77                     20.84  -2.07    19.24

DEGREE DAYS
 HEATING
  YESTERDAY        0                         0      0        0
  MONTH TO DATE    0                         0      0        0
  SINCE JUN 1    148                        98     50      107
  SINCE JUL 1     45                        12     33       34

 COOLING
  YESTERDAY       13                         6      7        1
  MONTH TO DATE   21                        12      9        7
  SINCE JUN 1    229                       322    -93      191
  SINCE JAN 1    254                       347    -93      214
..................................................................


WIND (MPH)
  RESULTANT WIND SPEED  13   RESULTANT WIND DIRECTION  SW (220)
  HIGHEST WIND SPEED    33   HIGHEST WIND DIRECTION    SW (210)
  HIGHEST GUST SPEED    42   HIGHEST GUST DIRECTION    SW (220)
  AVERAGE WIND SPEED    13.9


SKY COVER
  POSSIBLE SUNSHINE  MM
  AVERAGE SKY COVER 0.1


WEATHER CONDITIONS
 THE FOLLOWING WEATHER WAS RECORDED YESTERDAY.
  THUNDERSTORM
  HEAVY RAIN
  RAIN
  LIGHT RAIN
  FOG


RELATIVE HUMIDITY (PERCENT)
 HIGHEST    93
 LOWEST     47
 AVERAGE    70

..........................................................


THE WAUKEGAN   CLIMATE NORMALS FOR TODAY
                         NORMAL    RECORD    YEAR
 MAXIMUM TEMPERATURE (F)   80        95      2005
 MINIMUM TEMPERATURE (F)   62        53      2000


SUNRISE AND SUNSET
AUGUST  3 2015........SUNRISE   546 AM CDT   SUNSET   809 PM CDT
AUGUST  4 2015........SUNRISE   547 AM CDT   SUNSET   808 PM CDT


-  INDICATES NEGATIVE NUMBERS.
R  INDICATES RECORD WAS SET OR TIED.
MM INDICATES DATA IS MISSING.
T  INDICATES TRACE AMOUNT.




$$
