000
CDUS43 KLOT 200634
CLIUGN


CLIMATE REPORT
NATIONAL WEATHER SERVICE CHICAGO IL
1233 AM CST TUE FEB 20 2018


...................................

...THE WAUKEGAN   CLIMATE SUMMARY FOR FEBRUARY 19 2018...

CLIMATE NORMAL PERIOD 1981 TO 2010
CLIMATE RECORD PERIOD 2000 TO 2018


WEATHER ITEM   OBSERVED TIME   RECORD YEAR NORMAL DEPARTURE LAST
                VALUE   (LST)  VALUE       VALUE  FROM      YEAR
                                                  NORMAL
..................................................................
TEMPERATURE (F)
 YESTERDAY
  MAXIMUM         58   1159 PM  60    2016  35     23       59
  MINIMUM         37    734 PM -14    2015  19     18       31
  AVERAGE         48                        27     21       45

PRECIPITATION (IN)
  YESTERDAY        0.24          0.40 2002   0.07   0.17     0.00
  MONTH TO DATE    0.50                      1.10  -0.60     0.50
  SINCE DEC 1      2.41                      4.49  -2.08     3.90
  SINCE JAN 1      1.95                      2.49  -0.54     3.00

DEGREE DAYS
 HEATING
  YESTERDAY       17                        38    -21       20
  MONTH TO DATE  840                       769     71      623
  SINCE DEC 1   3216                      3235    -19     3015
  SINCE JUL 1   4446                      4620   -174     3902

 COOLING
  YESTERDAY        0                         0      0        0
  MONTH TO DATE    0                         0      0        0
  SINCE DEC 1      0                         0      0        0
  SINCE JAN 1      0                         0      0        0
..................................................................


WIND (MPH)
  RESULTANT WIND SPEED   8   RESULTANT WIND DIRECTION   S (200)
  HIGHEST WIND SPEED    23   HIGHEST WIND DIRECTION    SW (210)
  HIGHEST GUST SPEED    31   HIGHEST GUST DIRECTION     S (200)
  AVERAGE WIND SPEED     8.9


SKY COVER
  POSSIBLE SUNSHINE  MM
  AVERAGE SKY COVER 1.0


WEATHER CONDITIONS
 THE FOLLOWING WEATHER WAS RECORDED YESTERDAY.
  RAIN
  LIGHT RAIN
  FOG
  FOG W/VISIBILITY <= 1/4 MILE


RELATIVE HUMIDITY (PERCENT)
 HIGHEST   100
 LOWEST     70
 AVERAGE    85

..........................................................


THE WAUKEGAN   CLIMATE NORMALS FOR TODAY
                         NORMAL    RECORD    YEAR
 MAXIMUM TEMPERATURE (F)   35        59      2017
 MINIMUM TEMPERATURE (F)   20       -13      2015


SUNRISE AND SUNSET
FEBRUARY 20 2018......SUNRISE   641 AM CST   SUNSET   530 PM CST
FEBRUARY 21 2018......SUNRISE   639 AM CST   SUNSET   531 PM CST


-  INDICATES NEGATIVE NUMBERS.
R  INDICATES RECORD WAS SET OR TIED.
MM INDICATES DATA IS MISSING.
T  INDICATES TRACE AMOUNT.




$$
