000
CDUS46 KSEW 290828
CLIUIL


CLIMATE REPORT
NATIONAL WEATHER SERVICE SEATTLE WA
1227 AM PST MON DEC 29 2014


...................................

...THE QUILLAYUTE WA AIRPORT CLIMATE SUMMARY FOR DECEMBER 28 2014...

CLIMATE NORMAL PERIOD 1981 TO 2010
CLIMATE RECORD PERIOD 1966 TO 2014


WEATHER ITEM   OBSERVED TIME   RECORD YEAR NORMAL DEPARTURE LAST
                VALUE   (LST)  VALUE       VALUE  FROM      YEAR
                                                  NORMAL
..................................................................
TEMPERATURE (F)
 YESTERDAY
  MAXIMUM         49    204 PM  56    1986  46      3       49
  MINIMUM         32    725 PM  12    1968  35     -3       37
  AVERAGE         41                        40      1       43

PRECIPITATION (IN)
  YESTERDAY        T             2.26 1997   0.41  -0.41      T
  MONTH TO DATE   14.21                     11.79   2.42     6.03
  SINCE OCT 1     44.75                     37.80   6.95    17.10
  SINCE JAN 1    105.15                     98.34   6.81    88.51

DEGREE DAYS
 HEATING
  YESTERDAY       24                        25     -1       22
  MONTH TO DATE  533                       692   -159      697
  SINCE DEC 1    533                       692   -159      697
  SINCE JUL 1   1767                      2406   -639     1893

 COOLING
  YESTERDAY        0                         0      0        0
  MONTH TO DATE    0                         0      0        0
  SINCE DEC 1      0                         0      0        0
  SINCE JAN 1     25                        19      6       39
..................................................................


WIND (MPH)
  RESULTANT WIND SPEED   2   RESULTANT WIND DIRECTION   N (360)
  HIGHEST WIND SPEED    14   HIGHEST WIND DIRECTION    NE (30)
  HIGHEST GUST SPEED    22   HIGHEST GUST DIRECTION    NW (320)
  AVERAGE WIND SPEED     4.6


SKY COVER
  AVERAGE SKY COVER 0.3


WEATHER CONDITIONS
 THE FOLLOWING WEATHER WAS RECORDED YESTERDAY.
  LIGHT RAIN
  FOG
  FOG W/VISIBILITY <= 1/4 MILE


RELATIVE HUMIDITY (PERCENT)
 HIGHEST   100           700 AM
 LOWEST     66           200 PM
 AVERAGE    83

..........................................................


THE QUILLAYUTE WA AIRPORT CLIMATE NORMALS FOR TODAY
                         NORMAL    RECORD    YEAR
 MAXIMUM TEMPERATURE (F)   46        54      1980
 MINIMUM TEMPERATURE (F)   35        12      1968


SUNRISE AND SUNSET
DECEMBER 29 2014......SUNRISE   808 AM PST   SUNSET   433 PM PST
DECEMBER 30 2014......SUNRISE   808 AM PST   SUNSET   434 PM PST


-  INDICATES NEGATIVE NUMBERS.
R  INDICATES RECORD WAS SET OR TIED.
MM INDICATES DATA IS MISSING.
T  INDICATES TRACE AMOUNT.




$$
