000
CDUS46 KSEW 300830
CLIUIL


CLIMATE REPORT
NATIONAL WEATHER SERVICE SEATTLE WA
130 AM PDT SAT AUG 30 2014


...................................

...THE QUILLAYUTE WA AIRPORT CLIMATE SUMMARY FOR AUGUST 29 2014...

CLIMATE NORMAL PERIOD 1981 TO 2010
CLIMATE RECORD PERIOD 1966 TO 2014


WEATHER ITEM   OBSERVED TIME   RECORD YEAR NORMAL DEPARTURE LAST
                VALUE   (LST)  VALUE       VALUE  FROM      YEAR
                                                  NORMAL
..................................................................
TEMPERATURE (F)
 YESTERDAY
  MAXIMUM         68    249 PM  86    1996  68      0       69
  MINIMUM         50    241 AM  37    1980  50      0       63
  AVERAGE         59                        59      0       66

PRECIPITATION (IN)
  YESTERDAY        0.05          2.61 1991   0.10  -0.05     1.09
  MONTH TO DATE    0.57                      2.27  -1.70     2.91
  SINCE OCT 1     72.96                     95.50 -22.54   108.69
  SINCE JAN 1     55.73                     56.50  -0.77    61.72

DEGREE DAYS
 HEATING
  YESTERDAY        6                         6      0        0
  MONTH TO DATE  107                       162    -55       58
  SINCE JUN 1    492                       650   -158      351
  SINCE JUL 1    243                       356   -113      171

 COOLING
  YESTERDAY        0                         0      0        1
  MONTH TO DATE    8                         0      8        7
  SINCE JUN 1     14                        10      4       20
  SINCE JAN 1     18                        11      7       23
..................................................................


WIND (MPH)
  RESULTANT WIND SPEED   3   RESULTANT WIND DIRECTION   S (200)
  HIGHEST WIND SPEED    14   HIGHEST WIND DIRECTION    SW (210)
  HIGHEST GUST SPEED    20   HIGHEST GUST DIRECTION    SW (220)
  AVERAGE WIND SPEED     3.7


SKY COVER
  AVERAGE SKY COVER 0.9


WEATHER CONDITIONS
 THE FOLLOWING WEATHER WAS RECORDED YESTERDAY.
  LIGHT RAIN
  FOG
  FOG W/VISIBILITY <= 1/4 MILE


RELATIVE HUMIDITY (PERCENT)
 HIGHEST   100          1200 AM
 LOWEST     73           400 PM
 AVERAGE    87

..........................................................


THE QUILLAYUTE WA AIRPORT CLIMATE NORMALS FOR TODAY
                         NORMAL    RECORD    YEAR
 MAXIMUM TEMPERATURE (F)   68        89      1987
 MINIMUM TEMPERATURE (F)   50        39      1972


SUNRISE AND SUNSET
AUGUST 30 2014........SUNRISE   634 AM PDT   SUNSET   803 PM PDT
AUGUST 31 2014........SUNRISE   635 AM PDT   SUNSET   801 PM PDT


-  INDICATES NEGATIVE NUMBERS.
R  INDICATES RECORD WAS SET OR TIED.
MM INDICATES DATA IS MISSING.
T  INDICATES TRACE AMOUNT.




$$
