000
CDUS46 KSEW 170842
CLIUIL


CLIMATE REPORT
NATIONAL WEATHER SERVICE SEATTLE WA
1241 AM PST SAT FEB 17 2018


...................................

...THE QUILLAYUTE WA AIRPORT CLIMATE SUMMARY FOR FEBRUARY 16 2018...

CLIMATE NORMAL PERIOD 1981 TO 2010
CLIMATE RECORD PERIOD 1966 TO 2018


WEATHER ITEM   OBSERVED TIME   RECORD YEAR NORMAL DEPARTURE LAST
                VALUE   (LST)  VALUE       VALUE  FROM      YEAR
                                                  NORMAL
..................................................................
TEMPERATURE (F)
 YESTERDAY
  MAXIMUM         47    210 PM  59    2015  49     -2       51
  MINIMUM         39   1256 AM  25    1968  35      4       42
  AVERAGE         43                        42      1       47

PRECIPITATION (IN)
  YESTERDAY        0.76          2.07 1994   0.35   0.41     0.24
  MONTH TO DATE    5.20                      6.04  -0.84     9.17
  SINCE OCT 1     65.52                     59.65   5.87    77.38
  SINCE JAN 1     27.30                     20.65   6.65    17.45

DEGREE DAYS
 HEATING
  YESTERDAY       22                        23     -1       18
  MONTH TO DATE  364                       368     -4      375
  SINCE DEC 1   1767                      1859    -92     2074
  SINCE JUL 1   3301                      3573   -272     3501

 COOLING
  YESTERDAY        0                         0      0        0
  MONTH TO DATE    0                         0      0        0
  SINCE DEC 1      0                         0      0        0
  SINCE JAN 1      0                         0      0        0
..................................................................


WIND (MPH)
  RESULTANT WIND SPEED   3   RESULTANT WIND DIRECTION  SW (220)
  HIGHEST WIND SPEED    13   HIGHEST WIND DIRECTION     W (250)
  HIGHEST GUST SPEED    19   HIGHEST GUST DIRECTION     W (260)
  AVERAGE WIND SPEED     5.2


SKY COVER
  AVERAGE SKY COVER 1.0


WEATHER CONDITIONS
 THE FOLLOWING WEATHER WAS RECORDED YESTERDAY.
  LIGHT RAIN
  FOG


RELATIVE HUMIDITY (PERCENT)
 HIGHEST   100          1200 AM
 LOWEST     89           500 AM
 AVERAGE    95

..........................................................


THE QUILLAYUTE WA AIRPORT CLIMATE NORMALS FOR TODAY
                         NORMAL    RECORD    YEAR
 MAXIMUM TEMPERATURE (F)   49        65      2015
 MINIMUM TEMPERATURE (F)   35        23      1993
                                             1990


SUNRISE AND SUNSET
FEBRUARY 17 2018......SUNRISE   721 AM PST   SUNSET   544 PM PST
FEBRUARY 18 2018......SUNRISE   719 AM PST   SUNSET   546 PM PST


-  INDICATES NEGATIVE NUMBERS.
R  INDICATES RECORD WAS SET OR TIED.
MM INDICATES DATA IS MISSING.
T  INDICATES TRACE AMOUNT.




$$
