000
CDUS46 KSEW 290119
CLIUIL


CLIMATE REPORT
NATIONAL WEATHER SERVICE SEATTLE WA
619 PM PDT SUN AUG 28 2016


...................................

...THE QUILLAYUTE WA AIRPORT CLIMATE SUMMARY FOR AUGUST 28 2016...
VALID TODAY AS OF 0600 PM LOCAL TIME.

CLIMATE NORMAL PERIOD 1981 TO 2010
CLIMATE RECORD PERIOD 1966 TO 2016


WEATHER ITEM   OBSERVED TIME   RECORD YEAR NORMAL DEPARTURE LAST
                VALUE   (LST)  VALUE       VALUE  FROM      YEAR
                                                  NORMAL
..................................................................
TEMPERATURE (F)
 TODAY
  MAXIMUM         63    916 AM  85    1998  68     -5       73
                                      1967
  MINIMUM         56    556 AM  41    2010  50      6       58
                                      2000
                                      1984
  AVERAGE         60                        59      1       66

PRECIPITATION (IN)
  TODAY            0.04          1.48 1975   0.11  -0.07     0.18
  MONTH TO DATE    0.36                      2.17  -1.81     0.53
  SINCE OCT 1    101.86                     95.40   6.46    87.85
  SINCE JAN 1     57.88                     56.40   1.48    43.10

DEGREE DAYS
 HEATING
  TODAY            5                         6     -1        0
  MONTH TO DATE  105                       156    -51       72
  SINCE JUN 1    509                       644   -135      333
  SINCE JUL 1    260                       350    -90      143

 COOLING
  TODAY            0                         0      0        1
  MONTH TO DATE   43                         0     43       26
  SINCE JUN 1     54                        10     44       56
  SINCE JAN 1     54                        11     43       56
..................................................................


WIND (MPH)
  RESULTANT WIND SPEED   1   RESULTANT WIND DIRECTION  SE (150)
  HIGHEST WIND SPEED     9   HIGHEST WIND DIRECTION    SW (210)
  HIGHEST GUST SPEED    11   HIGHEST GUST DIRECTION    SW (230)
  AVERAGE WIND SPEED     1.2


SKY COVER
  AVERAGE SKY COVER 0.8


WEATHER CONDITIONS
 THE FOLLOWING WEATHER WAS RECORDED TODAY.
  LIGHT RAIN


RELATIVE HUMIDITY (PERCENT)
 HIGHEST   100           600 AM
 LOWEST     72           900 AM
 AVERAGE    86

..........................................................


THE QUILLAYUTE WA AIRPORT CLIMATE NORMALS FOR TOMORROW
                         NORMAL    RECORD    YEAR
 MAXIMUM TEMPERATURE (F)   68        86      1996
 MINIMUM TEMPERATURE (F)   50        37      1980


SUNRISE AND SUNSET
AUGUST 28 2016........SUNRISE   632 AM PDT   SUNSET   806 PM PDT
AUGUST 29 2016........SUNRISE   633 AM PDT   SUNSET   804 PM PDT


-  INDICATES NEGATIVE NUMBERS.
R  INDICATES RECORD WAS SET OR TIED.
MM INDICATES DATA IS MISSING.
T  INDICATES TRACE AMOUNT.




$$
