933
CDUS46 KSEW 250131
CLIUIL


CLIMATE REPORT
NATIONAL WEATHER SERVICE SEATTLE WA
531 PM PST TUE JAN 24 2017


...................................

...THE QUILLAYUTE WA AIRPORT CLIMATE SUMMARY FOR JANUARY 24 2017...
VALID TODAY AS OF 0500 PM LOCAL TIME.

CLIMATE NORMAL PERIOD 1981 TO 2010
CLIMATE RECORD PERIOD 1966 TO 2017


WEATHER ITEM   OBSERVED TIME   RECORD YEAR NORMAL DEPARTURE LAST
                VALUE   (LST)  VALUE       VALUE  FROM      YEAR
                                                  NORMAL
..................................................................
TEMPERATURE (F)
 TODAY
  MAXIMUM         46    253 PM  66    2014  48     -2       51
  MINIMUM         28    149 AM  19    1969  36     -8       37
  AVERAGE         37                        42     -5       44

PRECIPITATION (IN)
  TODAY            0.00          3.85 1984   0.46  -0.46     0.01
  MONTH TO DATE    7.52                     11.58  -4.06     9.84
  SINCE OCT 1     67.45                     50.58  16.87    53.82
  SINCE JAN 1      7.52                     11.58  -4.06     9.84

DEGREE DAYS
 HEATING
  TODAY           28                        23      5       21
  MONTH TO DATE  672                       564    108      517
  SINCE DEC 1   1533                      1328    205     1185
  SINCE JUL 1   2960                      3042    -82     2496

 COOLING
  TODAY            0                         0      0        0
  MONTH TO DATE    0                         0      0        0
  SINCE DEC 1      0                         0      0        0
  SINCE JAN 1      0                         0      0        0
..................................................................


WIND (MPH)
  RESULTANT WIND SPEED   2   RESULTANT WIND DIRECTION   E (100)
  HIGHEST WIND SPEED     7   HIGHEST WIND DIRECTION     E (90)
  HIGHEST GUST SPEED    10   HIGHEST GUST DIRECTION     E (90)
  AVERAGE WIND SPEED     2.3


SKY COVER
  AVERAGE SKY COVER 0.8


WEATHER CONDITIONS
 THE FOLLOWING WEATHER WAS RECORDED TODAY.
  FOG


RELATIVE HUMIDITY (PERCENT)
 HIGHEST   100           100 AM
 LOWEST     76           100 PM
 AVERAGE    88

..........................................................


THE QUILLAYUTE WA AIRPORT CLIMATE NORMALS FOR TOMORROW
                         NORMAL    RECORD    YEAR
 MAXIMUM TEMPERATURE (F)   48        60      2014
 MINIMUM TEMPERATURE (F)   36        20      1972


SUNRISE AND SUNSET
JANUARY 24 2017.......SUNRISE   755 AM PST   SUNSET   507 PM PST
JANUARY 25 2017.......SUNRISE   754 AM PST   SUNSET   508 PM PST


-  INDICATES NEGATIVE NUMBERS.
R  INDICATES RECORD WAS SET OR TIED.
MM INDICATES DATA IS MISSING.
T  INDICATES TRACE AMOUNT.




$$
