000
CDUS46 KSEW 260833
CLIUIL


CLIMATE REPORT
NATIONAL WEATHER SERVICE SEATTLE WA
132 AM PDT SUN MAR 26 2017


...................................

...THE QUILLAYUTE WA AIRPORT CLIMATE SUMMARY FOR MARCH 25 2017...

CLIMATE NORMAL PERIOD 1981 TO 2010
CLIMATE RECORD PERIOD 1966 TO 2017


WEATHER ITEM   OBSERVED TIME   RECORD YEAR NORMAL DEPARTURE LAST
                VALUE   (LST)  VALUE       VALUE  FROM      YEAR
                                                  NORMAL
..................................................................
TEMPERATURE (F)
 YESTERDAY
  MAXIMUM         49   1259 PM  66    1969  52     -3       55
  MINIMUM         38    919 PM  25    1996  38      0       40
  AVERAGE         44                        45     -1       48

PRECIPITATION (IN)
  YESTERDAY        0.04          2.49 2015   0.34  -0.30     0.28
  MONTH TO DATE   15.76                      8.86   6.90    15.38
  SINCE OCT 1     95.74                     72.82  22.92    90.82
  SINCE JAN 1     35.81                     33.82   1.99    46.84

DEGREE DAYS
 HEATING
  YESTERDAY       21                        20      1       17
  MONTH TO DATE  547                       528     19      438
  SINCE MAR 1    547                       528     19      438
  SINCE JUL 1   4369                      4373     -4     3561

 COOLING
  YESTERDAY        0                         0      0        0
  MONTH TO DATE    0                         0      0        0
  SINCE MAR 1      0                         0      0        0
  SINCE JAN 1      0                         0      0        0
..................................................................


WIND (MPH)
  RESULTANT WIND SPEED   2   RESULTANT WIND DIRECTION  SW (210)
  HIGHEST WIND SPEED    13   HIGHEST WIND DIRECTION    SW (230)
  HIGHEST GUST SPEED    19   HIGHEST GUST DIRECTION     W (270)
  AVERAGE WIND SPEED     5.1


SKY COVER
  AVERAGE SKY COVER 0.7


WEATHER CONDITIONS
 THE FOLLOWING WEATHER WAS RECORDED YESTERDAY.
  LIGHT RAIN
  FOG


RELATIVE HUMIDITY (PERCENT)
 HIGHEST   100           600 AM
 LOWEST     61           100 PM
 AVERAGE    81

..........................................................


THE QUILLAYUTE WA AIRPORT CLIMATE NORMALS FOR TODAY
                         NORMAL    RECORD    YEAR
 MAXIMUM TEMPERATURE (F)   52        69      1969
 MINIMUM TEMPERATURE (F)   38        25      1972


SUNRISE AND SUNSET
MARCH 26 2017.........SUNRISE   708 AM PDT   SUNSET   740 PM PDT
MARCH 27 2017.........SUNRISE   706 AM PDT   SUNSET   742 PM PDT


-  INDICATES NEGATIVE NUMBERS.
R  INDICATES RECORD WAS SET OR TIED.
MM INDICATES DATA IS MISSING.
T  INDICATES TRACE AMOUNT.




$$
