000
CDUS46 KSEW 220118
CLIUIL


CLIMATE REPORT
NATIONAL WEATHER SERVICE SEATTLE WA
618 PM PDT SAT OCT 21 2017


...................................

...THE QUILLAYUTE WA AIRPORT CLIMATE SUMMARY FOR OCTOBER 21 2017...
VALID TODAY AS OF 0600 PM LOCAL TIME.

CLIMATE NORMAL PERIOD 1981 TO 2010
CLIMATE RECORD PERIOD 1966 TO 2017


WEATHER ITEM   OBSERVED TIME   RECORD YEAR NORMAL DEPARTURE LAST
                VALUE   (LST)  VALUE       VALUE  FROM      YEAR
                                                  NORMAL
..................................................................
TEMPERATURE (F)
 TODAY
  MAXIMUM         58    459 PM  75    1998  57      1       57
  MINIMUM         45    552 AM  29    1987  41      4       43
  AVERAGE         52                        49      3       50

PRECIPITATION (IN)
  TODAY            0.79          2.32 1989   0.38   0.41     0.67
  MONTH TO DATE    6.83                      6.30   0.53    16.87
  SINCE OCT 1      6.83                      6.30   0.53    16.87
  SINCE JAN 1     78.22                     66.84  11.38    79.24

DEGREE DAYS
 HEATING
  TODAY           13                        16     -3       15
  MONTH TO DATE  324                       294     30      265
  SINCE SEP 1    515                       550    -35      530
  SINCE JUL 1    821                       919    -98      806

 COOLING
  TODAY            0                         0      0        0
  MONTH TO DATE    0                         0      0        0
  SINCE SEP 1     20                         2     18        0
  SINCE JAN 1     73                        19     54       54
..................................................................


WIND (MPH)
  RESULTANT WIND SPEED   6   RESULTANT WIND DIRECTION  SE (130)
  HIGHEST WIND SPEED    17   HIGHEST WIND DIRECTION     S (180)
  HIGHEST GUST SPEED    30   HIGHEST GUST DIRECTION    SE (140)
  AVERAGE WIND SPEED     9.3


SKY COVER
  AVERAGE SKY COVER 1.0


WEATHER CONDITIONS
 THE FOLLOWING WEATHER WAS RECORDED TODAY.
  RAIN
  LIGHT RAIN
  FOG


RELATIVE HUMIDITY (PERCENT)
 HIGHEST   100           400 PM
 LOWEST     86          1200 AM
 AVERAGE    93

..........................................................


THE QUILLAYUTE WA AIRPORT CLIMATE NORMALS FOR TOMORROW
                         NORMAL    RECORD    YEAR
 MAXIMUM TEMPERATURE (F)   56        72      2013
 MINIMUM TEMPERATURE (F)   41        30      1980


SUNRISE AND SUNSET
OCTOBER 21 2017.......SUNRISE   747 AM PDT   SUNSET   618 PM PDT
OCTOBER 22 2017.......SUNRISE   748 AM PDT   SUNSET   616 PM PDT


-  INDICATES NEGATIVE NUMBERS.
R  INDICATES RECORD WAS SET OR TIED.
MM INDICATES DATA IS MISSING.
T  INDICATES TRACE AMOUNT.




$$
