000
CDUS46 KSEW 270831
CLIUIL


CLIMATE REPORT
NATIONAL WEATHER SERVICE SEATTLE WA
130 AM PDT TUE SEP 27 2016


...................................

...THE QUILLAYUTE WA AIRPORT CLIMATE SUMMARY FOR SEPTEMBER 26 2016...

CLIMATE NORMAL PERIOD 1981 TO 2010
CLIMATE RECORD PERIOD 1966 TO 2016


WEATHER ITEM   OBSERVED TIME   RECORD YEAR NORMAL DEPARTURE LAST
                VALUE   (LST)  VALUE       VALUE  FROM      YEAR
                                                  NORMAL
..................................................................
TEMPERATURE (F)
 YESTERDAY
  MAXIMUM         70    128 PM  84    2003  64      6       62
  MINIMUM         49    611 AM  33    1972  45      4       42
  AVERAGE         60                        55      5       52

PRECIPITATION (IN)
  YESTERDAY        0.01          2.08 2011   0.16  -0.15     0.00
  MONTH TO DATE    4.16                      3.12   1.04     6.22
  SINCE OCT 1    106.33                     98.84   7.49    97.59
  SINCE JAN 1     62.35                     59.84   2.51    52.84

DEGREE DAYS
 HEATING
  YESTERDAY        5                        10     -5       13
  MONTH TO DATE  217                       212      5      200
  SINCE SEP 1    217                       212      5      200
  SINCE JUL 1    493                       581    -88      357

 COOLING
  YESTERDAY        0                         0      0        0
  MONTH TO DATE    0                         0      0        0
  SINCE SEP 1      0                         0      0        0
  SINCE JAN 1     54                        17     37       56
..................................................................


WIND (MPH)
  RESULTANT WIND SPEED   2   RESULTANT WIND DIRECTION   W (290)
  HIGHEST WIND SPEED    13   HIGHEST WIND DIRECTION    NW (300)
  HIGHEST GUST SPEED    16   HIGHEST GUST DIRECTION     W (290)
  AVERAGE WIND SPEED     3.1


SKY COVER
  AVERAGE SKY COVER 0.6


WEATHER CONDITIONS
 THE FOLLOWING WEATHER WAS RECORDED YESTERDAY.
  LIGHT RAIN
  FOG


RELATIVE HUMIDITY (PERCENT)
 HIGHEST    96           300 AM
 LOWEST     66           100 PM
 AVERAGE    81

..........................................................


THE QUILLAYUTE WA AIRPORT CLIMATE NORMALS FOR TODAY
                         NORMAL    RECORD    YEAR
 MAXIMUM TEMPERATURE (F)   64        87      2003
 MINIMUM TEMPERATURE (F)   45        28      1972


SUNRISE AND SUNSET
SEPTEMBER 27 2016.....SUNRISE   713 AM PDT   SUNSET   704 PM PDT
SEPTEMBER 28 2016.....SUNRISE   714 AM PDT   SUNSET   702 PM PDT


-  INDICATES NEGATIVE NUMBERS.
R  INDICATES RECORD WAS SET OR TIED.
MM INDICATES DATA IS MISSING.
T  INDICATES TRACE AMOUNT.




$$
