948
CDUS43 KLSX 230728
CLIUIN


CLIMATE REPORT
NATIONAL WEATHER SERVICE ST LOUIS MO
227 AM CDT MON OCT 23 2017


...................................

...THE QUINCY IL CLIMATE SUMMARY FOR OCTOBER 22 2017...

CLIMATE NORMAL PERIOD 1981 TO 2010
CLIMATE RECORD PERIOD 1901 TO 2017


WEATHER ITEM   OBSERVED TIME   RECORD YEAR NORMAL DEPARTURE LAST
                VALUE   (LST)  VALUE       VALUE  FROM      YEAR
                                                  NORMAL
..................................................................
TEMPERATURE (F)
 YESTERDAY
  MAXIMUM         68    231 AM  85    1963  63      5       69
  MINIMUM         50   1159 PM  25    1976  43      7       40
                                      1916
  AVERAGE         59                        53      6

PRECIPITATION (IN)
  YESTERDAY        0.60          1.53 1912   0.10   0.50     0.00
  MONTH TO DATE    4.48                      2.15   2.33     1.82
  SINCE SEP 1      5.15                      5.45  -0.30     4.91
  SINCE JAN 1     31.30                     31.20   0.10    28.60

DEGREE DAYS
 HEATING
  YESTERDAY        6                        12     -6
  MONTH TO DATE   68                       209   -141
  SINCE SEP 1     99                       291   -192
  SINCE JUL 1     99                       296   -197

 COOLING
  YESTERDAY        0                         0      0
  MONTH TO DATE   54                        14     40
  SINCE SEP 1    234                       137     97
  SINCE JAN 1   1229                      1090    139
..................................................................


WIND (MPH)
  HIGHEST WIND SPEED    24   HIGHEST WIND DIRECTION    NW (320)
  HIGHEST GUST SPEED    30   HIGHEST GUST DIRECTION    NW (300)
  AVERAGE WIND SPEED     9.3


SKY COVER
  AVERAGE SKY COVER 0.6



RELATIVE HUMIDITY (PERCENT)
 HIGHEST   100           400 AM
 LOWEST     72           100 PM
 AVERAGE    86

..........................................................


THE QUINCY IL CLIMATE NORMALS FOR TODAY
                         NORMAL    RECORD    YEAR
 MAXIMUM TEMPERATURE (F)   63        86      1939
 MINIMUM TEMPERATURE (F)   42        23      1981


SUNRISE AND SUNSET
OCTOBER 23 2017.......SUNRISE   724 AM CDT   SUNSET   613 PM CDT
OCTOBER 24 2017.......SUNRISE   725 AM CDT   SUNSET   612 PM CDT


-  INDICATES NEGATIVE NUMBERS.
R  INDICATES RECORD WAS SET OR TIED.
MM INDICATES DATA IS MISSING.
T  INDICATES TRACE AMOUNT.




$$
