499
CDUS43 KLSX 312226
CLIUIN


CLIMATE REPORT
NATIONAL WEATHER SERVICE ST LOUIS MO
526 PM CDT TUE MAY 31 2016


...................................

...THE QUINCY IL CLIMATE SUMMARY FOR MAY 31 2016...
VALID TODAY AS OF 0500 PM LOCAL TIME.

CLIMATE NORMAL PERIOD 1981 TO 2010
CLIMATE RECORD PERIOD 1901 TO 2016


WEATHER ITEM   OBSERVED TIME   RECORD YEAR NORMAL DEPARTURE LAST
                VALUE   (LST)  VALUE       VALUE  FROM      YEAR
                                                  NORMAL
..................................................................
TEMPERATURE (F)
 TODAY
  MAXIMUM         81    135 PM 102    1934  77      4       60
  MINIMUM         65    458 AM  42    1972  58      7       50
  AVERAGE         73                        67      6       55

PRECIPITATION (IN)
  TODAY            0.00          2.29 1919   0.15  -0.15     0.00
  MONTH TO DATE    3.64                      4.54  -0.90     3.99
  SINCE MAR 1      8.06                     10.69  -2.63     6.64
  SINCE JAN 1      8.68                     14.09  -5.41     8.68

DEGREE DAYS
 HEATING
  TODAY            0                         2     -2
  MONTH TO DATE  148                       136     12
  SINCE MAR 1    995                      1224   -229
  SINCE JUL 1   4592                      5566   -974

 COOLING
  TODAY            8                         4      4
  MONTH TO DATE   83                        68     15
  SINCE MAR 1    104                        86     18
  SINCE JAN 1    104                        86     18
..................................................................


WIND (MPH)
  HIGHEST WIND SPEED    14   HIGHEST WIND DIRECTION     S (180)
  HIGHEST GUST SPEED    18   HIGHEST GUST DIRECTION     S (180)
  AVERAGE WIND SPEED     4.0


SKY COVER
  AVERAGE SKY COVER 0.3



RELATIVE HUMIDITY (PERCENT)
 HIGHEST    93           500 AM
 LOWEST     45           100 PM
 AVERAGE    69

..........................................................


THE QUINCY IL CLIMATE NORMALS FOR TOMORROW
                         NORMAL    RECORD    YEAR
 MAXIMUM TEMPERATURE (F)   78       101      1934
 MINIMUM TEMPERATURE (F)   58        45      2012
                                             1972


SUNRISE AND SUNSET
MAY 31 2016...........SUNRISE   538 AM CDT   SUNSET   827 PM CDT
JUNE  1 2016..........SUNRISE   538 AM CDT   SUNSET   828 PM CDT


-  INDICATES NEGATIVE NUMBERS.
R  INDICATES RECORD WAS SET OR TIED.
MM INDICATES DATA IS MISSING.
T  INDICATES TRACE AMOUNT.




$$
