000
CDUS43 KLSX 062232
CLIUIN


CLIMATE REPORT
NATIONAL WEATHER SERVICE ST LOUIS MO
428 PM CST SAT FEB 6 2016


...................................

...THE QUINCY IL CLIMATE SUMMARY FOR FEBRUARY 6 2016...
VALID TODAY AS OF 0400 PM LOCAL TIME.

CLIMATE NORMAL PERIOD 1981 TO 2010
CLIMATE RECORD PERIOD 1901 TO 2016


WEATHER ITEM   OBSERVED TIME   RECORD YEAR NORMAL DEPARTURE LAST
                VALUE   (LST)  VALUE       VALUE  FROM      YEAR
                                                  NORMAL
..................................................................
TEMPERATURE (F)
 TODAY
  MAXIMUM         50    351 PM  67    2009  36     14       42
  MINIMUM         25    658 AM -16    1978  20      5       11
  AVERAGE         38                        28     10       27

PRECIPITATION (IN)
  TODAY            0.00          0.82 1942   0.06  -0.06     0.00
  MONTH TO DATE    0.10                      0.32  -0.22     0.50
  SINCE DEC 1      6.32                      4.09   2.23     2.94
  SINCE JAN 1      0.50                      1.84  -1.34     1.63

DEGREE DAYS
 HEATING
  TODAY           27                        37    -10
  MONTH TO DATE  173                       223    -50
  SINCE DEC 1   2082                      2509   -427
  SINCE JUL 1   2900                      3609   -709

 COOLING
  TODAY            0                         0      0
  MONTH TO DATE    0                         0      0
  SINCE DEC 1      0                         0      0
  SINCE JAN 1      0                         0      0
..................................................................


WIND (MPH)
  HIGHEST WIND SPEED    15   HIGHEST WIND DIRECTION    SW (240)
  HIGHEST GUST SPEED    19   HIGHEST GUST DIRECTION    SW (230)
  AVERAGE WIND SPEED     6.3


SKY COVER
  AVERAGE SKY COVER 0.3



RELATIVE HUMIDITY (PERCENT)
 HIGHEST    75           700 AM
 LOWEST     42           200 PM
 AVERAGE    59

..........................................................


THE QUINCY IL CLIMATE NORMALS FOR TOMORROW
                         NORMAL    RECORD    YEAR
 MAXIMUM TEMPERATURE (F)   37        69      2009
 MINIMUM TEMPERATURE (F)   20       -11      2014


SUNRISE AND SUNSET
FEBRUARY  6 2016......SUNRISE   709 AM CST   SUNSET   530 PM CST
FEBRUARY  7 2016......SUNRISE   708 AM CST   SUNSET   531 PM CST


-  INDICATES NEGATIVE NUMBERS.
R  INDICATES RECORD WAS SET OR TIED.
MM INDICATES DATA IS MISSING.
T  INDICATES TRACE AMOUNT.




$$
