000
CDUS46 KEKA 241215
CLIUKI


CLIMATE REPORT
NATIONAL WEATHER SERVICE EUREKA CA
515 AM PDT SUN MAY 24 2015


...................................

...THE UKIAH CA CLIMATE SUMMARY FOR MAY 23 2015...

CLIMATE NORMAL PERIOD 1981 TO 2010
CLIMATE RECORD PERIOD 1903 TO 2015


WEATHER ITEM   OBSERVED TIME   RECORD YEAR NORMAL DEPARTURE LAST
                VALUE   (LST)  VALUE       VALUE  FROM      YEAR
                                                  NORMAL
..................................................................
TEMPERATURE (F)
 YESTERDAY
  MAXIMUM         76    444 PM 100    1943  79     -3       92
  MINIMUM         52    302 AM  35    2010  48      4       56
                                      1909
  AVERAGE         64                        63      1       74

PRECIPITATION (IN)
  YESTERDAY        0.00          0.96 1960   0.02  -0.02     0.00
  MONTH TO DATE    0.40                      1.21  -0.81      T
  SINCE OCT 1     25.84                     36.21 -10.37    17.97
  SINCE JAN 1      8.07                     22.83 -14.76    16.63

SNOWFALL (IN)
  YESTERDAY        0.0          MM      MM  MM     MM        0.0
  MONTH TO DATE    0.0                      MM     MM        0.0
  SINCE MAR 1      0.0                      MM     MM        0.0
  SINCE JUL 1      0.0                      MM     MM        0.0
  SNOW DEPTH       0

DEGREE DAYS
 HEATING
  YESTERDAY        1                         4     -3        0
  MONTH TO DATE   80                       115    -35       68
  SINCE MAR 1    483                       828   -345      536
  SINCE JUL 1   1997                      3061  -1064     2543

 COOLING
  YESTERDAY        0                         2     -2        9
  MONTH TO DATE    7                        32    -25       52
  SINCE MAR 1     21                        40    -19       64
  SINCE JAN 1     21                        40    -19       64
..................................................................


WIND (MPH)
  HIGHEST WIND SPEED    14   HIGHEST WIND DIRECTION    NW (320)
  HIGHEST GUST SPEED    20   HIGHEST GUST DIRECTION     N (350)
  AVERAGE WIND SPEED     5.5


SKY COVER
  AVERAGE SKY COVER 0.3


WEATHER CONDITIONS
 THE FOLLOWING WEATHER WAS RECORDED YESTERDAY.
  NO SIGNIFICANT WEATHER WAS OBSERVED.


RELATIVE HUMIDITY (PERCENT)
 HIGHEST    83
 LOWEST     36
 AVERAGE    60

..........................................................


THE UKIAH CA CLIMATE NORMALS FOR TODAY
                         NORMAL    RECORD    YEAR
 MAXIMUM TEMPERATURE (F)   79        99      1982
 MINIMUM TEMPERATURE (F)   48        32      1920


SUNRISE AND SUNSET
MAY 24 2015...........SUNRISE   553 AM PDT   SUNSET   827 PM PDT
MAY 25 2015...........SUNRISE   552 AM PDT   SUNSET   828 PM PDT


-  INDICATES NEGATIVE NUMBERS.
R  INDICATES RECORD WAS SET OR TIED.
MM INDICATES DATA IS MISSING.
T  INDICATES TRACE AMOUNT.




$$
