079
CDUS46 KEKA 201225
CLIUKI


CLIMATE REPORT
NATIONAL WEATHER SERVICE EUREKA CA
425 AM PST FRI JAN 20 2017


...................................

...THE UKIAH CA CLIMATE SUMMARY FOR JANUARY 19 2017...

CLIMATE NORMAL PERIOD 1981 TO 2010
CLIMATE RECORD PERIOD 1903 TO 2017


WEATHER ITEM   OBSERVED TIME   RECORD YEAR NORMAL DEPARTURE LAST
                VALUE   (LST)  VALUE       VALUE  FROM      YEAR
                                                  NORMAL
..................................................................
TEMPERATURE (F)
 YESTERDAY
  MAXIMUM         52    229 PM  74    1975  57     -5       61
  MINIMUM         44    546 AM  15    1922  37      7       43
  AVERAGE         48                        47      1       52

PRECIPITATION (IN)
  YESTERDAY        0.68          2.80 1911   0.15   0.53     0.66
  MONTH TO DATE   11.27                      5.55   5.72     8.47
  SINCE OCT 1     28.38                     18.93   9.45    20.68
  SINCE JAN 1     11.27                      5.55   5.72     8.47

SNOWFALL (IN)
  YESTERDAY       MM            MM      MM  MM     MM       MM
  MONTH TO DATE    0.0                      MM     MM        0.0
  SINCE DEC 1      0.0                      MM     MM        0.0
  SINCE JUL 1      0.0                      MM     MM        0.0
  SNOW DEPTH       0

DEGREE DAYS
 HEATING
  YESTERDAY       17                        18     -1       13
  MONTH TO DATE  362                       358      4      336
  SINCE DEC 1    999                       965     34      937
  SINCE JUL 1   1536                      1588    -52     1460

 COOLING
  YESTERDAY        0                         0      0        0
  MONTH TO DATE    0                         0      0        0
  SINCE DEC 1      0                         0      0        0
  SINCE JAN 1      0                         0      0        0
..................................................................


WIND (MPH)
  HIGHEST WIND SPEED    15   HIGHEST WIND DIRECTION    SE (150)
  HIGHEST GUST SPEED    20   HIGHEST GUST DIRECTION     S (160)
  AVERAGE WIND SPEED     3.5


SKY COVER
  AVERAGE SKY COVER 1.0


WEATHER CONDITIONS
 THE FOLLOWING WEATHER WAS RECORDED YESTERDAY.
  HEAVY RAIN
  FOG


RELATIVE HUMIDITY (PERCENT)
 HIGHEST   100
 LOWEST     74
 AVERAGE    87

..........................................................


THE UKIAH CA CLIMATE NORMALS FOR TODAY
                         NORMAL    RECORD    YEAR
 MAXIMUM TEMPERATURE (F)   57        73      1975
 MINIMUM TEMPERATURE (F)   37        17      1922


SUNRISE AND SUNSET
JANUARY 20 2017.......SUNRISE   728 AM PST   SUNSET   520 PM PST
JANUARY 21 2017.......SUNRISE   727 AM PST   SUNSET   521 PM PST


-  INDICATES NEGATIVE NUMBERS.
R  INDICATES RECORD WAS SET OR TIED.
MM INDICATES DATA IS MISSING.
T  INDICATES TRACE AMOUNT.




$$
