000
CDUS46 KEKA 041224
CLIUKI


CLIMATE REPORT
NATIONAL WEATHER SERVICE EUREKA CA
523 AM PDT FRI SEP 4 2015


...................................

...THE UKIAH CA CLIMATE SUMMARY FOR SEPTEMBER 3 2015...

CLIMATE NORMAL PERIOD 1981 TO 2010
CLIMATE RECORD PERIOD 1903 TO 2015


WEATHER ITEM   OBSERVED TIME   RECORD YEAR NORMAL DEPARTURE LAST
                VALUE   (LST)  VALUE       VALUE  FROM      YEAR
                                                  NORMAL
..................................................................
TEMPERATURE (F)
 YESTERDAY
  MAXIMUM         82    223 PM 115    1955  89     -7       98
  MINIMUM         51    536 AM  40    1915  52     -1       53
  AVERAGE         67                        71     -4       76

PRECIPITATION (IN)
  YESTERDAY        0.00          0.16 1912   0.00   0.00     0.00
  MONTH TO DATE    0.00                      0.01  -0.01     0.00
  SINCE OCT 1     26.01                     36.91 -10.90    17.98
  SINCE JAN 1      8.24                     23.53 -15.29    16.64

SNOWFALL (IN)
  YESTERDAY        0.0          MM      MM  MM     MM        0.0
  MONTH TO DATE    0.0                      MM     MM        0.0
  SINCE SEP 1      0.0                      MM     MM        0.0
  SINCE JUL 1      0.0                      MM     MM        0.0
  SNOW DEPTH       0

DEGREE DAYS
 HEATING
  YESTERDAY        0                         0      0        0
  MONTH TO DATE    0                         0      0        0
  SINCE SEP 1      0                         0      0        0
  SINCE JUL 1      3                         3      0        0

 COOLING
  YESTERDAY        2                         6     -4       11
  MONTH TO DATE   14                        18     -4       35
  SINCE SEP 1     14                        18     -4       35
  SINCE JAN 1    944                       701    243     1035
..................................................................


WIND (MPH)
  HIGHEST WIND SPEED    15   HIGHEST WIND DIRECTION    NW (330)
  HIGHEST GUST SPEED    20   HIGHEST GUST DIRECTION    NW (300)
  AVERAGE WIND SPEED     4.2


SKY COVER
  AVERAGE SKY COVER 0.0


WEATHER CONDITIONS
 THE FOLLOWING WEATHER WAS RECORDED YESTERDAY.
  NO SIGNIFICANT WEATHER WAS OBSERVED.


RELATIVE HUMIDITY (PERCENT)
 HIGHEST    83
 LOWEST     23
 AVERAGE    53

..........................................................


THE UKIAH CA CLIMATE NORMALS FOR TODAY
                         NORMAL    RECORD    YEAR
 MAXIMUM TEMPERATURE (F)   89       113      1955
 MINIMUM TEMPERATURE (F)   52        37      1907


SUNRISE AND SUNSET
SEPTEMBER  4 2015.....SUNRISE   644 AM PDT   SUNSET   739 PM PDT
SEPTEMBER  5 2015.....SUNRISE   645 AM PDT   SUNSET   737 PM PDT


-  INDICATES NEGATIVE NUMBERS.
R  INDICATES RECORD WAS SET OR TIED.
MM INDICATES DATA IS MISSING.
T  INDICATES TRACE AMOUNT.




$$
