000
CDUS46 KEKA 271210
CLIUKI


CLIMATE REPORT
NATIONAL WEATHER SERVICE EUREKA CA
509 AM PDT WED JUL 27 2016


...................................

...THE UKIAH CA CLIMATE SUMMARY FOR JULY 26 2016...

CLIMATE NORMAL PERIOD 1981 TO 2010
CLIMATE RECORD PERIOD 1903 TO 2016


WEATHER ITEM   OBSERVED TIME   RECORD YEAR NORMAL DEPARTURE LAST
                VALUE   (LST)  VALUE       VALUE  FROM      YEAR
                                                  NORMAL
..................................................................
TEMPERATURE (F)
 YESTERDAY
  MAXIMUM        107    227 PM 110    1973  94     13       91
  MINIMUM         59    538 AM  44    1924  56      3       54
  AVERAGE         83                        75      8       73

PRECIPITATION (IN)
  YESTERDAY        0.00          0.14 1946   0.00   0.00     0.00
  MONTH TO DATE    T                         0.04  -0.04     0.13
  SINCE OCT 1     36.52                     36.80  -0.28    26.00
  SINCE JAN 1     24.31                     23.42   0.89     8.23

SNOWFALL (IN)
  YESTERDAY        0.0          MM      MM  MM     MM        0.0
  MONTH TO DATE    0.0                      MM     MM        0.0
  SINCE JUN 1      0.0                      MM     MM        0.0
  SINCE JUL 1      0.0                      MM     MM        0.0
  SNOW DEPTH       0

DEGREE DAYS
 HEATING
  YESTERDAY        0                         0      0        0
  MONTH TO DATE    0                         0      0        1
  SINCE JUN 1     22                        32    -10        5
  SINCE JUL 1      0                         0      0        1

 COOLING
  YESTERDAY       18                        10      8        8
  MONTH TO DATE  211                       233    -22      250
  SINCE JUN 1    405                       345     60      541
  SINCE JAN 1    470                       397     73      589
..................................................................


WIND (MPH)
  HIGHEST WIND SPEED    14   HIGHEST WIND DIRECTION     W (280)
  HIGHEST GUST SPEED    18   HIGHEST GUST DIRECTION     W (290)
  AVERAGE WIND SPEED     2.1


SKY COVER
  AVERAGE SKY COVER 0.0


WEATHER CONDITIONS
 THE FOLLOWING WEATHER WAS RECORDED YESTERDAY.
  NO SIGNIFICANT WEATHER WAS OBSERVED.


RELATIVE HUMIDITY (PERCENT)
 HIGHEST    64
 LOWEST     11
 AVERAGE    38

..........................................................


THE UKIAH CA CLIMATE NORMALS FOR TODAY
                         NORMAL    RECORD    YEAR
 MAXIMUM TEMPERATURE (F)   94       111      1923
 MINIMUM TEMPERATURE (F)   55        44      1924


SUNRISE AND SUNSET
JULY 27 2016..........SUNRISE   609 AM PDT   SUNSET   829 PM PDT
JULY 28 2016..........SUNRISE   610 AM PDT   SUNSET   828 PM PDT


-  INDICATES NEGATIVE NUMBERS.
R  INDICATES RECORD WAS SET OR TIED.
MM INDICATES DATA IS MISSING.
T  INDICATES TRACE AMOUNT.




$$
