148
CDUS46 KEKA 251211
CLIUKI


CLIMATE REPORT
NATIONAL WEATHER SERVICE EUREKA CA
511 AM PDT SUN JUN 25 2017


...................................

...THE UKIAH CA CLIMATE SUMMARY FOR JUNE 24 2017...

CLIMATE NORMAL PERIOD 1981 TO 2010
CLIMATE RECORD PERIOD 1903 TO 2017


WEATHER ITEM   OBSERVED TIME   RECORD YEAR NORMAL DEPARTURE LAST
                VALUE   (LST)  VALUE       VALUE  FROM      YEAR
                                                  NORMAL
..................................................................
TEMPERATURE (F)
 YESTERDAY
  MAXIMUM        100    350 PM 111    1961  86     14       88
  MINIMUM         60    525 AM  40    1908  54      6       51
  AVERAGE         80                        70     10       70

PRECIPITATION (IN)
  YESTERDAY        0.00          0.81 1941   0.01  -0.01     0.00
  MONTH TO DATE    0.04                      0.31  -0.27     0.36
  SINCE OCT 1     51.62                     36.73  14.89    36.52
  SINCE JAN 1     34.51                     23.35  11.16    24.31

SNOWFALL (IN)
  YESTERDAY        0.0          MM      MM  MM     MM        0.0
  MONTH TO DATE    0.0                      MM     MM        0.0
  SINCE JUN 1      0.0                      MM     MM        0.0
  SINCE JUL 1      0.0                      MM     MM        0.0
  SNOW DEPTH       0

DEGREE DAYS
 HEATING
  YESTERDAY        0                         0      0        0
  MONTH TO DATE   25                        31     -6       22
  SINCE JUN 1     25                        31     -6       22
  SINCE JUL 1   2891                      3117   -226     2557

 COOLING
  YESTERDAY       15                         5     10        5
  MONTH TO DATE  192                        74    118      121
  SINCE JUN 1    192                        74    118      121
  SINCE JAN 1    286                       126    160      186
..................................................................


WIND (MPH)
  HIGHEST WIND SPEED    12   HIGHEST WIND DIRECTION     S (180)
  HIGHEST GUST SPEED    20   HIGHEST GUST DIRECTION     S (180)
  AVERAGE WIND SPEED     5.1


SKY COVER
  AVERAGE SKY COVER 0.0


WEATHER CONDITIONS
 THE FOLLOWING WEATHER WAS RECORDED YESTERDAY.
  NO SIGNIFICANT WEATHER WAS OBSERVED.


RELATIVE HUMIDITY (PERCENT)
 HIGHEST    84
 LOWEST     26
 AVERAGE    55

..........................................................


THE UKIAH CA CLIMATE NORMALS FOR TODAY
                         NORMAL    RECORD    YEAR
 MAXIMUM TEMPERATURE (F)   86       109      1925
 MINIMUM TEMPERATURE (F)   55        41      2012
                                             1943


SUNRISE AND SUNSET
JUNE 25 2017..........SUNRISE   548 AM PDT   SUNSET   843 PM PDT
JUNE 26 2017..........SUNRISE   549 AM PDT   SUNSET   843 PM PDT


-  INDICATES NEGATIVE NUMBERS.
R  INDICATES RECORD WAS SET OR TIED.
MM INDICATES DATA IS MISSING.
T  INDICATES TRACE AMOUNT.




$$
