000
CDUS46 KEKA 221209
CLIUKI


CLIMATE REPORT
NATIONAL WEATHER SERVICE EUREKA CA
509 AM PDT SUN OCT 22 2017


...................................

...THE UKIAH CA CLIMATE SUMMARY FOR OCTOBER 21 2017...

CLIMATE NORMAL PERIOD 1981 TO 2010
CLIMATE RECORD PERIOD 1903 TO 2017


WEATHER ITEM   OBSERVED TIME   RECORD YEAR NORMAL DEPARTURE LAST
                VALUE   (LST)  VALUE       VALUE  FROM      YEAR
                                                  NORMAL
..................................................................
TEMPERATURE (F)
 YESTERDAY
  MAXIMUM         65    303 PM  96    1929  75    -10       78
  MINIMUM         40    655 AM  29    1912  43     -3       46
  AVERAGE         53                        59     -6       62

PRECIPITATION (IN)
  YESTERDAY        0.00          1.44 1985   0.07  -0.07     0.00
  MONTH TO DATE    0.21                      0.87  -0.66     2.79
  SINCE OCT 1      0.21                      0.87  -0.66     2.79
  SINCE JAN 1     34.75                     24.84   9.91    27.10

SNOWFALL (IN)
  YESTERDAY        0.0          MM      MM  MM     MM        0.0
  MONTH TO DATE    0.0                      MM     MM        0.0
  SINCE SEP 1      0.0                      MM     MM        0.0
  SINCE JUL 1      0.0                      MM     MM        0.0
  SNOW DEPTH       0

DEGREE DAYS
 HEATING
  YESTERDAY       12                         6      6        3
  MONTH TO DATE  128                        86     42      102
  SINCE SEP 1    162                       116     46      118
  SINCE JUL 1    162                       119     43      118

 COOLING
  YESTERDAY        0                         0      0        0
  MONTH TO DATE    0                        19    -19       12
  SINCE SEP 1    183                       149     34      176
  SINCE JAN 1   1273                       832    441     1004
..................................................................


WIND (MPH)
  HIGHEST WIND SPEED    14   HIGHEST WIND DIRECTION    NW (330)
  HIGHEST GUST SPEED    17   HIGHEST GUST DIRECTION    NW (330)
  AVERAGE WIND SPEED     2.4


SKY COVER
  AVERAGE SKY COVER 0.5


WEATHER CONDITIONS
 THE FOLLOWING WEATHER WAS RECORDED YESTERDAY.
  NO SIGNIFICANT WEATHER WAS OBSERVED.


RELATIVE HUMIDITY (PERCENT)
 HIGHEST    92
 LOWEST     40
 AVERAGE    66

..........................................................


THE UKIAH CA CLIMATE NORMALS FOR TODAY
                         NORMAL    RECORD    YEAR
 MAXIMUM TEMPERATURE (F)   74        97      1929
 MINIMUM TEMPERATURE (F)   43        26      1906


SUNRISE AND SUNSET
OCTOBER 22 2017.......SUNRISE   730 AM PDT   SUNSET   624 PM PDT
OCTOBER 23 2017.......SUNRISE   731 AM PDT   SUNSET   622 PM PDT


-  INDICATES NEGATIVE NUMBERS.
R  INDICATES RECORD WAS SET OR TIED.
MM INDICATES DATA IS MISSING.
T  INDICATES TRACE AMOUNT.




$$
