000
CDUS43 KSGF 290632
CLIUNO


CLIMATE REPORT
NATIONAL WEATHER SERVICE SPRINGFIELD MO
128 AM CDT SAT APR 29 2017


...................................

...THE WEST PLAINS MO CLIMATE SUMMARY FOR APRIL 28 2017...

CLIMATE NORMAL PERIOD 1981 TO 2010
CLIMATE RECORD PERIOD 1947 TO 2017


WEATHER ITEM   OBSERVED TIME   RECORD YEAR NORMAL DEPARTURE LAST
                VALUE   (LST)  VALUE       VALUE  FROM      YEAR
                                                  NORMAL
..................................................................
TEMPERATURE (F)
 YESTERDAY
  MAXIMUM         65   1159 PM  88    1970  73     -8       78
  MINIMUM         53    239 AM  27    1992  49      4       49
  AVERAGE         59                        61     -2       64

PRECIPITATION (IN)
  YESTERDAY        0.06          1.26 1991   0.15  -0.09     0.00
  MONTH TO DATE    8.79                      4.15   4.64     1.30
  SINCE MAR 1     15.08                      8.44   6.64     5.23
  SINCE JAN 1     19.71                     14.00   5.71     7.87

DEGREE DAYS
 HEATING
  YESTERDAY        6                         5      1        1
  MONTH TO DATE  158                       242    -84      177
  SINCE MAR 1    587                       788   -201      571
  SINCE JUL 1   3236                      4252  -1016     3404

 COOLING
  YESTERDAY        0                         1     -1        0
  MONTH TO DATE   20                        23     -3       10
  SINCE MAR 1     24                        27     -3       14
  SINCE JAN 1     25                        27     -2       14
..................................................................


WIND (MPH)
  HIGHEST WIND SPEED    15   HIGHEST WIND DIRECTION    SE (120)
  HIGHEST GUST SPEED    21   HIGHEST GUST DIRECTION    SE (150)
  AVERAGE WIND SPEED     4.9


SKY COVER
  AVERAGE SKY COVER 0.8


WEATHER CONDITIONS
 THE FOLLOWING WEATHER WAS RECORDED YESTERDAY.
  THUNDERSTORM
  LIGHT RAIN
  FOG


RELATIVE HUMIDITY (PERCENT)
 HIGHEST   100           400 PM
 LOWEST     78           900 AM
 AVERAGE    89

..........................................................


THE WEST PLAINS MO CLIMATE NORMALS FOR TODAY
                         NORMAL    RECORD    YEAR
 MAXIMUM TEMPERATURE (F)   73        90      1952
 MINIMUM TEMPERATURE (F)   49        27      1992


SUNRISE AND SUNSET
APRIL 29 2017.........SUNRISE   615 AM CDT   SUNSET   755 PM CDT
APRIL 30 2017.........SUNRISE   614 AM CDT   SUNSET   756 PM CDT


-  INDICATES NEGATIVE NUMBERS.
R  INDICATES RECORD WAS SET OR TIED.
MM INDICATES DATA IS MISSING.
T  INDICATES TRACE AMOUNT.




$$
