000
CDUS43 KUNR 240831
CLIUNR


CLIMATE REPORT
NATIONAL WEATHER SERVICE RAPID CITY SD
131 AM MST MON NOV 24 2014


...................................

...THE EAST RAPID CITY SD CLIMATE SUMMARY FOR NOVEMBER 23 2014...

CLIMATE NORMAL PERIOD 1981 TO 2010
CLIMATE RECORD PERIOD 1888 TO 2014


WEATHER ITEM   OBSERVED RECORD YEAR NORMAL DEPARTURE LAST
                VALUE   VALUE       VALUE  FROM      YEAR
                                           NORMAL
...........................................................
TEMPERATURE (F)
 YESTERDAY
  MAXIMUM         42     67    1915  42      0       33
  MINIMUM         33    -11    1918  25      8        8
  AVERAGE         38                 33      5       21

PRECIPITATION (IN)
  YESTERDAY        T      0.30 1959   0.01  -0.01     0.00
  MONTH TO DATE    0.45               0.54  -0.09     0.32
  SINCE SEP 1      5.74               3.73   2.01     6.71
  SINCE JAN 1     23.14              19.41   3.73    22.46

SNOWFALL (IN)
  YESTERDAY        T      1.6  1931   0.2   -0.2      0.0
  MONTH TO DATE   10.2                5.0    5.2      4.3
  SINCE SEP 1     11.8                7.4    4.4     29.8
  SINCE JUL 1     11.8                7.4    4.4     29.8
  SNOW DEPTH       0

DEGREE DAYS
 HEATING
  YESTERDAY       27                 32     -5       44
  MONTH TO DATE  798                617    181      647
  SINCE SEP 1   1352               1316     36     1372
  SINCE JUL 1   1376               1346     30     1378

 COOLING
  YESTERDAY        0                  0      0        0
  MONTH TO DATE    0                  0      0        0
  SINCE SEP 1     78                 70      8      145
  SINCE JAN 1    514                665   -151      830
...........................................................


WIND (MPH)
  HIGHEST GUST SPEED    58   HIGHEST GUST DIRECTION    NW (330)



WEATHER CONDITIONS
 THE FOLLOWING WEATHER WAS RECORDED YESTERDAY.
  LIGHT SNOW


..........................................................


THE EAST RAPID CITY SD CLIMATE NORMALS FOR TODAY
                         NORMAL    RECORD    YEAR
 MAXIMUM TEMPERATURE (F)   41        75      1932
 MINIMUM TEMPERATURE (F)   24        -5      1918


SUNRISE AND SUNSET
NOVEMBER 24 2014......SUNRISE   700 AM MST   SUNSET   419 PM MST
NOVEMBER 25 2014......SUNRISE   701 AM MST   SUNSET   419 PM MST


-  INDICATES NEGATIVE NUMBERS.
R  INDICATES RECORD WAS SET OR TIED.
MM INDICATES DATA IS MISSING.
T  INDICATES TRACE AMOUNT.




$$
