000
CDUS43 KUNR 010832
CLIUNR


CLIMATE REPORT
NATIONAL WEATHER SERVICE RAPID CITY SD
231 AM MDT SAT OCT 1 2016


...................................

...THE EAST RAPID CITY SD CLIMATE SUMMARY FOR SEPTEMBER 30 2016...

CLIMATE NORMAL PERIOD 1981 TO 2010
CLIMATE RECORD PERIOD 1888 TO 2016


WEATHER ITEM   OBSERVED RECORD YEAR NORMAL DEPARTURE LAST
                VALUE   VALUE       VALUE  FROM      YEAR
                                           NORMAL
...........................................................
TEMPERATURE (F)
 YESTERDAY
  MAXIMUM         72     91    1963  65      7       79
  MINIMUM         53     26    1961  43     10       47
  AVERAGE         63                 54      9       63

PRECIPITATION (IN)
  YESTERDAY        T      1.22 2014   0.04  -0.04     0.00
  MONTH TO DATE    0.87               1.54  -0.67     0.33
  SINCE SEP 1      0.87               1.54  -0.67     0.33
  SINCE JAN 1     12.17              17.22  -5.05    22.43

SNOWFALL (IN)
  YESTERDAY        0.0    0.0  2002   0.0    0.0      0.0
                               2001
                               1950
  MONTH TO DATE    0.0                0.1   -0.1      0.0
  SINCE SEP 1      0.0                0.1   -0.1      0.0
  SINCE JUL 1      0.0                0.1   -0.1      0.0
  SNOW DEPTH       0

DEGREE DAYS
 HEATING
  YESTERDAY        2                 11     -9        2
  MONTH TO DATE   99                178    -79       57
  SINCE SEP 1     99                179    -80       57
  SINCE JUL 1    124                209    -85       87

 COOLING
  YESTERDAY        0                  0      0        0
  MONTH TO DATE   47                 66    -19      124
  SINCE SEP 1     47                 66    -19      124
  SINCE JAN 1    807                661    146      701
...........................................................


WIND (MPH)
  HIGHEST GUST SPEED    20   HIGHEST GUST DIRECTION     S (160)



WEATHER CONDITIONS
 THE FOLLOWING WEATHER WAS RECORDED YESTERDAY.
  LIGHT RAIN


..........................................................


THE EAST RAPID CITY SD CLIMATE NORMALS FOR TODAY
                         NORMAL    RECORD    YEAR
 MAXIMUM TEMPERATURE (F)   65        96      1892
 MINIMUM TEMPERATURE (F)   43        28      1950


SUNRISE AND SUNSET
OCTOBER  1 2016.......SUNRISE   651 AM MDT   SUNSET   633 PM MDT
OCTOBER  2 2016.......SUNRISE   652 AM MDT   SUNSET   631 PM MDT


-  INDICATES NEGATIVE NUMBERS.
R  INDICATES RECORD WAS SET OR TIED.
MM INDICATES DATA IS MISSING.
T  INDICATES TRACE AMOUNT.




$$
