000
CDUS43 KUNR 210831
CLIUNR


CLIMATE REPORT
NATIONAL WEATHER SERVICE RAPID CITY SD
231 AM MDT TUE OCT 21 2014


...................................

...THE EAST RAPID CITY SD CLIMATE SUMMARY FOR OCTOBER 20 2014...

CLIMATE NORMAL PERIOD 1981 TO 2010
CLIMATE RECORD PERIOD 1888 TO 2014


WEATHER ITEM   OBSERVED RECORD YEAR NORMAL DEPARTURE LAST
                VALUE   VALUE       VALUE  FROM      YEAR
                                           NORMAL
...........................................................
TEMPERATURE (F)
 YESTERDAY
  MAXIMUM         75     86    1947  58     17       53
  MINIMUM         47     14    1905  36     11       34
  AVERAGE         61                 47     14       44

PRECIPITATION (IN)
  YESTERDAY        0.00   0.96 1906   0.06  -0.06     0.01
  MONTH TO DATE    0.47               1.11  -0.64     5.29
  SINCE SEP 1      5.29               2.65   2.64     6.24
  SINCE JAN 1     22.69              18.33   4.36    21.99

SNOWFALL (IN)
  YESTERDAY        0.0                0.0    0.0      0.0
  MONTH TO DATE    0.0                0.8   -0.8     24.2
  SINCE SEP 1      1.6                0.9    0.7     24.2
  SINCE JUL 1      1.6                0.9    0.7     24.2
  SNOW DEPTH       0

DEGREE DAYS
 HEATING
  YESTERDAY        4                 18    -14       21
  MONTH TO DATE  226                300    -74      375
  SINCE SEP 1    411                479    -68      464
  SINCE JUL 1    435                509    -74      470

 COOLING
  YESTERDAY        0                  0      0        0
  MONTH TO DATE    0                  0      0        0
  SINCE SEP 1     78                 66     12      145
  SINCE JAN 1    514                661   -147      830
...........................................................


WIND (MPH)
  HIGHEST GUST SPEED    26   HIGHEST GUST DIRECTION     S (170)



WEATHER CONDITIONS
 THE FOLLOWING WEATHER WAS RECORDED YESTERDAY.
  NO SIGNIFICANT WEATHER WAS OBSERVED.


..........................................................


THE EAST RAPID CITY SD CLIMATE NORMALS FOR TODAY
                         NORMAL    RECORD    YEAR
 MAXIMUM TEMPERATURE (F)   57        85      1927
 MINIMUM TEMPERATURE (F)   36        16      1936


SUNRISE AND SUNSET
OCTOBER 21 2014.......SUNRISE   715 AM MDT   SUNSET   559 PM MDT
OCTOBER 22 2014.......SUNRISE   716 AM MDT   SUNSET   558 PM MDT


-  INDICATES NEGATIVE NUMBERS.
R  INDICATES RECORD WAS SET OR TIED.
MM INDICATES DATA IS MISSING.
T  INDICATES TRACE AMOUNT.




$$
