000
CDUS43 KUNR 250836
CLIUNR


CLIMATE REPORT
NATIONAL WEATHER SERVICE RAPID CITY SD
236 AM MDT MON SEP 25 2017


...................................

...THE EAST RAPID CITY SD CLIMATE SUMMARY FOR SEPTEMBER 24 2017...

CLIMATE NORMAL PERIOD 1981 TO 2010
CLIMATE RECORD PERIOD 1888 TO 2017


WEATHER ITEM   OBSERVED RECORD YEAR NORMAL DEPARTURE LAST
                VALUE   VALUE       VALUE  FROM      YEAR
                                           NORMAL
...........................................................
TEMPERATURE (F)
 YESTERDAY
  MAXIMUM         49     88    1938  68    -19       65
  MINIMUM         42     16    1926  46     -4       50
  AVERAGE         46                 57    -11       58

PRECIPITATION (IN)
  YESTERDAY        0.03   0.68 1900   0.06  -0.03     0.06
  MONTH TO DATE    1.49               1.26   0.23     0.87
  SINCE SEP 1      1.49               1.26   0.23     0.87
  SINCE JAN 1     11.46              16.94  -5.48    12.17

SNOWFALL (IN)
  YESTERDAY        0.0    0.4  1912   0.0    0.0      0.0
  MONTH TO DATE    0.0                0.0    0.0      0.0
  SINCE SEP 1      0.0                0.0    0.0      0.0
  SINCE JUL 1      0.0                0.0    0.0      0.0
  SNOW DEPTH       0

DEGREE DAYS
 HEATING
  YESTERDAY       19                  9     10        7
  MONTH TO DATE  133                117     16       78
  SINCE SEP 1    133                117     16       78
  SINCE JUL 1    138                147     -9      103

 COOLING
  YESTERDAY        0                  1     -1        0
  MONTH TO DATE  113                 63     50       47
  SINCE SEP 1    113                 63     50       47
  SINCE JAN 1    850                658    192      807
...........................................................


WIND (MPH)
  HIGHEST GUST SPEED    25   HIGHEST GUST DIRECTION     N (350)



WEATHER CONDITIONS
 THE FOLLOWING WEATHER WAS RECORDED YESTERDAY.
  LIGHT RAIN
  FOG


..........................................................


THE EAST RAPID CITY SD CLIMATE NORMALS FOR TODAY
                         NORMAL    RECORD    YEAR
 MAXIMUM TEMPERATURE (F)   68        93      1894
 MINIMUM TEMPERATURE (F)   46        15      1926


SUNRISE AND SUNSET
SEPTEMBER 25 2017.....SUNRISE   644 AM MDT   SUNSET   644 PM MDT
SEPTEMBER 26 2017.....SUNRISE   645 AM MDT   SUNSET   642 PM MDT


-  INDICATES NEGATIVE NUMBERS.
R  INDICATES RECORD WAS SET OR TIED.
MM INDICATES DATA IS MISSING.
T  INDICATES TRACE AMOUNT.




$$
