000
CDUS44 KCRP 020930
CLIVCT

CLIMATE REPORT
NATIONAL WEATHER SERVICE CORPUS CHRISTI TX
425 AM CDT THU OCT 2 2014

...................................

...THE VICTORIA CLIMATE SUMMARY FOR OCTOBER 1 2014...

CLIMATE NORMAL PERIOD 1981 TO 2010
CLIMATE RECORD PERIOD 1893 TO 2014


WEATHER ITEM   OBSERVED TIME   RECORD YEAR NORMAL DEPARTURE LAST
                VALUE   (LST)  VALUE       VALUE  FROM      YEAR
                                                  NORMAL
..................................................................
TEMPERATURE (F)
 YESTERDAY
  MAXIMUM         93    148 PM 102    1926  87      6       87
  MINIMUM         74    149 AM  48    1992  65      9       71
                                      1920
  AVERAGE         84                        76      8       79

PRECIPITATION (IN)
  YESTERDAY        0.00          1.80 1958   0.14  -0.14     0.06
  MONTH TO DATE    0.00                      0.14  -0.14     0.06
  SINCE SEP 1      2.72                      4.30  -1.58     5.01
  SINCE JAN 1     21.61                     31.17  -9.56    19.93

SNOWFALL (IN)
  YESTERDAY        0.0
  MONTH TO DATE    0.0
  SINCE SEP 1      0.0
  SINCE JUL 1      0.0
  SNOW DEPTH       0

DEGREE DAYS
 HEATING
  YESTERDAY        0                         0      0        0
  MONTH TO DATE    0                         0      0        0
  SINCE SEP 1      0                         1     -1        0
  SINCE JUL 1      0                         1     -1        0

 COOLING
  YESTERDAY       19                        11      8       14
  MONTH TO DATE   19                        11      8       14
  SINCE SEP 1    557                       456    101      550
  SINCE JAN 1   3123                      2809    314     3044
..................................................................


WIND (MPH)
  HIGHEST WIND SPEED    20   HIGHEST WIND DIRECTION     S (160)
  HIGHEST GUST SPEED    24   HIGHEST GUST DIRECTION     S (160)
  AVERAGE WIND SPEED     7.0


SKY COVER
  POSSIBLE SUNSHINE  MM
  AVERAGE SKY COVER 0.5


WEATHER CONDITIONS
 THE FOLLOWING WEATHER WAS RECORDED YESTERDAY.
  FOG
  FOG W/VISIBILITY <= 1/4 MILE
  HAZE


RELATIVE HUMIDITY (PERCENT)
 HIGHEST   100           500 AM
 LOWEST     56           300 PM
 AVERAGE    78

..........................................................


THE VICTORIA CLIMATE NORMALS FOR TODAY
                         NORMAL    RECORD    YEAR
 MAXIMUM TEMPERATURE (F)   87       100      1938
 MINIMUM TEMPERATURE (F)   65        51      2011


SUNRISE AND SUNSET
OCTOBER  2 2014.......SUNRISE   721 AM CDT   SUNSET   712 PM CDT
OCTOBER  3 2014.......SUNRISE   722 AM CDT   SUNSET   711 PM CDT


-  INDICATES NEGATIVE NUMBERS.
R  INDICATES RECORD WAS SET OR TIED.
MM INDICATES DATA IS MISSING.
T  INDICATES TRACE AMOUNT.

$$

87
