781
CDUS44 KCRP 250655 RRB
CLIVCT

CLIMATE REPORT
NATIONAL WEATHER SERVICE CORPUS CHRISTI TX
154 AM CDT SAT MAR 25 2017


...................................

...THE VICTORIA CLIMATE SUMMARY FOR MARCH 24 2017...

CLIMATE NORMAL PERIOD 1981 TO 2010
CLIMATE RECORD PERIOD 1893 TO 2017


WEATHER ITEM   OBSERVED TIME   RECORD YEAR NORMAL DEPARTURE LAST
                VALUE   (LST)  VALUE       VALUE  FROM      YEAR
                                                  NORMAL
..................................................................
TEMPERATURE (F)
 YESTERDAY
  MAXIMUM         79    421 PM  95    1928  76      3       72
  MINIMUM         69    251 AM  28    2006  54     15       50
  AVERAGE         74                        65      9       61

PRECIPITATION (IN)
  YESTERDAY        0.05          0.81 1974   0.11  -0.06     0.04
  MONTH TO DATE    4.18                      2.10   2.08     4.26
  SINCE MAR 1      4.18                      2.10   2.08     4.26
  SINCE JAN 1     12.78                      6.70   6.08     9.20

SNOWFALL (IN)
  YESTERDAY        0.0
  MONTH TO DATE    0.0
  SINCE MAR 1      0.0
  SINCE JUL 1      0.0
  SNOW DEPTH       0

DEGREE DAYS
 HEATING
  YESTERDAY        0                         3     -3        4
  MONTH TO DATE   34                       108    -74       43
  SINCE MAR 1     34                       108    -74       43
  SINCE JUL 1    565                      1201   -636      893

 COOLING
  YESTERDAY        9                         3      6        0
  MONTH TO DATE  116                        51     65       94
  SINCE MAR 1    116                        51     65       94
  SINCE JAN 1    323                        89    234      129
..................................................................


WIND (MPH)
  HIGHEST WIND SPEED    30   HIGHEST WIND DIRECTION     S (160)
  HIGHEST GUST SPEED    39   HIGHEST GUST DIRECTION     S (170)
  AVERAGE WIND SPEED    17.2


SKY COVER
  POSSIBLE SUNSHINE  MM
  AVERAGE SKY COVER 0.9


WEATHER CONDITIONS
 THE FOLLOWING WEATHER WAS RECORDED YESTERDAY.
  RAIN
  FOG
  HAZE


RELATIVE HUMIDITY (PERCENT)
 HIGHEST    90          1000 PM
 LOWEST     64           600 PM
 AVERAGE    77

..........................................................


THE VICTORIA CLIMATE NORMALS FOR TODAY
                         NORMAL    RECORD    YEAR
 MAXIMUM TEMPERATURE (F)   76        98      1928
 MINIMUM TEMPERATURE (F)   54        33      2006


SUNRISE AND SUNSET
MARCH 25 2017.........SUNRISE   725 AM CDT   SUNSET   742 PM CDT
MARCH 26 2017.........SUNRISE   724 AM CDT   SUNSET   743 PM CDT


-  INDICATES NEGATIVE NUMBERS.
R  INDICATES RECORD WAS SET OR TIED.
MM INDICATES DATA IS MISSING.
T  INDICATES TRACE AMOUNT.




$$
