000
CDUS44 KCRP 142130 RRA
CLIVCT

CLIMATE REPORT
NATIONAL WEATHER SERVICE CORPUS CHRISTI TX
327 PM CST THU DEC 14 2017


...................................

...THE VICTORIA CLIMATE SUMMARY FOR DECEMBER 14 2017...
VALID AS OF 300 PM LOCAL TIME.

CLIMATE NORMAL PERIOD 1981 TO 2010
CLIMATE RECORD PERIOD 1893 TO 2017


WEATHER ITEM   OBSERVED TIME   RECORD YEAR NORMAL DEPARTURE LAST
                VALUE   (LST)  VALUE       VALUE  FROM      YEAR
                                                  NORMAL
..................................................................
TEMPERATURE (F)
 TODAY
  MAXIMUM         67    259 PM  84    1921  66      1       66
  MINIMUM         46    717 AM  24    1985  44      2       56
                                      1919
  AVERAGE         57                        55      2       61

PRECIPITATION (IN)
  TODAY            0.00          1.45 1965   0.07  -0.07     0.00
  MONTH TO DATE    1.65                      1.07   0.58     2.64
  SINCE DEC 1      1.65                      1.07   0.58     2.64
  SINCE JAN 1     46.23                     39.98   6.25    38.88

SNOWFALL (IN)
  TODAY            0.0
  MONTH TO DATE    2.0
  SINCE DEC 1      2.0
  SINCE JUL 1      2.0
  SNOW DEPTH       0

DEGREE DAYS
 HEATING
  TODAY            8                        11     -3        4
  MONTH TO DATE  146                       134     12      120
  SINCE DEC 1    146                       134     12      120
  SINCE JUL 1    264                       297    -33      170

 COOLING
  TODAY            0                         1     -1        0
  MONTH TO DATE   14                        14      0        2
  SINCE DEC 1     14                        14      0        2
  SINCE JAN 1   3695                      3137    558     3429
..................................................................


WIND (MPH)
  HIGHEST WIND SPEED     8   HIGHEST WIND DIRECTION    NW (320)
  HIGHEST GUST SPEED     9   HIGHEST GUST DIRECTION     N (360)


SKY COVER
  POSSIBLE SUNSHINE  MM
  AVERAGE SKY COVER 0.0


WEATHER CONDITIONS
 THE FOLLOWING WEATHER WAS RECORDED TODAY.
  NO SIGNIFICANT WEATHER WAS OBSERVED.


RELATIVE HUMIDITY (PERCENT)
 HIGHEST    86           300 AM
 LOWEST     45           200 PM
 AVERAGE    66

..........................................................


THE VICTORIA CLIMATE NORMALS FOR TOMORROW
                         NORMAL    RECORD    YEAR
 MAXIMUM TEMPERATURE (F)   66        83      2012
                                             1933
 MINIMUM TEMPERATURE (F)   44        25      1916


SUNRISE AND SUNSET
DECEMBER 14 2017......SUNRISE   713 AM CST   SUNSET   532 PM CST
DECEMBER 15 2017......SUNRISE   713 AM CST   SUNSET   532 PM CST


-  INDICATES NEGATIVE NUMBERS.
R  INDICATES RECORD WAS SET OR TIED.
MM INDICATES DATA IS MISSING.
T  INDICATES TRACE AMOUNT.




$$
