000
CDUS44 KCRP 300901
CLIVCT

CLIMATE REPORT
NATIONAL WEATHER SERVICE CORPUS CHRISTI TX
258 AM CST FRI JAN 30 2015


...................................

...THE VICTORIA CLIMATE SUMMARY FOR JANUARY 29 2015...

CLIMATE NORMAL PERIOD 1981 TO 2010
CLIMATE RECORD PERIOD 1893 TO 2015


WEATHER ITEM   OBSERVED TIME   RECORD YEAR NORMAL DEPARTURE LAST
                VALUE   (LST)  VALUE       VALUE  FROM      YEAR
                                                  NORMAL
..................................................................
TEMPERATURE (F)
 YESTERDAY
  MAXIMUM         78    409 PM  87    1917  66     12       49
  MINIMUM         50    629 AM  21    1951  44      6       30
  AVERAGE         64                        55      9       40

PRECIPITATION (IN)
  YESTERDAY        0.00          1.21 1951   0.08  -0.08     0.00
  MONTH TO DATE    3.01                      2.38   0.63     1.14
  SINCE DEC 1      5.22                      4.69   0.53     1.59
  SINCE JAN 1      3.01                      2.38   0.63     1.14

SNOWFALL (IN)
  YESTERDAY        0.0
  MONTH TO DATE    0.0
  SINCE DEC 1      0.0
  SINCE JUL 1      0.0
  SNOW DEPTH       0

DEGREE DAYS
 HEATING
  YESTERDAY        1                        11    -10       25
  MONTH TO DATE  394                       338     56      368
  SINCE DEC 1    586                       669    -83      751
  SINCE JUL 1    777                       832    -55      948

 COOLING
  YESTERDAY        0                         0      0        0
  MONTH TO DATE    1                         7     -6        3
  SINCE DEC 1     27                        34     -7       35
  SINCE JAN 1      1                         7     -6        3
..................................................................


WIND (MPH)
  HIGHEST WIND SPEED    12   HIGHEST WIND DIRECTION     S (160)
  HIGHEST GUST SPEED    17   HIGHEST GUST DIRECTION     W (270)
  AVERAGE WIND SPEED     3.4


SKY COVER
  POSSIBLE SUNSHINE  MM
  AVERAGE SKY COVER 0.6


WEATHER CONDITIONS
 THE FOLLOWING WEATHER WAS RECORDED YESTERDAY.
  FOG
  FOG W/VISIBILITY <= 1/4 MILE


RELATIVE HUMIDITY (PERCENT)
 HIGHEST   100           300 AM
 LOWEST     48           400 PM
 AVERAGE    74

..........................................................


THE VICTORIA CLIMATE NORMALS FOR TODAY
                         NORMAL    RECORD    YEAR
 MAXIMUM TEMPERATURE (F)   66        88      1971
 MINIMUM TEMPERATURE (F)   44        16      1949


SUNRISE AND SUNSET
JANUARY 30 2015.......SUNRISE   717 AM CST   SUNSET   605 PM CST
JANUARY 31 2015.......SUNRISE   717 AM CST   SUNSET   606 PM CST


-  INDICATES NEGATIVE NUMBERS.
R  INDICATES RECORD WAS SET OR TIED.
MM INDICATES DATA IS MISSING.
T  INDICATES TRACE AMOUNT.

$$

GW
