000
CDUS44 KCRP 290647
CLIVCT

CLIMATE REPORT
NATIONAL WEATHER SERVICE CORPUS CHRISTI TX
144 AM CDT TUE JUL 29 2014


...................................

...THE VICTORIA CLIMATE SUMMARY FOR JULY 28 2014...

CLIMATE NORMAL PERIOD 1981 TO 2010
CLIMATE RECORD PERIOD 1893 TO 2014


WEATHER ITEM   OBSERVED TIME   RECORD YEAR NORMAL DEPARTURE LAST
                VALUE   (LST)  VALUE       VALUE  FROM      YEAR
                                                  NORMAL
..................................................................
TEMPERATURE (F)
 YESTERDAY
  MAXIMUM        101    247 PM 103    1912  95      6       94
  MINIMUM         76    232 AM  70    2008  74      2       79
                                      1994
                                      1904
  AVERAGE         89                        84      5       87

PRECIPITATION (IN)
  YESTERDAY        0.00          1.37 1988   0.12  -0.12     0.00
  MONTH TO DATE    2.37                      3.86  -1.49     3.53
  SINCE JUN 1      6.48                      8.32  -1.84     3.71
  SINCE JAN 1     17.76                     23.70  -5.94    13.09

SNOWFALL (IN)
  YESTERDAY        0.0
  MONTH TO DATE    0.0
  SINCE JUN 1      0.0
  SINCE JUL 1      0.0
  SNOW DEPTH       0

DEGREE DAYS
 HEATING
  YESTERDAY        0                         0      0        0
  MONTH TO DATE    0                         0      0        0
  SINCE JUN 1      0                         0      0        0
  SINCE JUL 1      0                         0      0        0

 COOLING
  YESTERDAY       24                        19      5       22
  MONTH TO DATE  570                       527     43      547
  SINCE JUN 1   1128                      1035     93     1139
  SINCE JAN 1   1778                      1694     84     1773
..................................................................


WIND (MPH)
  HIGHEST WIND SPEED    20   HIGHEST WIND DIRECTION     S (160)
  HIGHEST GUST SPEED    25   HIGHEST GUST DIRECTION     S (160)
  AVERAGE WIND SPEED     8.5


SKY COVER
  POSSIBLE SUNSHINE  MM
  AVERAGE SKY COVER 0.1


WEATHER CONDITIONS
 THE FOLLOWING WEATHER WAS RECORDED YESTERDAY.
  FOG


RELATIVE HUMIDITY (PERCENT)
 HIGHEST   100           700 AM
 LOWEST     37           300 PM
 AVERAGE    69

..........................................................


THE VICTORIA CLIMATE NORMALS FOR TODAY
                         NORMAL    RECORD    YEAR
 MAXIMUM TEMPERATURE (F)   95       105      1912
 MINIMUM TEMPERATURE (F)   74        67      1994


SUNRISE AND SUNSET
JULY 29 2014..........SUNRISE   647 AM CDT   SUNSET   821 PM CDT
JULY 30 2014..........SUNRISE   648 AM CDT   SUNSET   820 PM CDT


-  INDICATES NEGATIVE NUMBERS.
R  INDICATES RECORD WAS SET OR TIED.
MM INDICATES DATA IS MISSING.
T  INDICATES TRACE AMOUNT.

$$

GW
