000
CDUS44 KCRP 210913
CLIVCT

CLIMATE REPORT
NATIONAL WEATHER SERVICE CORPUS CHRISTI TX
307 AM CST SAT JAN 21 2017


...................................

...THE VICTORIA CLIMATE SUMMARY FOR JANUARY 20 2017...

CLIMATE NORMAL PERIOD 1981 TO 2010
CLIMATE RECORD PERIOD 1893 TO 2017


WEATHER ITEM   OBSERVED TIME   RECORD YEAR NORMAL DEPARTURE LAST
                VALUE   (LST)  VALUE       VALUE  FROM      YEAR
                                                  NORMAL
..................................................................
TEMPERATURE (F)
 YESTERDAY
  MAXIMUM         69   1156 AM  82    1974  65      4       65
                                      1933
                                      1923
  MINIMUM         61    839 AM  16    1940  43     18       49
  AVERAGE         65                        54     11       57

PRECIPITATION (IN)
  YESTERDAY        1.65          2.80 1980   0.08   1.57     0.00
  MONTH TO DATE    3.73                      1.65   2.08     3.08
  SINCE DEC 1      6.74                      3.96   2.78     4.68
  SINCE JAN 1      3.73                      1.65   2.08     3.08

SNOWFALL (IN)
  YESTERDAY        0.0
  MONTH TO DATE    0.0
  SINCE DEC 1      0.0
  SINCE JUL 1      0.0
  SNOW DEPTH       0

DEGREE DAYS
 HEATING
  YESTERDAY        0                        11    -11        8
  MONTH TO DATE  125                       239   -114      259
  SINCE DEC 1    360                       570   -210      472
  SINCE JUL 1    410                       733   -323      570

 COOLING
  YESTERDAY        0                         0      0        0
  MONTH TO DATE   60                         7     53        0
  SINCE DEC 1    117                        34     83       56
  SINCE JAN 1     60                         7     53        0
..................................................................


WIND (MPH)
  HIGHEST WIND SPEED    14   HIGHEST WIND DIRECTION     S (200)
  HIGHEST GUST SPEED    16   HIGHEST GUST DIRECTION    SW (210)
  AVERAGE WIND SPEED     3.9


SKY COVER
  POSSIBLE SUNSHINE  MM
  AVERAGE SKY COVER 1.0


WEATHER CONDITIONS
 THE FOLLOWING WEATHER WAS RECORDED YESTERDAY.
  THUNDERSTORM
  HEAVY RAIN
  RAIN
  LIGHT RAIN
  FOG
  FOG W/VISIBILITY <= 1/4 MILE


RELATIVE HUMIDITY (PERCENT)
 HIGHEST   100           100 AM
 LOWEST     78          1200 PM
 AVERAGE    89

..........................................................


THE VICTORIA CLIMATE NORMALS FOR TODAY
                         NORMAL    RECORD    YEAR
 MAXIMUM TEMPERATURE (F)   65        87      1911
 MINIMUM TEMPERATURE (F)   43        19      1985


SUNRISE AND SUNSET
JANUARY 21 2017.......SUNRISE   721 AM CST   SUNSET   558 PM CST
JANUARY 22 2017.......SUNRISE   720 AM CST   SUNSET   559 PM CST


-  INDICATES NEGATIVE NUMBERS.
R  INDICATES RECORD WAS SET OR TIED.
MM INDICATES DATA IS MISSING.
T  INDICATES TRACE AMOUNT.




$$
