000
CDUS44 KCRP 062148
CLIVCT

CLIMATE REPORT
NATIONAL WEATHER SERVICE CORPUS CHRISTI TX
345 PM CST FRI MAR 6 2015

...................................

...THE VICTORIA CLIMATE SUMMARY FOR MARCH 6 2015...
VALID TODAY AS OF 345 PM LOCAL TIME.

CLIMATE NORMAL PERIOD 1981 TO 2010
CLIMATE RECORD PERIOD 1893 TO 2015


WEATHER ITEM   OBSERVED TIME   RECORD YEAR NORMAL DEPARTURE LAST
                VALUE   (LST)  VALUE       VALUE  FROM      YEAR
                                                  NORMAL
..................................................................
TEMPERATURE (F)
 TODAY
  MAXIMUM         56    337 PM  92    1949  72    -16       65
  MINIMUM         31    713 AM  28    1989  51    -20       43
  AVERAGE         44                        61    -17       54

PRECIPITATION (IN)
  TODAY            0.00          2.42 2008   0.09  -0.09     0.00
  MONTH TO DATE    0.15                      0.52  -0.37     0.64
  SINCE MAR 1      0.15                      0.52  -0.37     0.64
  SINCE JAN 1      4.20                      5.12  -0.92     2.30

SNOWFALL (IN)
  TODAY            0.0
  MONTH TO DATE    0.0
  SINCE MAR 1      0.0
  SINCE JUL 1      0.0
  SNOW DEPTH       0

DEGREE DAYS
 HEATING
  TODAY           21                         6     15       11
  MONTH TO DATE   82                        36     46       94
  SINCE MAR 1     82                        36     46       94
  SINCE JUL 1   1162                      1129     33     1347

 COOLING
  TODAY            0                         2     -2        0
  MONTH TO DATE    0                        11    -11        9
  SINCE MAR 1      0                        11    -11        9
  SINCE JAN 1     15                        49    -34       67
..................................................................


WIND (MPH)
  HIGHEST WIND SPEED    17   HIGHEST WIND DIRECTION    NE (60)
  HIGHEST GUST SPEED    21   HIGHEST GUST DIRECTION    NE (50)


SKY COVER
  POSSIBLE SUNSHINE  MM
  AVERAGE SKY COVER 0.0


WEATHER CONDITIONS
 THE FOLLOWING WEATHER WAS RECORDED TODAY.
  NO SIGNIFICANT WEATHER WAS OBSERVED.


RELATIVE HUMIDITY (PERCENT)
 HIGHEST    85           700 AM
 LOWEST     32           100 PM
 AVERAGE    59

..........................................................


THE VICTORIA CLIMATE NORMALS FOR TOMORROW
                         NORMAL    RECORD    YEAR
 MAXIMUM TEMPERATURE (F)   72        91      1916
                                             1911
 MINIMUM TEMPERATURE (F)   51        27      1989


SUNRISE AND SUNSET
MARCH  6 2015.........SUNRISE   648 AM CST   SUNSET   631 PM CST
MARCH  7 2015.........SUNRISE   647 AM CST   SUNSET   631 PM CST


-  INDICATES NEGATIVE NUMBERS.
R  INDICATES RECORD WAS SET OR TIED.
MM INDICATES DATA IS MISSING.
T  INDICATES TRACE AMOUNT.




$$
