000
CDUS44 KCRP 242128 RRA
CLIVCT

CLIMATE REPORT
NATIONAL WEATHER SERVICE CORPUS CHRISTI TX
426 PM CDT SAT SEP 24 2016


...................................

...THE VICTORIA CLIMATE SUMMARY FOR SEPTEMBER 24 2016...
VALID AS OF 400 PM LOCAL TIME.

CLIMATE NORMAL PERIOD 1981 TO 2010
CLIMATE RECORD PERIOD 1893 TO 2016


WEATHER ITEM   OBSERVED TIME   RECORD YEAR NORMAL DEPARTURE LAST
                VALUE   (LST)  VALUE       VALUE  FROM      YEAR
                                                  NORMAL
..................................................................
TEMPERATURE (F)
 TODAY
  MAXIMUM         89   1043 AM 103    2005  89      0       91
  MINIMUM         74    533 AM  51    1947  67      7       62
  AVERAGE         82                        78      4       77

PRECIPITATION (IN)
  TODAY            T             2.05 1972   0.12  -0.12     0.00
  MONTH TO DATE    2.53                      3.41  -0.88     3.77
  SINCE SEP 1      2.53                      3.41  -0.88     3.77
  SINCE JAN 1     32.11                     30.28   1.83    44.05

SNOWFALL (IN)
  TODAY            0.0
  MONTH TO DATE    0.0
  SINCE SEP 1      0.0
  SINCE JUL 1      0.0
  SNOW DEPTH       0

DEGREE DAYS
 HEATING
  TODAY            0                         0      0        0
  MONTH TO DATE    0                         0      0        0
  SINCE SEP 1      0                         0      0        0
  SINCE JUL 1      0                         0      0        0

 COOLING
  TODAY           17                        13      4       12
  MONTH TO DATE  432                       374     58      375
  SINCE SEP 1    432                       374     58      375
  SINCE JAN 1   2919                      2727    192     2797
..................................................................


WIND (MPH)
  HIGHEST WIND SPEED    21   HIGHEST WIND DIRECTION    SE (140)
  HIGHEST GUST SPEED    24   HIGHEST GUST DIRECTION    SE (130)


SKY COVER
  POSSIBLE SUNSHINE  MM
  AVERAGE SKY COVER 0.2


WEATHER CONDITIONS
 THE FOLLOWING WEATHER WAS RECORDED TODAY.
  THUNDERSTORM
  LIGHT RAIN
  FOG


RELATIVE HUMIDITY (PERCENT)
 HIGHEST   100           100 AM
 LOWEST     68          1000 AM
 AVERAGE    84

..........................................................


THE VICTORIA CLIMATE NORMALS FOR TOMORROW
                         NORMAL    RECORD    YEAR
 MAXIMUM TEMPERATURE (F)   88       104      2005
 MINIMUM TEMPERATURE (F)   67        51      1989


SUNRISE AND SUNSET
SEPTEMBER 24 2016.....SUNRISE   717 AM CDT   SUNSET   721 PM CDT
SEPTEMBER 25 2016.....SUNRISE   718 AM CDT   SUNSET   720 PM CDT


-  INDICATES NEGATIVE NUMBERS.
R  INDICATES RECORD WAS SET OR TIED.
MM INDICATES DATA IS MISSING.
T  INDICATES TRACE AMOUNT.




$$
