000
CDUS44 KCRP 270746 RRA
CLIVCT

CLIMATE REPORT
NATIONAL WEATHER SERVICE CORPUS CHRISTI TX
246 AM CDT THU APR 27 2017


...................................

...THE VICTORIA CLIMATE SUMMARY FOR APRIL 26 2017...

CLIMATE NORMAL PERIOD 1981 TO 2010
CLIMATE RECORD PERIOD 1893 TO 2017


WEATHER ITEM   OBSERVED TIME   RECORD YEAR NORMAL DEPARTURE LAST
                VALUE   (LST)  VALUE       VALUE  FROM      YEAR
                                                  NORMAL
..................................................................
TEMPERATURE (F)
 YESTERDAY
  MAXIMUM         95    341 PM  96    1933  83     12       84
  MINIMUM         67   1159 PM  46    1913  62      5       73
  AVERAGE         81                        72      9       79

PRECIPITATION (IN)
  YESTERDAY        0.00          2.64 1990   0.10  -0.10     0.00
  MONTH TO DATE    2.78                      2.35   0.43     4.38
  SINCE MAR 1      7.76                      5.12   2.64     8.70
  SINCE JAN 1     16.36                      9.72   6.64    13.64

SNOWFALL (IN)
  YESTERDAY        0.0
  MONTH TO DATE    0.0
  SINCE MAR 1      0.0
  SINCE JUL 1      0.0
  SNOW DEPTH       0

DEGREE DAYS
 HEATING
  YESTERDAY        0                         0      0        0
  MONTH TO DATE    2                        29    -27        9
  SINCE MAR 1     36                       154   -118       63
  SINCE JUL 1    567                      1247   -680      913

 COOLING
  YESTERDAY       16                         8      8       14
  MONTH TO DATE  205                       144     61      138
  SINCE MAR 1    385                       218    167      260
  SINCE JAN 1    592                       256    336      295
..................................................................


WIND (MPH)
  HIGHEST WIND SPEED    24   HIGHEST WIND DIRECTION    NW (310)
  HIGHEST GUST SPEED    33   HIGHEST GUST DIRECTION     S (170)
  AVERAGE WIND SPEED    14.3


SKY COVER
  POSSIBLE SUNSHINE  MM
  AVERAGE SKY COVER 0.5


WEATHER CONDITIONS
 THE FOLLOWING WEATHER WAS RECORDED YESTERDAY.
  HAZE


RELATIVE HUMIDITY (PERCENT)
 HIGHEST    82          1200 AM
 LOWEST     22           400 PM
 AVERAGE    52

..........................................................


THE VICTORIA CLIMATE NORMALS FOR TODAY
                         NORMAL    RECORD    YEAR
 MAXIMUM TEMPERATURE (F)   83        97      2011
                                             1933
 MINIMUM TEMPERATURE (F)   63        48      1908


SUNRISE AND SUNSET
APRIL 27 2017.........SUNRISE   650 AM CDT   SUNSET   801 PM CDT
APRIL 28 2017.........SUNRISE   649 AM CDT   SUNSET   802 PM CDT


-  INDICATES NEGATIVE NUMBERS.
R  INDICATES RECORD WAS SET OR TIED.
MM INDICATES DATA IS MISSING.
T  INDICATES TRACE AMOUNT.




$$
