000
CDUS45 KGJT 210747
CLIVEL


CLIMATE REPORT
NATIONAL WEATHER SERVICE GRAND JUNCTION CO
130 AM MDT SUN SEP 21 2014


...................................

...THE VERNAL UT CLIMATE SUMMARY FOR SEPTEMBER 20 2014...

CLIMATE NORMAL PERIOD 1981 TO 2010
CLIMATE RECORD PERIOD 9999 TO 9999


WEATHER ITEM   OBSERVED TIME   RECORD YEAR NORMAL DEPARTURE LAST
                VALUE   (LST)  VALUE       VALUE  FROM      YEAR
                                                  NORMAL
..................................................................
TEMPERATURE (F)
 YESTERDAY
  MAXIMUM         83    353 PM  MM      MM  73     10       73
  MINIMUM         53    627 AM  MM      MM  44      9       40
  AVERAGE         68                        58     10       57

PRECIPITATION (IN)
  YESTERDAY        0.00         MM      MM   0.04  -0.04     0.00
  MONTH TO DATE    0.67                      0.69  -0.02     1.46
  SINCE SEP 1      0.67                      0.69  -0.02     1.46
  SINCE JAN 1      7.41                      6.30   1.11     6.29

SNOWFALL (IN)
  YESTERDAY       MM            MM      MM   MM    MM       MM
  MONTH TO DATE   MM                         MM    MM       MM
  SINCE SEP 1     MM                         MM    MM       MM
  SINCE JUL 1     MM                         MM    MM       MM
  SNOW DEPTH      MM

DEGREE DAYS
 HEATING
  YESTERDAY        0                         7     -7        8
  MONTH TO DATE   47                        77    -30       25
  SINCE SEP 1     47                        77    -30       25
  SINCE JUL 1     69                        93    -24       27

 COOLING
  YESTERDAY        3                         0      3        0
  MONTH TO DATE   30                        20     10       70
  SINCE SEP 1     30                        20     10       70
  SINCE JAN 1    617                       509    108      787
..................................................................


WIND (MPH)
  HIGHEST WIND SPEED    10   HIGHEST WIND DIRECTION    NW (330)
  HIGHEST GUST SPEED    15   HIGHEST GUST DIRECTION    NW (330)
  AVERAGE WIND SPEED     3.4


SKY COVER
  POSSIBLE SUNSHINE  MM
  AVERAGE SKY COVER 0.0


WEATHER CONDITIONS
 THE FOLLOWING WEATHER WAS RECORDED YESTERDAY.
  NO SIGNIFICANT WEATHER WAS OBSERVED.


RELATIVE HUMIDITY (PERCENT)
 HIGHEST    66           100 AM
 LOWEST     20           400 PM
 AVERAGE    43

..........................................................


THE VERNAL UT CLIMATE NORMALS FOR TODAY
                         NORMAL    RECORD    YEAR
 MAXIMUM TEMPERATURE (F)   72        MM        MM
 MINIMUM TEMPERATURE (F)   44        MM        MM


SUNRISE AND SUNSET
SEPTEMBER 21 2014.....SUNRISE   705 AM MDT   SUNSET   717 PM MDT
SEPTEMBER 22 2014.....SUNRISE   706 AM MDT   SUNSET   715 PM MDT


-  INDICATES NEGATIVE NUMBERS.
R  INDICATES RECORD WAS SET OR TIED.
MM INDICATES DATA IS MISSING.
T  INDICATES TRACE AMOUNT.




$$
