000
CDUS45 KGJT 282342
CLIVEL


CLIMATE REPORT
NATIONAL WEATHER SERVICE GRAND JUNCTION CO
530 PM MDT THU MAY 28 2015


...................................

...THE VERNAL UT CLIMATE SUMMARY FOR MAY 28 2015...
VALID TODAY AS OF 0500 PM LOCAL TIME.

CLIMATE NORMAL PERIOD 1981 TO 2010
CLIMATE RECORD PERIOD 9999 TO 9999


WEATHER ITEM   OBSERVED TIME   RECORD YEAR NORMAL DEPARTURE LAST
                VALUE   (LST)  VALUE       VALUE  FROM      YEAR
                                                  NORMAL
..................................................................
TEMPERATURE (F)
 TODAY
  MAXIMUM         65    303 PM  MM      MM  74     -9       90
  MINIMUM         44    523 AM  MM      MM  46     -2       53
  AVERAGE         55                        60     -5       72

PRECIPITATION (IN)
  TODAY            T            MM      MM   0.03  -0.03      T
  MONTH TO DATE    3.36                      0.81   2.55     0.15
  SINCE MAR 1      4.55                      2.31   2.24     1.57
  SINCE JAN 1      4.81                      3.33   1.48     1.98

SNOWFALL (IN)
  TODAY           MM            MM      MM  MM     MM       MM
  MONTH TO DATE   MM                        MM     MM       MM
  SINCE MAR 1     MM                        MM     MM       MM
  SINCE JUL 1     MM                        MM     MM       MM
  SNOW DEPTH      MM

DEGREE DAYS
 HEATING
  TODAY           10                         5      5        0
  MONTH TO DATE  288                       254     34      234
  SINCE MAR 1   1392                      1642   -250     1515
  SINCE JUL 1   5945                      7133  -1188     7322

 COOLING
  TODAY            0                         1     -1        7
  MONTH TO DATE    0                         3     -3       11
  SINCE MAR 1      0                         3     -3       11
  SINCE JAN 1      0                         3     -3       11
..................................................................


WIND (MPH)
  HIGHEST WIND SPEED    21   HIGHEST WIND DIRECTION    NE (60)
  HIGHEST GUST SPEED    23   HIGHEST GUST DIRECTION    NE (50)
  AVERAGE WIND SPEED     4.2


SKY COVER
  POSSIBLE SUNSHINE  MM
  AVERAGE SKY COVER 0.2


WEATHER CONDITIONS
 THE FOLLOWING WEATHER WAS RECORDED TODAY.
  LIGHT RAIN


RELATIVE HUMIDITY (PERCENT)
 HIGHEST    92           500 AM
 LOWEST     43           300 PM
 AVERAGE    68

..........................................................


THE VERNAL UT CLIMATE NORMALS FOR TOMORROW
                         NORMAL    RECORD    YEAR
 MAXIMUM TEMPERATURE (F)   74        MM        MM
 MINIMUM TEMPERATURE (F)   47        MM        MM


SUNRISE AND SUNSET
MAY 28 2015...........SUNRISE   552 AM MDT   SUNSET   839 PM MDT
MAY 29 2015...........SUNRISE   551 AM MDT   SUNSET   840 PM MDT


-  INDICATES NEGATIVE NUMBERS.
R  INDICATES RECORD WAS SET OR TIED.
MM INDICATES DATA IS MISSING.
T  INDICATES TRACE AMOUNT.




$$
