000
CDUS45 KGJT 282342
CLIVEL


CLIMATE REPORT
NATIONAL WEATHER SERVICE GRAND JUNCTION CO
540 PM MDT SUN MAY 28 2017


...................................

...THE VERNAL UT CLIMATE SUMMARY FOR MAY 28 2017...
VALID TODAY AS OF 0500 PM LOCAL TIME.

CLIMATE NORMAL PERIOD 1981 TO 2010
CLIMATE RECORD PERIOD 9999 TO 9999


WEATHER ITEM   OBSERVED TIME   RECORD YEAR NORMAL DEPARTURE LAST
                VALUE   (LST)  VALUE       VALUE  FROM      YEAR
                                                  NORMAL
..................................................................
TEMPERATURE (F)
 TODAY
  MAXIMUM         75    300 PM  MM      MM  74      1       73
  MINIMUM         40    400 AM  MM      MM  46     -6       40
  AVERAGE         58                        60     -2       57

PRECIPITATION (IN)
  TODAY            0.00         MM      MM   0.03  -0.03      T
  MONTH TO DATE    0.21                      0.81  -0.60     3.19
  SINCE MAR 1      1.52                      2.31  -0.79     5.71
  SINCE JAN 1      4.68                      3.33   1.35     6.27

SNOWFALL (IN)
  TODAY           MM            MM      MM   0.0   MM       MM
  MONTH TO DATE   MM                         0.0   MM       MM
  SINCE MAR 1     MM                         1.6   MM       MM
  SINCE JUL 1     MM                        17.5   MM       MM
  SNOW DEPTH      MM

DEGREE DAYS
 HEATING
  TODAY            7                         5      2        8
  MONTH TO DATE  253                       254     -1      281
  SINCE MAR 1   1408                      1642   -234     1502
  SINCE JUL 1   6465                      7133   -668     6852

 COOLING
  TODAY            0                         1     -1        0
  MONTH TO DATE    0                         3     -3        0
  SINCE MAR 1      0                         3     -3        0
  SINCE JAN 1      0                         3     -3        0
..................................................................


WIND (MPH)
  HIGHEST WIND SPEED    10   HIGHEST WIND DIRECTION     N (340)
  HIGHEST GUST SPEED    17   HIGHEST GUST DIRECTION     S (190)
  AVERAGE WIND SPEED     4.3


SKY COVER
  POSSIBLE SUNSHINE  MM
  AVERAGE SKY COVER 0.0


WEATHER CONDITIONS
 THE FOLLOWING WEATHER WAS RECORDED TODAY.
  NO SIGNIFICANT WEATHER WAS OBSERVED.


RELATIVE HUMIDITY (PERCENT)
 HIGHEST    62           200 AM
 LOWEST     17           300 PM
 AVERAGE    40

..........................................................


THE VERNAL UT CLIMATE NORMALS FOR TOMORROW
                         NORMAL    RECORD    YEAR
 MAXIMUM TEMPERATURE (F)   74        MM        MM
 MINIMUM TEMPERATURE (F)   47        MM        MM


SUNRISE AND SUNSET
MAY 28 2017...........SUNRISE   552 AM MDT   SUNSET   839 PM MDT
MAY 29 2017...........SUNRISE   551 AM MDT   SUNSET   840 PM MDT


-  INDICATES NEGATIVE NUMBERS.
R  INDICATES RECORD WAS SET OR TIED.
MM INDICATES DATA IS MISSING.
T  INDICATES TRACE AMOUNT.




$$
