000
CDUS45 KGJT 310743
CLIVEL


CLIMATE REPORT
NATIONAL WEATHER SERVICE GRAND JUNCTION CO
140 AM MDT FRI JUL 31 2015


...................................

...THE VERNAL UT CLIMATE SUMMARY FOR JULY 30 2015...

CLIMATE NORMAL PERIOD 1981 TO 2010
CLIMATE RECORD PERIOD 9999 TO 9999


WEATHER ITEM   OBSERVED TIME   RECORD YEAR NORMAL DEPARTURE LAST
                VALUE   (LST)  VALUE       VALUE  FROM      YEAR
                                                  NORMAL
..................................................................
TEMPERATURE (F)
 YESTERDAY
  MAXIMUM         90    543 PM  MM      MM  88      2       72
  MINIMUM         54    550 AM  MM      MM  58     -4       61
  AVERAGE         72                        73     -1       67

PRECIPITATION (IN)
  YESTERDAY        0.00         MM      MM   0.02  -0.02     0.04
  MONTH TO DATE    0.76                      0.61   0.15     0.71
  SINCE JUN 1      1.12                      1.41  -0.29     0.75
  SINCE JAN 1      5.94                      4.82   1.12     2.73

SNOWFALL (IN)
  YESTERDAY       MM            MM      MM   0.0   MM       MM
  MONTH TO DATE   MM                         0.0   MM       MM
  SINCE JUN 1     MM                         0.0   MM       MM
  SINCE JUL 1     MM                         0.0   MM       MM
  SNOW DEPTH      MM

DEGREE DAYS
 HEATING
  YESTERDAY        0                         0      0        0
  MONTH TO DATE    0                         2     -2        0
  SINCE JUN 1     14                        74    -60       33
  SINCE JUL 1      0                         2     -2        0

 COOLING
  YESTERDAY        7                         8     -1        2
  MONTH TO DATE  196                       218    -22      326
  SINCE JUN 1    418                       300    118      429
  SINCE JAN 1    422                       309    113      452
..................................................................


WIND (MPH)
  HIGHEST WIND SPEED    10   HIGHEST WIND DIRECTION     N (350)
  HIGHEST GUST SPEED    13   HIGHEST GUST DIRECTION    SE (120)
  AVERAGE WIND SPEED     3.8


SKY COVER
  POSSIBLE SUNSHINE  MM
  AVERAGE SKY COVER 0.0


WEATHER CONDITIONS
 THE FOLLOWING WEATHER WAS RECORDED YESTERDAY.
  NO SIGNIFICANT WEATHER WAS OBSERVED.


RELATIVE HUMIDITY (PERCENT)
 HIGHEST    41           600 AM
 LOWEST      3           400 PM
 AVERAGE    22

..........................................................


THE VERNAL UT CLIMATE NORMALS FOR TODAY
                         NORMAL    RECORD    YEAR
 MAXIMUM TEMPERATURE (F)   88        MM        MM
 MINIMUM TEMPERATURE (F)   58        MM        MM


SUNRISE AND SUNSET
JULY 31 2015..........SUNRISE   614 AM MDT   SUNSET   834 PM MDT
AUGUST  1 2015........SUNRISE   615 AM MDT   SUNSET   833 PM MDT


-  INDICATES NEGATIVE NUMBERS.
R  INDICATES RECORD WAS SET OR TIED.
MM INDICATES DATA IS MISSING.
T  INDICATES TRACE AMOUNT.




$$
