000
CDUS43 KSGF 050631
CLIVIH


CLIMATE REPORT
NATIONAL WEATHER SERVICE SPRINGFIELD MO
131 AM CDT THU MAY 5 2016


...................................

...THE VICHY-ROLLA MO CLIMATE SUMMARY FOR MAY 4 2016...

CLIMATE NORMAL PERIOD 1981 TO 2010
CLIMATE RECORD PERIOD 1888 TO 2016


WEATHER ITEM   OBSERVED TIME   RECORD YEAR NORMAL DEPARTURE LAST
                VALUE   (LST)  VALUE       VALUE  FROM      YEAR
                                                  NORMAL
..................................................................
TEMPERATURE (F)
 YESTERDAY
  MAXIMUM         67    356 PM  91    2014  72     -5       82
                                      1952
  MINIMUM         43   1159 PM  31    1954  50     -7       62
  AVERAGE         55                        61     -6       72

PRECIPITATION (IN)
  YESTERDAY        0.00          1.81 1999   0.17  -0.17     0.00
  MONTH TO DATE    T                         0.64  -0.64     0.00
  SINCE MAR 1      6.94                      8.31  -1.37     5.14
  SINCE JAN 1      9.06                     12.41  -3.35     7.42

DEGREE DAYS
 HEATING
  YESTERDAY       10                         6      4        0
  MONTH TO DATE   40                        24     16       12
  SINCE MAR 1    728                       952   -224      850
  SINCE JUL 1   3931                      4742   -811     4967

 COOLING
  YESTERDAY        0                         1     -1        7
  MONTH TO DATE    0                         4     -4       13
  SINCE MAR 1     14                        30    -16       26
  SINCE JAN 1     14                        30    -16       26
..................................................................


WIND (MPH)
  HIGHEST WIND SPEED    24   HIGHEST WIND DIRECTION     N (360)
  HIGHEST GUST SPEED    31   HIGHEST GUST DIRECTION     N (360)
  AVERAGE WIND SPEED    11.9


SKY COVER
  AVERAGE SKY COVER 0.2


WEATHER CONDITIONS
 THE FOLLOWING WEATHER WAS RECORDED YESTERDAY.
  NO SIGNIFICANT WEATHER WAS OBSERVED.


RELATIVE HUMIDITY (PERCENT)
 HIGHEST    86           300 AM
 LOWEST     34           300 PM
 AVERAGE    60

..........................................................


THE VICHY-ROLLA MO CLIMATE NORMALS FOR TODAY
                         NORMAL    RECORD    YEAR
 MAXIMUM TEMPERATURE (F)   72        92      1952
 MINIMUM TEMPERATURE (F)   50        40      2013
                                             1958


SUNRISE AND SUNSET
MAY  5 2016...........SUNRISE   606 AM CDT   SUNSET   802 PM CDT
MAY  6 2016...........SUNRISE   605 AM CDT   SUNSET   803 PM CDT


-  INDICATES NEGATIVE NUMBERS.
R  INDICATES RECORD WAS SET OR TIED.
MM INDICATES DATA IS MISSING.
T  INDICATES TRACE AMOUNT.




$$
