000
CDUS43 KSGF 250627
CLIVIH


CLIMATE REPORT
NATIONAL WEATHER SERVICE SPRINGFIELD MO
126 AM CDT TUE JUL 25 2017


...................................

...THE VICHY-ROLLA MO CLIMATE SUMMARY FOR JULY 24 2017...

CLIMATE NORMAL PERIOD 1981 TO 2010
CLIMATE RECORD PERIOD 1888 TO 2017


WEATHER ITEM   OBSERVED TIME   RECORD YEAR NORMAL DEPARTURE LAST
                VALUE   (LST)  VALUE       VALUE  FROM      YEAR
                                                  NORMAL
..................................................................
TEMPERATURE (F)
 YESTERDAY
  MAXIMUM         91    336 PM 103    2005  89      2       96
  MINIMUM         68    532 AM  53    2003  67      1       75
  AVERAGE         80                        78      2       86

PRECIPITATION (IN)
  YESTERDAY        0.00          2.23 2004   0.15  -0.15     0.00
  MONTH TO DATE    6.97                      3.47   3.50     5.24
  SINCE JUN 1      9.90                      8.10   1.80     7.18
  SINCE JAN 1     32.34                     24.91   7.43    21.42

DEGREE DAYS
 HEATING
  YESTERDAY        0                         0      0        0
  MONTH TO DATE    0                         0      0        0
  SINCE JUN 1      1                        14    -13        0
  SINCE JUL 1      0                         0      0        0

 COOLING
  YESTERDAY       15                        13      2       21
  MONTH TO DATE  334                       293     41      323
  SINCE JUN 1    565                       528     37      670
  SINCE JAN 1    669                       635     34      748
..................................................................


WIND (MPH)
  HIGHEST WIND SPEED    10   HIGHEST WIND DIRECTION    NW (330)
  HIGHEST GUST SPEED    14   HIGHEST GUST DIRECTION    NW (330)
  AVERAGE WIND SPEED     5.1


SKY COVER
  AVERAGE SKY COVER 0.0


WEATHER CONDITIONS
 THE FOLLOWING WEATHER WAS RECORDED YESTERDAY.
  NO SIGNIFICANT WEATHER WAS OBSERVED.


RELATIVE HUMIDITY (PERCENT)
 HIGHEST    97           400 AM
 LOWEST     44           300 PM
 AVERAGE    71

..........................................................


THE VICHY-ROLLA MO CLIMATE NORMALS FOR TODAY
                         NORMAL    RECORD    YEAR
 MAXIMUM TEMPERATURE (F)   89       104      1999
 MINIMUM TEMPERATURE (F)   67        50      1905


SUNRISE AND SUNSET
JULY 25 2017..........SUNRISE   604 AM CDT   SUNSET   823 PM CDT
JULY 26 2017..........SUNRISE   605 AM CDT   SUNSET   822 PM CDT


-  INDICATES NEGATIVE NUMBERS.
R  INDICATES RECORD WAS SET OR TIED.
MM INDICATES DATA IS MISSING.
T  INDICATES TRACE AMOUNT.




$$
