000
CDUS43 KSGF 170645
CLIVIH


CLIMATE REPORT
NATIONAL WEATHER SERVICE SPRINGFIELD MO
145 AM CDT WED SEP 17 2014


...................................

...THE VICHY-ROLLA MO CLIMATE SUMMARY FOR SEPTEMBER 16 2014...

CLIMATE NORMAL PERIOD 1981 TO 2010
CLIMATE RECORD PERIOD 1888 TO 2014


WEATHER ITEM   OBSERVED TIME   RECORD YEAR NORMAL DEPARTURE LAST
                VALUE   (LST)  VALUE       VALUE  FROM      YEAR
                                                  NORMAL
..................................................................
TEMPERATURE (F)
 YESTERDAY
  MAXIMUM         68    432 PM  96    1954  78    -10       66
  MINIMUM         52    934 PM  43    2000  57     -5       58
  AVERAGE         60                        68     -8       62

PRECIPITATION (IN)
  YESTERDAY        0.00          1.86 1905   0.13  -0.13     1.22
  MONTH TO DATE    1.64                      2.31  -0.67     1.57
  SINCE SEP 1      1.64                      2.31  -0.67     1.57
  SINCE JAN 1     18.94                     31.86 -12.92    34.55

DEGREE DAYS
 HEATING
  YESTERDAY        5                         2      3        3
  MONTH TO DATE   48                        12     36        8
  SINCE SEP 1     48                        12     36        8
  SINCE JUL 1     51                        15     36       12

 COOLING
  YESTERDAY        0                         4     -4        0
  MONTH TO DATE   80                       101    -21      138
  SINCE SEP 1     80                       101    -21      138
  SINCE JAN 1   1119                      1178    -59     1037
..................................................................


WIND (MPH)
  HIGHEST WIND SPEED    12   HIGHEST WIND DIRECTION    NE (30)
  HIGHEST GUST SPEED    13   HIGHEST GUST DIRECTION    NE (30)
  AVERAGE WIND SPEED     5.0


SKY COVER
  AVERAGE SKY COVER 0.7


WEATHER CONDITIONS
 THE FOLLOWING WEATHER WAS RECORDED YESTERDAY.
  FOG
  HAZE


RELATIVE HUMIDITY (PERCENT)
 HIGHEST   100           500 AM
 LOWEST     63           400 PM
 AVERAGE    82

..........................................................


THE VICHY-ROLLA MO CLIMATE NORMALS FOR TODAY
                         NORMAL    RECORD    YEAR
 MAXIMUM TEMPERATURE (F)   78        97      1953
 MINIMUM TEMPERATURE (F)   56        37      1903


SUNRISE AND SUNSET
SEPTEMBER 17 2014.....SUNRISE   650 AM CDT   SUNSET   712 PM CDT
SEPTEMBER 18 2014.....SUNRISE   651 AM CDT   SUNSET   710 PM CDT


-  INDICATES NEGATIVE NUMBERS.
R  INDICATES RECORD WAS SET OR TIED.
MM INDICATES DATA IS MISSING.
T  INDICATES TRACE AMOUNT.




$$
