000
CDUS43 KSGF 310628
CLIVIH


CLIMATE REPORT
NATIONAL WEATHER SERVICE SPRINGFIELD MO
128 AM CDT FRI OCT 31 2014


...................................

...THE VICHY-ROLLA MO CLIMATE SUMMARY FOR OCTOBER 30 2014...

CLIMATE NORMAL PERIOD 1981 TO 2010
CLIMATE RECORD PERIOD 1888 TO 2014


WEATHER ITEM   OBSERVED TIME   RECORD YEAR NORMAL DEPARTURE LAST
                VALUE   (LST)  VALUE       VALUE  FROM      YEAR
                                                  NORMAL
..................................................................
TEMPERATURE (F)
 YESTERDAY
  MAXIMUM         54   1002 AM  88    1950  63     -9       71
  MINIMUM         36   1241 AM  28    1954  42     -6       61
  AVERAGE         45                        52     -7       66

PRECIPITATION (IN)
  YESTERDAY        0.18          1.43 1967   0.11   0.07     0.04
  MONTH TO DATE    5.65                      3.39   2.26     1.75
  SINCE SEP 1      7.56                      7.43   0.13     4.61
  SINCE JAN 1     24.86                     36.98 -12.12    37.59

DEGREE DAYS
 HEATING
  YESTERDAY       20                        13      7        0
  MONTH TO DATE  248                       272    -24      319
  SINCE SEP 1    309                       333    -24      347
  SINCE JUL 1    312                       336    -24      351

 COOLING
  YESTERDAY        0                         0      0        1
  MONTH TO DATE   25                        25      0       39
  SINCE SEP 1    147                       166    -19      226
  SINCE JAN 1   1186                      1243    -57     1125
..................................................................


WIND (MPH)
  HIGHEST WIND SPEED    18   HIGHEST WIND DIRECTION    SE (120)
  HIGHEST GUST SPEED    21   HIGHEST GUST DIRECTION    SE (120)
  AVERAGE WIND SPEED     7.5


SKY COVER
  AVERAGE SKY COVER 0.3


WEATHER CONDITIONS
 THE FOLLOWING WEATHER WAS RECORDED YESTERDAY.
  THUNDERSTORM
  HEAVY RAIN
  RAIN
  LIGHT RAIN
  FOG
  FOG W/VISIBILITY <= 1/4 MILE


RELATIVE HUMIDITY (PERCENT)
 HIGHEST   100           800 PM
 LOWEST     50           900 AM
 AVERAGE    75

..........................................................


THE VICHY-ROLLA MO CLIMATE NORMALS FOR TODAY
                         NORMAL    RECORD    YEAR
 MAXIMUM TEMPERATURE (F)   62        85      1950
 MINIMUM TEMPERATURE (F)   41        22      1898


SUNRISE AND SUNSET
OCTOBER 31 2014.......SUNRISE   732 AM CDT   SUNSET   609 PM CDT
NOVEMBER  1 2014......SUNRISE   733 AM CDT   SUNSET   608 PM CDT


-  INDICATES NEGATIVE NUMBERS.
R  INDICATES RECORD WAS SET OR TIED.
MM INDICATES DATA IS MISSING.
T  INDICATES TRACE AMOUNT.




$$
