000
CDUS43 KSGF 010630
CLIVIH


CLIMATE REPORT
NATIONAL WEATHER SERVICE SPRINGFIELD MO
1229 AM CST WED MAR 1 2017


...................................

...THE VICHY-ROLLA MO CLIMATE SUMMARY FOR FEBRUARY 28 2017...

CLIMATE NORMAL PERIOD 1981 TO 2010
CLIMATE RECORD PERIOD 1888 TO 2017


WEATHER ITEM   OBSERVED TIME   RECORD YEAR NORMAL DEPARTURE LAST
                VALUE   (LST)  VALUE       VALUE  FROM      YEAR
                                                  NORMAL
..................................................................
TEMPERATURE (F)
 YESTERDAY
  MAXIMUM         76R   344 PM  75    2006  50     26       68
                                      1955
  MINIMUM         54   1236 AM   6    1962  29     25       41
  AVERAGE         65                        40     25       55

PRECIPITATION (IN)
  YESTERDAY        T             1.13 1944   0.08  -0.08     0.00
  MONTH TO DATE    0.46                      1.93  -1.47     1.38
  SINCE DEC 1      2.92                      6.74  -3.82    12.44
  SINCE JAN 1      2.06                      4.10  -2.04     2.12

DEGREE DAYS
 HEATING
  YESTERDAY        0                        25    -25       10
  MONTH TO DATE  526                       822   -296      752
  SINCE DEC 1   2358                      2843   -485     2466
  SINCE JUL 1   2986                      3790   -804     3187

 COOLING
  YESTERDAY        0                         0      0        0
  MONTH TO DATE    1                         0      1        0
  SINCE DEC 1      1                         0      1        0
  SINCE JAN 1      1                         0      1        0
..................................................................


WIND (MPH)
  HIGHEST WIND SPEED    35   HIGHEST WIND DIRECTION    SW (220)
  HIGHEST GUST SPEED    45   HIGHEST GUST DIRECTION    SW (210)
  AVERAGE WIND SPEED    16.6


SKY COVER
  AVERAGE SKY COVER 0.7


WEATHER CONDITIONS
 THE FOLLOWING WEATHER WAS RECORDED YESTERDAY.
  LIGHT RAIN


RELATIVE HUMIDITY (PERCENT)
 HIGHEST    93           300 AM
 LOWEST     54           300 PM
 AVERAGE    74

..........................................................


THE VICHY-ROLLA MO CLIMATE NORMALS FOR TODAY
                         NORMAL    RECORD    YEAR
 MAXIMUM TEMPERATURE (F)   51        79      2006
 MINIMUM TEMPERATURE (F)   30         0      1962


SUNRISE AND SUNSET
MARCH  1 2017.........SUNRISE   638 AM CST   SUNSET   601 PM CST
MARCH  2 2017.........SUNRISE   637 AM CST   SUNSET   602 PM CST


-  INDICATES NEGATIVE NUMBERS.
R  INDICATES RECORD WAS SET OR TIED.
MM INDICATES DATA IS MISSING.
T  INDICATES TRACE AMOUNT.




$$
