000
CDUS42 KTAE 020732
CLIVLD


CLIMATE REPORT
NATIONAL WEATHER SERVICE TALLAHASSEE FL
329 AM EDT TUE JUN 2 2015

...................................

...THE VALDOSTA CLIMATE SUMMARY FOR JUNE 1 2015...

CLIMATE NORMAL PERIOD 1981 TO 2010
CLIMATE RECORD PERIOD 1948 TO 2015


WEATHER ITEM   OBSERVED TIME   NORMAL DEPARTURE LAST
                VALUE   (LST)  VALUE  FROM      YEAR
                                      NORMAL
......................................................
TEMPERATURE (F)
 YESTERDAY
  MAXIMUM         90   1259 PM  89      1       87
  MINIMUM         66    523 AM  66      0       72
  AVERAGE         78            77      1       80

PRECIPITATION (IN)
  YESTERDAY        0.55          0.22   0.33     0.06
  MONTH TO DATE    0.55          0.22   0.33     0.06
  SINCE JUN 1      0.55          0.22   0.33     0.06
  SINCE JAN 1     19.11         19.22  -0.11    23.33

DEGREE DAYS
 COOLING
  YESTERDAY       13            12      1       15
  MONTH TO DATE   13            12      1       15
  SINCE JUN 1     13            12      1       15
  SINCE JAN 1    660           424    236      618
......................................................


WIND (MPH)
  HIGHEST WIND SPEED    16   HIGHEST WIND DIRECTION     S (190)
  HIGHEST GUST SPEED    30   HIGHEST GUST DIRECTION     W (250)
  AVERAGE WIND SPEED     2.8




RELATIVE HUMIDITY (PERCENT)
 HIGHEST   100
 LOWEST     50
 AVERAGE    75

..........................................................



SUNRISE AND SUNSET
JUNE  2 2015..........SUNRISE   631 AM EDT   SUNSET   832 PM EDT
JUNE  3 2015..........SUNRISE   630 AM EDT   SUNSET   832 PM EDT


-  INDICATES NEGATIVE NUMBERS.
R  INDICATES RECORD WAS SET OR TIED.
MM INDICATES DATA IS MISSING.
T  INDICATES TRACE AMOUNT.


$$
