000
CDUS42 KTAE 260634
CLIVLD


CLIMATE REPORT
NATIONAL WEATHER SERVICE TALLAHASSEE FL
233 AM EDT TUE SEP 26 2017


...................................

...THE VALDOSTA CLIMATE SUMMARY FOR SEPTEMBER 25 2017...

CLIMATE NORMAL PERIOD 1981 TO 2010
CLIMATE RECORD PERIOD 1948 TO 2017


WEATHER ITEM   OBSERVED TIME   NORMAL DEPARTURE LAST
                VALUE   (LST)  VALUE  FROM      YEAR
                                      NORMAL
......................................................
TEMPERATURE (F)
 YESTERDAY
  MAXIMUM         89    343 PM  86      3       92
  MINIMUM         65    610 AM  65      0       71
  AVERAGE         77            75      2       82

PRECIPITATION (IN)
  YESTERDAY        0.00          0.12  -0.12      T
  MONTH TO DATE    2.34          4.05  -1.71     5.56
  SINCE SEP 1      2.34          4.05  -1.71     5.56
  SINCE JAN 1     34.12         41.08  -6.96    49.89

DEGREE DAYS
 HEATING
  YESTERDAY        0             0      0        0
  MONTH TO DATE    0             0      0        0
  SINCE SEP 1      0             0      0        0
  SINCE JUL 1      0             0      0        0

 COOLING
  YESTERDAY       12            10      2       17
  MONTH TO DATE  273           323    -50      382
  SINCE SEP 1    273           323    -50      382
  SINCE JAN 1   2256          2177     79     2512
......................................................


WIND (MPH)
  HIGHEST WIND SPEED    10   HIGHEST WIND DIRECTION     N (10)
  HIGHEST GUST SPEED    14   HIGHEST GUST DIRECTION    NE (40)
  AVERAGE WIND SPEED     3.0




RELATIVE HUMIDITY (PERCENT)
 HIGHEST   100
 LOWEST     50
 AVERAGE    75

..........................................................




SUNRISE AND SUNSET
SEPTEMBER 26 2017.....SUNRISE   724 AM EDT   SUNSET   724 PM EDT
SEPTEMBER 27 2017.....SUNRISE   724 AM EDT   SUNSET   723 PM EDT


-  INDICATES NEGATIVE NUMBERS.
R  INDICATES RECORD WAS SET OR TIED.
MM INDICATES DATA IS MISSING.
T  INDICATES TRACE AMOUNT.




$$
