000
CDUS42 KTAE 060632
CLIVLD


CLIMATE REPORT
NATIONAL WEATHER SERVICE TALLAHASSEE FL
232 AM EDT MON JUL 6 2015


...................................

...THE VALDOSTA CLIMATE SUMMARY FOR JULY 5 2015...

CLIMATE NORMAL PERIOD 1981 TO 2010
CLIMATE RECORD PERIOD 1948 TO 2015


WEATHER ITEM   OBSERVED TIME   NORMAL DEPARTURE LAST
                VALUE   (LST)  VALUE  FROM      YEAR
                                      NORMAL
......................................................
TEMPERATURE (F)
 YESTERDAY
  MAXIMUM         92   1237 PM  92      0       96
  MINIMUM         69   1031 PM  71     -2       67
  AVERAGE         81            81      0       82

PRECIPITATION (IN)
  YESTERDAY        0.21          0.20   0.01     0.00
  MONTH TO DATE    0.49          0.96  -0.47     1.64
  SINCE JUN 1      3.61          7.02  -3.41     3.88
  SINCE JAN 1     22.17         26.02  -3.85    27.15

DEGREE DAYS
 COOLING
  YESTERDAY       16            16      0       17
  MONTH TO DATE   82            80      2      105
  SINCE JUN 1    561           512     49      667
  SINCE JAN 1   1208           924    284     1270
......................................................


WIND (MPH)
  HIGHEST WIND SPEED    13   HIGHEST WIND DIRECTION    NW (310)
  HIGHEST GUST SPEED    25   HIGHEST GUST DIRECTION     N (340)
  AVERAGE WIND SPEED     2.1




RELATIVE HUMIDITY (PERCENT)
 HIGHEST   100
 LOWEST     56
 AVERAGE    78

..........................................................




SUNRISE AND SUNSET
JULY  6 2015..........SUNRISE   636 AM EDT   SUNSET   840 PM EDT
JULY  7 2015..........SUNRISE   636 AM EDT   SUNSET   840 PM EDT


-  INDICATES NEGATIVE NUMBERS.
R  INDICATES RECORD WAS SET OR TIED.
MM INDICATES DATA IS MISSING.
T  INDICATES TRACE AMOUNT.




$$
