000
CDUS42 KTAE 220643
CLIVLD


CLIMATE REPORT
NATIONAL WEATHER SERVICE TALLAHASSEE FL
241 AM EDT TUE JUL 22 2014


...................................

...THE VALDOSTA CLIMATE SUMMARY FOR JULY 21 2014...

CLIMATE NORMAL PERIOD 1981 TO 2010
CLIMATE RECORD PERIOD 1948 TO 2014


WEATHER ITEM   OBSERVED TIME   NORMAL DEPARTURE LAST
                VALUE   (LST)  VALUE  FROM      YEAR
                                      NORMAL
......................................................
TEMPERATURE (F)
 YESTERDAY
  MAXIMUM         85   1202 PM  92     -7       93
  MINIMUM         74    423 AM  71      3       73
  AVERAGE         80            82     -2       83

PRECIPITATION (IN)
  YESTERDAY        0.07          0.22  -0.15     0.83
  MONTH TO DATE    3.69          4.41  -0.72     6.35
  SINCE JUN 1      5.93         10.47  -4.54    10.14
  SINCE JAN 1     29.20         29.47  -0.27    24.68

DEGREE DAYS
 COOLING
  YESTERDAY       15            17     -2       18
  MONTH TO DATE  403           340     63      374
  SINCE JUN 1    965           772    193      927
  SINCE JAN 1   1568          1184    384     1489
......................................................


WIND (MPH)
  HIGHEST WIND SPEED    10   HIGHEST WIND DIRECTION    SW (230)
  HIGHEST GUST SPEED    20   HIGHEST GUST DIRECTION    SW (210)
  AVERAGE WIND SPEED     0.5




RELATIVE HUMIDITY (PERCENT)
 HIGHEST    87
 LOWEST     65
 AVERAGE    76

..........................................................




SUNRISE AND SUNSET
JULY 22 2014..........SUNRISE   645 AM EDT   SUNSET   834 PM EDT
JULY 23 2014..........SUNRISE   645 AM EDT   SUNSET   834 PM EDT


-  INDICATES NEGATIVE NUMBERS.
R  INDICATES RECORD WAS SET OR TIED.
MM INDICATES DATA IS MISSING.
T  INDICATES TRACE AMOUNT.




$$
