000
CDUS42 KTAE 060635
CLIVLD


CLIMATE REPORT
NATIONAL WEATHER SERVICE TALLAHASSEE FL
135 AM EST SAT FEB 6 2016


...................................

...THE VALDOSTA CLIMATE SUMMARY FOR FEBRUARY 5 2016...

CLIMATE NORMAL PERIOD 1981 TO 2010
CLIMATE RECORD PERIOD 1948 TO 2016


WEATHER ITEM   OBSERVED TIME   NORMAL DEPARTURE LAST
                VALUE   (LST)  VALUE  FROM      YEAR
                                      NORMAL
......................................................
TEMPERATURE (F)
 YESTERDAY
  MAXIMUM         55    358 PM  64     -9       63
  MINIMUM         34    722 AM  40     -6       44
  AVERAGE         45            52     -7       54

PRECIPITATION (IN)
  YESTERDAY        0.00          0.06  -0.06     0.23
  MONTH TO DATE    3.06          0.28   2.78     0.85
  SINCE DEC 1      9.46          8.02   1.44     9.51
  SINCE JAN 1      6.95          4.85   2.10     5.41

DEGREE DAYS
 HEATING
  YESTERDAY       20            13      7       11
  MONTH TO DATE   32            67    -35       74
  SINCE DEC 1    601           905   -304      767
  SINCE JUL 1    677          1136   -459     1134
......................................................


WIND (MPH)
  HIGHEST WIND SPEED    22   HIGHEST WIND DIRECTION     N (10)
  HIGHEST GUST SPEED    27   HIGHEST GUST DIRECTION     N (20)
  AVERAGE WIND SPEED     6.2




RELATIVE HUMIDITY (PERCENT)
 HIGHEST    92
 LOWEST     30
 AVERAGE    61

..........................................................




SUNRISE AND SUNSET
FEBRUARY  6 2016......SUNRISE   722 AM EST   SUNSET   613 PM EST
FEBRUARY  7 2016......SUNRISE   721 AM EST   SUNSET   614 PM EST


-  INDICATES NEGATIVE NUMBERS.
R  INDICATES RECORD WAS SET OR TIED.
MM INDICATES DATA IS MISSING.
T  INDICATES TRACE AMOUNT.




$$
