000
CDUS42 KTAE 230639
CLIVLD


CLIMATE REPORT
NATIONAL WEATHER SERVICE TALLAHASSEE FL
139 AM EST THU FEB 23 2017


...................................

...THE VALDOSTA CLIMATE SUMMARY FOR FEBRUARY 22 2017...

CLIMATE NORMAL PERIOD 1981 TO 2010
CLIMATE RECORD PERIOD 1948 TO 2017


WEATHER ITEM   OBSERVED TIME   NORMAL DEPARTURE LAST
                VALUE   (LST)  VALUE  FROM      YEAR
                                      NORMAL
......................................................
TEMPERATURE (F)
 YESTERDAY
  MAXIMUM         71        MM  69      2       74
  MINIMUM         62        MM  43     19       55
  AVERAGE         67            56     11       65

PRECIPITATION (IN)
  YESTERDAY        0.02          0.21  -0.19     0.00
  MONTH TO DATE    1.20          2.80  -1.60     4.50
  SINCE DEC 1     12.46         10.54   1.92    10.90
  SINCE JAN 1     10.31          7.37   2.94     8.39

DEGREE DAYS
 HEATING
  YESTERDAY        0            10    -10        0
  MONTH TO DATE  112           257   -145      226
  SINCE DEC 1    604          1095   -491      795
  SINCE JUL 1    771          1326   -555      871
......................................................


WIND (MPH)
  HIGHEST WIND SPEED    12   HIGHEST WIND DIRECTION     E (100)
  HIGHEST GUST SPEED    17   HIGHEST GUST DIRECTION     E (100)
  AVERAGE WIND SPEED     7.0




RELATIVE HUMIDITY (PERCENT)
 HIGHEST    93
 LOWEST     68
 AVERAGE    81

..........................................................




SUNRISE AND SUNSET
FEBRUARY 23 2017......SUNRISE   706 AM EST   SUNSET   627 PM EST
FEBRUARY 24 2017......SUNRISE   705 AM EST   SUNSET   628 PM EST


-  INDICATES NEGATIVE NUMBERS.
R  INDICATES RECORD WAS SET OR TIED.
MM INDICATES DATA IS MISSING.
T  INDICATES TRACE AMOUNT.




$$
