000
CDUS42 KTAE 230638
CLIVLD


CLIMATE REPORT
NATIONAL WEATHER SERVICE TALLAHASSEE FL
138 AM EST THU NOV 23 2017


...................................

...THE VALDOSTA CLIMATE SUMMARY FOR NOVEMBER 22 2017...

CLIMATE NORMAL PERIOD 1981 TO 2010
CLIMATE RECORD PERIOD 1948 TO 2017


WEATHER ITEM   OBSERVED TIME   NORMAL DEPARTURE LAST
                VALUE   (LST)  VALUE  FROM      YEAR
                                      NORMAL
......................................................
TEMPERATURE (F)
 YESTERDAY
  MAXIMUM         72    302 PM  70      2       71
  MINIMUM         59    750 AM  46     13       31
  AVERAGE         66            58      8       51

PRECIPITATION (IN)
  YESTERDAY        T             0.08  -0.08     0.00
  MONTH TO DATE    0.52          1.75  -1.23      T
  SINCE SEP 1      6.65          9.59  -2.94     6.07
  SINCE JAN 1     38.43         46.62  -8.19    50.40

DEGREE DAYS
 HEATING
  YESTERDAY        0             8     -8       14
  MONTH TO DATE  109           119    -10      121
  SINCE SEP 1    175           162     13      134
  SINCE JUL 1    175           162     13      134
......................................................


WIND (MPH)
  HIGHEST WIND SPEED     9   HIGHEST WIND DIRECTION     N (10)
  HIGHEST GUST SPEED    11   HIGHEST GUST DIRECTION    NE (50)
  AVERAGE WIND SPEED     3.5




RELATIVE HUMIDITY (PERCENT)
 HIGHEST   100
 LOWEST     66
 AVERAGE    83

..........................................................




SUNRISE AND SUNSET
NOVEMBER 23 2017......SUNRISE   707 AM EST   SUNSET   532 PM EST
NOVEMBER 24 2017......SUNRISE   707 AM EST   SUNSET   532 PM EST


-  INDICATES NEGATIVE NUMBERS.
R  INDICATES RECORD WAS SET OR TIED.
MM INDICATES DATA IS MISSING.
T  INDICATES TRACE AMOUNT.




$$
