000
CDUS42 KTAE 310634
CLIVLD


CLIMATE REPORT
NATIONAL WEATHER SERVICE TALLAHASSEE FL
233 AM EDT TUE MAY 31 2016


...................................

...THE VALDOSTA CLIMATE SUMMARY FOR MAY 30 2016...

CLIMATE NORMAL PERIOD 1981 TO 2010
CLIMATE RECORD PERIOD 1948 TO 2016


WEATHER ITEM   OBSERVED TIME   NORMAL DEPARTURE LAST
                VALUE   (LST)  VALUE  FROM      YEAR
                                      NORMAL
......................................................
TEMPERATURE (F)
 YESTERDAY
  MAXIMUM         93    429 PM  89      4       91
  MINIMUM         69    604 AM  66      3       65
  AVERAGE         81            77      4       78

PRECIPITATION (IN)
  YESTERDAY        T             0.16  -0.16     0.05
  MONTH TO DATE    3.45          2.36   1.09     2.06
  SINCE MAR 1     15.44         10.10   5.34     9.40
  SINCE JAN 1     24.30         18.83   5.47    18.56

DEGREE DAYS
 COOLING
  YESTERDAY       16            12      4       13
  MONTH TO DATE  271           266      5      331
  SINCE MAR 1    484           391     93      628
  SINCE JAN 1    494           401     93      632
......................................................


WIND (MPH)
  HIGHEST WIND SPEED     9   HIGHEST WIND DIRECTION     N (360)
  HIGHEST GUST SPEED    14   HIGHEST GUST DIRECTION     N (20)
  AVERAGE WIND SPEED     1.5




RELATIVE HUMIDITY (PERCENT)
 HIGHEST    97
 LOWEST     41
 AVERAGE    69

..........................................................




SUNRISE AND SUNSET
MAY 31 2016...........SUNRISE   631 AM EDT   SUNSET   831 PM EDT
JUNE  1 2016..........SUNRISE   631 AM EDT   SUNSET   832 PM EDT


-  INDICATES NEGATIVE NUMBERS.
R  INDICATES RECORD WAS SET OR TIED.
MM INDICATES DATA IS MISSING.
T  INDICATES TRACE AMOUNT.




$$
