000
CDUS42 KTAE 110633
CLIVLD


CLIMATE REPORT
NATIONAL WEATHER SERVICE TALLAHASSEE FL
131 AM EST SUN DEC 11 2016

...................................

...THE VALDOSTA CLIMATE SUMMARY FOR DECEMBER 10 2016...

CLIMATE NORMAL PERIOD 1981 TO 2010
CLIMATE RECORD PERIOD 1948 TO 2016


WEATHER ITEM   OBSERVED TIME   NORMAL DEPARTURE LAST
                VALUE   (LST)  VALUE  FROM      YEAR
                                      NORMAL
......................................................
TEMPERATURE (F)
 YESTERDAY
  MAXIMUM         58    253 PM  66     -8       74
  MINIMUM         27    239 AM  42    -15       43
  AVERAGE         43            54    -11       59

PRECIPITATION (IN)
  YESTERDAY        0.00          0.11  -0.11     0.00
  MONTH TO DATE    1.29          1.09   0.20     0.24
  SINCE DEC 1      1.29          1.09   0.20     0.24
  SINCE JAN 1     51.69         48.52   3.17    46.67

DEGREE DAYS
 HEATING
  YESTERDAY       22            11     11        6
  MONTH TO DATE  105           105      0       58
  SINCE DEC 1    105           105      0       58
  SINCE JUL 1    272           336    -64      134
......................................................


WIND (MPH)
  HIGHEST WIND SPEED    14   HIGHEST WIND DIRECTION    NE (30)
  HIGHEST GUST SPEED    19   HIGHEST GUST DIRECTION     N (20)
  AVERAGE WIND SPEED     6.4




RELATIVE HUMIDITY (PERCENT)
 HIGHEST    92
 LOWEST     24
 AVERAGE    58

..........................................................



SUNRISE AND SUNSET
DECEMBER 11 2016......SUNRISE   721 AM EST   SUNSET   532 PM EST
DECEMBER 12 2016......SUNRISE   722 AM EST   SUNSET   533 PM EST


-  INDICATES NEGATIVE NUMBERS.
R  INDICATES RECORD WAS SET OR TIED.
MM INDICATES DATA IS MISSING.
T  INDICATES TRACE AMOUNT.

$$
