467
CDUS42 KFFC 160819
CLIVPC


CLIMATE REPORT
NATIONAL WEATHER SERVICE PEACHTREE CITY GA
419 AM EDT WED AUG 16 2017


...................................

...THE CARTERSVILLE CLIMATE SUMMARY FOR AUGUST 15 2017...

CLIMATE NORMAL PERIOD 1981 TO 2010
CLIMATE RECORD PERIOD 9999 TO 9999


WEATHER ITEM   OBSERVED TIME   RECORD YEAR NORMAL DEPARTURE LAST
                VALUE   (LST)  VALUE       VALUE  FROM      YEAR
                                                  NORMAL
..................................................................
TEMPERATURE (F)
 YESTERDAY
  MAXIMUM         90    124 PM  MM      MM  90      0       93
  MINIMUM         71    303 AM  MM      MM  67      4       70
  AVERAGE         81                        79      2       82

PRECIPITATION (IN)
  YESTERDAY        0.00         MM      MM   0.12  -0.12     0.01
  MONTH TO DATE    2.90                      2.19   0.71     1.37
  SINCE JUN 1     14.09                     10.69   3.40    10.06
  SINCE JAN 1     40.06                     32.85   7.21    26.58

DEGREE DAYS
 COOLING
  YESTERDAY       16                        14      2       17
  MONTH TO DATE  187                       210    -23      261
  SINCE JUN 1    934                       917     17     1151
  SINCE JAN 1   1179                      1066    113     1344
..................................................................


WIND (MPH)
  RESULTANT WIND SPEED   0   RESULTANT WIND DIRECTION  SE (120)
  HIGHEST WIND SPEED     7   HIGHEST WIND DIRECTION     N (340)
  HIGHEST GUST SPEED    12   HIGHEST GUST DIRECTION     N (350)
  AVERAGE WIND SPEED     0.5


SKY COVER
  AVERAGE SKY COVER 0.4


WEATHER CONDITIONS
 THE FOLLOWING WEATHER WAS RECORDED YESTERDAY.
  THUNDERSTORM


RELATIVE HUMIDITY (PERCENT)
 HIGHEST   100          1200 AM
 LOWEST     63          1200 PM
 AVERAGE    82

..........................................................


THE CARTERSVILLE CLIMATE NORMALS FOR TODAY
                         NORMAL    RECORD    YEAR
 MAXIMUM TEMPERATURE (F)   90        MM        MM
 MINIMUM TEMPERATURE (F)   67        MM        MM


SUNRISE AND SUNSET
AUGUST 16 2017........SUNRISE   702 AM EDT   SUNSET   825 PM EDT
AUGUST 17 2017........SUNRISE   702 AM EDT   SUNSET   824 PM EDT


-  INDICATES NEGATIVE NUMBERS.
R  INDICATES RECORD WAS SET OR TIED.
MM INDICATES DATA IS MISSING.
T  INDICATES TRACE AMOUNT.




$$
