000
CDUS42 KFFC 250818
CLIVPC


CLIMATE REPORT
NATIONAL WEATHER SERVICE PEACHTREE CITY GA
418 AM EDT SUN JUN 25 2017


...................................

...THE CARTERSVILLE CLIMATE SUMMARY FOR JUNE 24 2017...

CLIMATE NORMAL PERIOD 1981 TO 2010
CLIMATE RECORD PERIOD 9999 TO 9999


WEATHER ITEM   OBSERVED TIME   RECORD YEAR NORMAL DEPARTURE LAST
                VALUE   (LST)  VALUE       VALUE  FROM      YEAR
                                                  NORMAL
..................................................................
TEMPERATURE (F)
 YESTERDAY
  MAXIMUM         84    608 PM  MM      MM  88     -4       94
  MINIMUM         69   1159 PM  MM      MM  65      4       72
  AVERAGE         77                        77      0       83

PRECIPITATION (IN)
  YESTERDAY        0.03         MM      MM   0.13  -0.10     0.00
  MONTH TO DATE    4.70                      2.91   1.79     4.43
  SINCE JUN 1      4.70                      2.91   1.79     4.43
  SINCE JAN 1     30.67                     25.07   5.60    20.95

DEGREE DAYS
 COOLING
  YESTERDAY       12                        11      1       18
  MONTH TO DATE  262                       222     40      293
  SINCE JUN 1    262                       222     40      293
  SINCE JAN 1    507                       371    136      486
..................................................................


WIND (MPH)
  RESULTANT WIND SPEED   1   RESULTANT WIND DIRECTION   E (100)
  HIGHEST WIND SPEED    15   HIGHEST WIND DIRECTION     N (350)
  HIGHEST GUST SPEED    23   HIGHEST GUST DIRECTION    NW (320)
  AVERAGE WIND SPEED     1.2


SKY COVER
  AVERAGE SKY COVER 0.7


WEATHER CONDITIONS
 THE FOLLOWING WEATHER WAS RECORDED YESTERDAY.
  THUNDERSTORM
  LIGHT RAIN
  FOG


RELATIVE HUMIDITY (PERCENT)
 HIGHEST   100          1200 AM
 LOWEST     74           300 PM
 AVERAGE    87

..........................................................


THE CARTERSVILLE CLIMATE NORMALS FOR TODAY
                         NORMAL    RECORD    YEAR
 MAXIMUM TEMPERATURE (F)   88        MM        MM
 MINIMUM TEMPERATURE (F)   65        MM        MM


SUNRISE AND SUNSET
JUNE 25 2017..........SUNRISE   629 AM EDT   SUNSET   855 PM EDT
JUNE 26 2017..........SUNRISE   630 AM EDT   SUNSET   855 PM EDT


-  INDICATES NEGATIVE NUMBERS.
R  INDICATES RECORD WAS SET OR TIED.
MM INDICATES DATA IS MISSING.
T  INDICATES TRACE AMOUNT.




$$
