000
CDUS42 KFFC 240023
CLIVPC


CLIMATE REPORT
NATIONAL WEATHER SERVICE PEACHTREE CITY GA
823 PM EDT MON OCT 23 2017


...................................

...THE CARTERSVILLE CLIMATE SUMMARY FOR OCTOBER 23 2017...
VALID AS OF 0800 PM LOCAL TIME.

CLIMATE NORMAL PERIOD 1981 TO 2010
CLIMATE RECORD PERIOD 9999 TO 9999


WEATHER ITEM   OBSERVED TIME   RECORD YEAR NORMAL DEPARTURE LAST
                VALUE   (LST)  VALUE       VALUE  FROM      YEAR
                                                  NORMAL
..................................................................
TEMPERATURE (F)
 TODAY
  MAXIMUM         72    104 PM  MM      MM  71      1       75
  MINIMUM         60    716 PM  MM      MM  46     14       34
  AVERAGE         66                        59      7       55

PRECIPITATION (IN)
  TODAY            1.76         MM      MM   0.10   1.66     0.00
  MONTH TO DATE    4.07                      2.52   1.55     0.00
  SINCE SEP 1      8.86                      6.14   2.72     2.76

SNOWFALL (IN)
  TODAY            0.0          MM      MM  MM     MM        0.0
  MONTH TO DATE    0.0                      MM     MM        0.0
  SINCE SEP 1      0.0                      MM     MM        0.0
  SINCE JUL 1      0.0                      MM     MM        0.0
  SNOW DEPTH       0

DEGREE DAYS
 HEATING
  TODAY            0                         7     -7       10
  MONTH TO DATE   44                       106    -62       45
  SINCE SEP 1     58                       124    -66       49
  SINCE JUL 1     58                       124    -66       49

 COOLING
  TODAY            1                         1      0        0
  MONTH TO DATE   94                        33     61       83
  SINCE SEP 1    296                       240     56      449
  SINCE JAN 1   1672                      1505    167     2047
..................................................................


WIND (MPH)
  RESULTANT WIND SPEED   5   RESULTANT WIND DIRECTION  SE (120)
  HIGHEST WIND SPEED    13   HIGHEST WIND DIRECTION     S (160)
  HIGHEST GUST SPEED    20   HIGHEST GUST DIRECTION    SE (120)
  AVERAGE WIND SPEED     5.2


SKY COVER
  AVERAGE SKY COVER 0.8


WEATHER CONDITIONS
 THE FOLLOWING WEATHER WAS RECORDED TODAY.
  HEAVY RAIN
  RAIN
  LIGHT RAIN
  FOG


RELATIVE HUMIDITY (PERCENT)
 HIGHEST   100           400 AM
 LOWEST     53           200 PM
 AVERAGE    77

..........................................................


THE CARTERSVILLE CLIMATE NORMALS FOR TOMORROW
                         NORMAL    RECORD    YEAR
 MAXIMUM TEMPERATURE (F)   71        MM        MM
 MINIMUM TEMPERATURE (F)   45        MM        MM


SUNRISE AND SUNSET
OCTOBER 23 2017.......SUNRISE   751 AM EDT   SUNSET   655 PM EDT
OCTOBER 24 2017.......SUNRISE   752 AM EDT   SUNSET   654 PM EDT


-  INDICATES NEGATIVE NUMBERS.
R  INDICATES RECORD WAS SET OR TIED.
MM INDICATES DATA IS MISSING.
T  INDICATES TRACE AMOUNT.




$$
