000
CDUS43 KLOT 300636
CLIVPZ


CLIMATE REPORT
NATIONAL WEATHER SERVICE CHICAGO IL
135 AM CDT WED JUL 30 2014


...................................

...THE VALPARAISO CLIMATE SUMMARY FOR JULY 29 2014...

CLIMATE NORMAL PERIOD 1981 TO 2010
CLIMATE RECORD PERIOD 1998 TO 2014


WEATHER ITEM   OBSERVED TIME   RECORD YEAR NORMAL DEPARTURE LAST
                VALUE   (LST)  VALUE       VALUE  FROM      YEAR
                                                  NORMAL
..................................................................
TEMPERATURE (F)
 YESTERDAY
  MAXIMUM         78    254 PM  96    1998  82     -4       76
  MINIMUM         51R   458 AM  51    2003  62    -11       52
  AVERAGE         65                        72     -7       64

PRECIPITATION (IN)
  YESTERDAY        T             1.86 2011   0.13  -0.13     0.00
  MONTH TO DATE    1.73                      4.06  -2.33     1.03
  SINCE JUN 1      9.94                      7.97   1.97     7.95
  SINCE JAN 1     18.87                     20.95  -2.08    21.58

DEGREE DAYS
 HEATING
  YESTERDAY        0                         0      0        1
  MONTH TO DATE   25                         0     25       14
  SINCE JUN 1     45                        41      4       51
  SINCE JUL 1     25                         0     25       14

 COOLING
  YESTERDAY        0                         7     -7        0
  MONTH TO DATE  106                       226   -120      205
  SINCE JUN 1    265                       390   -125      372
  SINCE JAN 1    338                       437    -99      473
..................................................................


WIND (MPH)
  RESULTANT WIND SPEED   3   RESULTANT WIND DIRECTION   W (290)
  HIGHEST WIND SPEED    15   HIGHEST WIND DIRECTION    NW (330)
  HIGHEST GUST SPEED    26   HIGHEST GUST DIRECTION     W (280)
  AVERAGE WIND SPEED     5.5



WEATHER CONDITIONS
 THE FOLLOWING WEATHER WAS RECORDED YESTERDAY.
  LIGHT RAIN


..........................................................


THE VALPARAISO CLIMATE NORMALS FOR TODAY
                         NORMAL    RECORD    YEAR
 MAXIMUM TEMPERATURE (F)   82        97      1999
 MINIMUM TEMPERATURE (F)   62        52      2013


SUNRISE AND SUNSET
JULY 30 2014..........SUNRISE   541 AM CDT   SUNSET   807 PM CDT
JULY 31 2014..........SUNRISE   542 AM CDT   SUNSET   806 PM CDT


-  INDICATES NEGATIVE NUMBERS.
R  INDICATES RECORD WAS SET OR TIED.
MM INDICATES DATA IS MISSING.
T  INDICATES TRACE AMOUNT.




$$
