000
CDUS43 KLOT 290637
CLIVPZ


CLIMATE REPORT
NATIONAL WEATHER SERVICE CHICAGO IL
134 AM CDT SAT AUG 29 2015


...................................

...THE VALPARAISO CLIMATE SUMMARY FOR AUGUST 28 2015...

CLIMATE NORMAL PERIOD 1981 TO 2010
CLIMATE RECORD PERIOD 1998 TO 2015


WEATHER ITEM   OBSERVED TIME   RECORD YEAR NORMAL DEPARTURE LAST
                VALUE   (LST)  VALUE       VALUE  FROM      YEAR
                                                  NORMAL
..................................................................
TEMPERATURE (F)
 YESTERDAY
  MAXIMUM         77    119 PM  91    2003  79     -2       81
  MINIMUM         53R   541 AM  54    2010  59     -6       57
  AVERAGE         65                        69     -4       69

PRECIPITATION (IN)
  YESTERDAY        0.00          0.74 2009   0.13  -0.13      T
  MONTH TO DATE    4.28                      3.91   0.37     9.62
  SINCE JUN 1     14.81                     12.16   2.65    19.56
  SINCE JAN 1     23.60                     25.14  -1.54    28.49

DEGREE DAYS
 HEATING
  YESTERDAY        0                         1     -1        0
  MONTH TO DATE    5                         4      1       15
  SINCE JUN 1     38                        49    -11       60
  SINCE JUL 1     11                         8      3       40

 COOLING
  YESTERDAY        0                         5     -5        4
  MONTH TO DATE  160                       172    -12      173
  SINCE JUN 1    494                       576    -82      444
  SINCE JAN 1    570                       623    -53      517
..................................................................


WIND (MPH)
  RESULTANT WIND SPEED   2   RESULTANT WIND DIRECTION  SE (130)
  HIGHEST WIND SPEED     9   HIGHEST WIND DIRECTION    SW (240)
  HIGHEST GUST SPEED    14   HIGHEST GUST DIRECTION    SW (210)
  AVERAGE WIND SPEED     4.2



WEATHER CONDITIONS
 THE FOLLOWING WEATHER WAS RECORDED YESTERDAY.
  FOG


..........................................................


THE VALPARAISO CLIMATE NORMALS FOR TODAY
                         NORMAL    RECORD    YEAR
 MAXIMUM TEMPERATURE (F)   79        94      2010
 MINIMUM TEMPERATURE (F)   59        53      2011
                                             2009


SUNRISE AND SUNSET
AUGUST 29 2015........SUNRISE   611 AM CDT   SUNSET   726 PM CDT
AUGUST 30 2015........SUNRISE   612 AM CDT   SUNSET   725 PM CDT


-  INDICATES NEGATIVE NUMBERS.
R  INDICATES RECORD WAS SET OR TIED.
MM INDICATES DATA IS MISSING.
T  INDICATES TRACE AMOUNT.




$$
