000
CDUS43 KLOT 130633
CLIVPZ


CLIMATE REPORT
NATIONAL WEATHER SERVICE CHICAGO IL
1232 AM CST SAT FEB 13 2016


...................................

...THE VALPARAISO CLIMATE SUMMARY FOR FEBRUARY 12 2016...

CLIMATE NORMAL PERIOD 1981 TO 2010
CLIMATE RECORD PERIOD 1998 TO 2016


WEATHER ITEM   OBSERVED TIME   RECORD YEAR NORMAL DEPARTURE LAST
                VALUE   (LST)  VALUE       VALUE  FROM      YEAR
                                                  NORMAL
..................................................................
TEMPERATURE (F)
 YESTERDAY
  MAXIMUM         24    218 PM  48    2005  34    -10       23
  MINIMUM         12   1159 PM  -9    2014  19     -7        3
  AVERAGE         18                        27     -9       13

PRECIPITATION (IN)
  YESTERDAY        T             0.09 2006   0.06  -0.06    MM
  MONTH TO DATE    0.69                      0.59   0.10     0.71
  SINCE DEC 1      3.28                      4.52  -1.24     2.42
  SINCE JAN 1      1.15                      2.34  -1.19     1.61

DEGREE DAYS
 HEATING
  YESTERDAY       47                        38      9       52
  MONTH TO DATE  440                       476    -36      526
  SINCE DEC 1   2345                      2903   -558     2882
  SINCE JUL 1   3321                      4161   -840     4383

 COOLING
  YESTERDAY        0                         0      0        0
  MONTH TO DATE    0                         0      0        0
  SINCE DEC 1      0                         0      0        0
  SINCE JAN 1      0                         0      0        0
..................................................................


WIND (MPH)
  RESULTANT WIND SPEED  10   RESULTANT WIND DIRECTION  NW (300)
  HIGHEST WIND SPEED    25   HIGHEST WIND DIRECTION    NW (300)
  HIGHEST GUST SPEED    35   HIGHEST GUST DIRECTION    NW (310)
  AVERAGE WIND SPEED    12.8



WEATHER CONDITIONS
 THE FOLLOWING WEATHER WAS RECORDED YESTERDAY.
  SNOW
  LIGHT SNOW


..........................................................


THE VALPARAISO CLIMATE NORMALS FOR TODAY
                         NORMAL    RECORD    YEAR
 MAXIMUM TEMPERATURE (F)   35        47      2005
 MINIMUM TEMPERATURE (F)   19        -3      2015


SUNRISE AND SUNSET
FEBRUARY 13 2016......SUNRISE   646 AM CST   SUNSET   519 PM CST
FEBRUARY 14 2016......SUNRISE   645 AM CST   SUNSET   520 PM CST


-  INDICATES NEGATIVE NUMBERS.
R  INDICATES RECORD WAS SET OR TIED.
MM INDICATES DATA IS MISSING.
T  INDICATES TRACE AMOUNT.




$$
