000
CDUS43 KLOT 010638
CLIVPZ


CLIMATE REPORT
NATIONAL WEATHER SERVICE CHICAGO IL
137 AM CDT WED OCT 1 2014


...................................

...THE VALPARAISO CLIMATE SUMMARY FOR SEPTEMBER 30 2014...

CLIMATE NORMAL PERIOD 1981 TO 2010
CLIMATE RECORD PERIOD 1998 TO 2014


WEATHER ITEM   OBSERVED TIME   RECORD YEAR NORMAL DEPARTURE LAST
                VALUE   (LST)  VALUE       VALUE  FROM      YEAR
                                                  NORMAL
..................................................................
TEMPERATURE (F)
 YESTERDAY
  MAXIMUM         60    127 PM  86    2002  69     -9       73
  MINIMUM         46   1159 PM  37    2009  47     -1       MM
                                      2005
                                      2004
  AVERAGE         53                        58     -5       MM

PRECIPITATION (IN)
  YESTERDAY        T             0.25 2006   0.12  -0.12     0.00
  MONTH TO DATE    2.38                      3.21  -0.83     2.57
  SINCE SEP 1      2.38                      3.21  -0.83     2.57
  SINCE JAN 1     31.74                     28.75   2.99    28.25

DEGREE DAYS
 HEATING
  YESTERDAY       12                         8      4       MM
  MONTH TO DATE  131                       114     17       80
  SINCE SEP 1    131                       113     18       80
  SINCE JUL 1    171                       130     41      108

 COOLING
  YESTERDAY        0                         1     -1       MM
  MONTH TO DATE   61                        66     -5      118
  SINCE SEP 1     61                        66     -5      118
  SINCE JAN 1    608                       702    -94      785
..................................................................


WIND (MPH)
  RESULTANT WIND SPEED   5   RESULTANT WIND DIRECTION   N (20)
  HIGHEST WIND SPEED    13   HIGHEST WIND DIRECTION    NW (320)
  HIGHEST GUST SPEED    20   HIGHEST GUST DIRECTION     N (340)
  AVERAGE WIND SPEED     6.1



WEATHER CONDITIONS
 THE FOLLOWING WEATHER WAS RECORDED YESTERDAY.
  LIGHT RAIN
  FOG


..........................................................


THE VALPARAISO CLIMATE NORMALS FOR TODAY
                         NORMAL    RECORD    YEAR
 MAXIMUM TEMPERATURE (F)   69        84      2002
 MINIMUM TEMPERATURE (F)   46        32      2003


SUNRISE AND SUNSET
OCTOBER  1 2014.......SUNRISE   645 AM CDT   SUNSET   630 PM CDT
OCTOBER  2 2014.......SUNRISE   646 AM CDT   SUNSET   628 PM CDT


-  INDICATES NEGATIVE NUMBERS.
R  INDICATES RECORD WAS SET OR TIED.
MM INDICATES DATA IS MISSING.
T  INDICATES TRACE AMOUNT.




$$
