000
CDUS43 KLOT 230633
CLIVPZ


CLIMATE REPORT
NATIONAL WEATHER SERVICE CHICAGO IL
132 AM CDT MON OCT 23 2017


...................................

...THE VALPARAISO CLIMATE SUMMARY FOR OCTOBER 22 2017...

CLIMATE NORMAL PERIOD 1981 TO 2010
CLIMATE RECORD PERIOD 1998 TO 2017


WEATHER ITEM   OBSERVED TIME   RECORD YEAR NORMAL DEPARTURE LAST
                VALUE   (LST)  VALUE       VALUE  FROM      YEAR
                                                  NORMAL
..................................................................
TEMPERATURE (F)
 YESTERDAY
  MAXIMUM         75R  1240 PM  71    2000  61     14       59
  MINIMUM         55    738 PM  25    2013  41     14       38
  AVERAGE         65                        51     14       49

PRECIPITATION (IN)
  YESTERDAY        0.06          0.79 2009   0.12  -0.06     0.03
  MONTH TO DATE    4.44                      2.34   2.10     3.83
  SINCE SEP 1      5.84                      5.55   0.29     5.07
  SINCE JAN 1     29.89                     31.09  -1.20    27.91

DEGREE DAYS
 HEATING
  YESTERDAY        0                        15    -15       16
  MONTH TO DATE   64                       257   -193      136
  SINCE SEP 1    123                       370   -247      163
  SINCE JUL 1    129                       387   -258      171

 COOLING
  YESTERDAY        0                         0      0        0
  MONTH TO DATE   48                        11     37       21
  SINCE SEP 1    204                        77    127      162
  SINCE JAN 1    968                       713    255     1011
..................................................................


WIND (MPH)
  RESULTANT WIND SPEED   8   RESULTANT WIND DIRECTION   S (180)
  HIGHEST WIND SPEED    25   HIGHEST WIND DIRECTION     S (190)
  HIGHEST GUST SPEED    35   HIGHEST GUST DIRECTION     S (190)
  AVERAGE WIND SPEED    11.4



WEATHER CONDITIONS
 THE FOLLOWING WEATHER WAS RECORDED YESTERDAY.
  LIGHT RAIN
  FOG
  HAZE


..........................................................


THE VALPARAISO CLIMATE NORMALS FOR TODAY
                         NORMAL    RECORD    YEAR
 MAXIMUM TEMPERATURE (F)   60        76      2016
 MINIMUM TEMPERATURE (F)   41        30      2014


SUNRISE AND SUNSET
OCTOBER 23 2017.......SUNRISE   709 AM CDT   SUNSET   555 PM CDT
OCTOBER 24 2017.......SUNRISE   710 AM CDT   SUNSET   553 PM CDT


-  INDICATES NEGATIVE NUMBERS.
R  INDICATES RECORD WAS SET OR TIED.
MM INDICATES DATA IS MISSING.
T  INDICATES TRACE AMOUNT.




$$
