000
CDUS43 KLOT 160642
CLIVPZ


CLIMATE REPORT
NATIONAL WEATHER SERVICE CHICAGO IL
135 AM CDT TUE SEP 16 2014


...................................

...THE VALPARAISO CLIMATE SUMMARY FOR SEPTEMBER 15 2014...

CLIMATE NORMAL PERIOD 1981 TO 2010
CLIMATE RECORD PERIOD 1998 TO 2014


WEATHER ITEM   OBSERVED TIME   RECORD YEAR NORMAL DEPARTURE LAST
                VALUE   (LST)  VALUE       VALUE  FROM      YEAR
                                                  NORMAL
..................................................................
TEMPERATURE (F)
 YESTERDAY
  MAXIMUM         58   1243 PM  85    2004  75    -17       68
  MINIMUM         45    346 AM  39    2011  53     -8       47
  AVERAGE         52                        64    -12       58

PRECIPITATION (IN)
  YESTERDAY        0.15          1.07 2005   0.09   0.06     0.13
  MONTH TO DATE    2.32                      1.72   0.60     0.22
  SINCE SEP 1      2.32                      1.72   0.60     0.22
  SINCE JAN 1     31.68                     27.26   4.42    25.90

DEGREE DAYS
 HEATING
  YESTERDAY       13                         3     10        7
  MONTH TO DATE   63                        28     35       26
  SINCE SEP 1     63                        28     35       26
  SINCE JUL 1    103                        45     58       54

 COOLING
  YESTERDAY        0                         2     -2        0
  MONTH TO DATE   56                        47      9      104
  SINCE SEP 1     56                        47      9      104
  SINCE JAN 1    603                       683    -80      771
..................................................................


WIND (MPH)
  RESULTANT WIND SPEED   2   RESULTANT WIND DIRECTION  SW (220)
  HIGHEST WIND SPEED    13   HIGHEST WIND DIRECTION     S (200)
  HIGHEST GUST SPEED    16   HIGHEST GUST DIRECTION    SW (220)
  AVERAGE WIND SPEED     3.9



WEATHER CONDITIONS
 THE FOLLOWING WEATHER WAS RECORDED YESTERDAY.
  LIGHT RAIN
  FOG


..........................................................


THE VALPARAISO CLIMATE NORMALS FOR TODAY
                         NORMAL    RECORD    YEAR
 MAXIMUM TEMPERATURE (F)   74        82      2003
 MINIMUM TEMPERATURE (F)   53        38      2011


SUNRISE AND SUNSET
SEPTEMBER 16 2014.....SUNRISE   629 AM CDT   SUNSET   656 PM CDT
SEPTEMBER 17 2014.....SUNRISE   630 AM CDT   SUNSET   654 PM CDT


-  INDICATES NEGATIVE NUMBERS.
R  INDICATES RECORD WAS SET OR TIED.
MM INDICATES DATA IS MISSING.
T  INDICATES TRACE AMOUNT.




$$
