000
CDUS43 KLOT 280633
CLIVPZ


CLIMATE REPORT
NATIONAL WEATHER SERVICE CHICAGO IL
1233 AM CST SUN DEC 28 2014


...................................

...THE VALPARAISO CLIMATE SUMMARY FOR DECEMBER 27 2014...

CLIMATE NORMAL PERIOD 1981 TO 2010
CLIMATE RECORD PERIOD 1998 TO 2014


WEATHER ITEM   OBSERVED TIME   RECORD YEAR NORMAL DEPARTURE LAST
                VALUE   (LST)  VALUE       VALUE  FROM      YEAR
                                                  NORMAL
..................................................................
TEMPERATURE (F)
 YESTERDAY
  MAXIMUM         48    107 PM  63    2008  32     16       41
  MINIMUM         33   1159 PM   1    2004  18     15       23
  AVERAGE         41                        25     16       32

PRECIPITATION (IN)
  YESTERDAY        0.02          0.80 2008   0.06  -0.04     0.00
  MONTH TO DATE    0.81                      1.91  -1.10     1.10
  SINCE DEC 1      0.81                      1.91  -1.10     1.10
  SINCE JAN 1     38.63                     37.24   1.39    35.65

DEGREE DAYS
 HEATING
  YESTERDAY       24                        40    -16       33
  MONTH TO DATE  834                       983   -149     1124
  SINCE DEC 1    834                       983   -149     1124
  SINCE JUL 1   2335                      2241     94     2510

 COOLING
  YESTERDAY        0                         0      0        0
  MONTH TO DATE    0                         0      0        0
  SINCE DEC 1      0                         0      0        0
  SINCE JAN 1    611                       713   -102      810
..................................................................


WIND (MPH)
  RESULTANT WIND SPEED  11   RESULTANT WIND DIRECTION  SW (240)
  HIGHEST WIND SPEED    28   HIGHEST WIND DIRECTION     W (280)
  HIGHEST GUST SPEED    36   HIGHEST GUST DIRECTION     W (270)
  AVERAGE WIND SPEED    12.8



WEATHER CONDITIONS
 THE FOLLOWING WEATHER WAS RECORDED YESTERDAY.
  LIGHT RAIN
  FOG


..........................................................


THE VALPARAISO CLIMATE NORMALS FOR TODAY
                         NORMAL    RECORD    YEAR
 MAXIMUM TEMPERATURE (F)   32        48      2013
                                             2006
                                             2003
 MINIMUM TEMPERATURE (F)   18         7      1999


SUNRISE AND SUNSET
DECEMBER 28 2014......SUNRISE   714 AM CST   SUNSET   426 PM CST
DECEMBER 29 2014......SUNRISE   714 AM CST   SUNSET   426 PM CST


-  INDICATES NEGATIVE NUMBERS.
R  INDICATES RECORD WAS SET OR TIED.
MM INDICATES DATA IS MISSING.
T  INDICATES TRACE AMOUNT.




$$
