000
CDUS43 KLOT 250634
CLIVPZ


CLIMATE REPORT
NATIONAL WEATHER SERVICE CHICAGO IL
133 AM CDT SUN JUN 25 2017


...................................

...THE VALPARAISO CLIMATE SUMMARY FOR JUNE 24 2017...

CLIMATE NORMAL PERIOD 1981 TO 2010
CLIMATE RECORD PERIOD 1998 TO 2017


WEATHER ITEM   OBSERVED TIME   RECORD YEAR NORMAL DEPARTURE LAST
                VALUE   (LST)  VALUE       VALUE  FROM      YEAR
                                                  NORMAL
..................................................................
TEMPERATURE (F)
 YESTERDAY
  MAXIMUM         77    338 PM  94    2005  82     -5       85
                                      2002
                                      1998
  MINIMUM         60   1102 PM  49    2008  61     -1       MM
  AVERAGE         69                        72     -3       MM

PRECIPITATION (IN)
  YESTERDAY        0.00          1.55 2014   0.15  -0.15     0.00
  MONTH TO DATE    1.63                      3.07  -1.44     0.19
  SINCE JUN 1      1.63                      3.07  -1.44     0.19
  SINCE JAN 1     17.03                     16.05   0.98     9.59

DEGREE DAYS
 HEATING
  YESTERDAY        0                         0      0       MM
  MONTH TO DATE    1                        41    -40       13
  SINCE JUN 1      1                        41    -40       13
  SINCE JUL 1   5037                      6320  -1283     5251

 COOLING
  YESTERDAY        4                         7     -3       MM
  MONTH TO DATE  226                       120    106      158
  SINCE JUN 1    226                       120    106      158
  SINCE JAN 1    283                       167    116      235
..................................................................


WIND (MPH)
  RESULTANT WIND SPEED  10   RESULTANT WIND DIRECTION   W (280)
  HIGHEST WIND SPEED    23   HIGHEST WIND DIRECTION     W (270)
  HIGHEST GUST SPEED    29   HIGHEST GUST DIRECTION     W (270)
  AVERAGE WIND SPEED    10.2



WEATHER CONDITIONS
 THE FOLLOWING WEATHER WAS RECORDED YESTERDAY.
  NO SIGNIFICANT WEATHER WAS OBSERVED.


..........................................................


THE VALPARAISO CLIMATE NORMALS FOR TODAY
                         NORMAL    RECORD    YEAR
 MAXIMUM TEMPERATURE (F)   82        95      1998
 MINIMUM TEMPERATURE (F)   61        52      2004


SUNRISE AND SUNSET
JUNE 25 2017..........SUNRISE   516 AM CDT   SUNSET   826 PM CDT
JUNE 26 2017..........SUNRISE   516 AM CDT   SUNSET   826 PM CDT


-  INDICATES NEGATIVE NUMBERS.
R  INDICATES RECORD WAS SET OR TIED.
MM INDICATES DATA IS MISSING.
T  INDICATES TRACE AMOUNT.




$$
