000
CDUS43 KLOT 270636
CLIVPZ


CLIMATE REPORT
NATIONAL WEATHER SERVICE CHICAGO IL
136 AM CDT THU APR 27 2017


...................................

...THE VALPARAISO CLIMATE SUMMARY FOR APRIL 26 2017...

CLIMATE NORMAL PERIOD 1981 TO 2010
CLIMATE RECORD PERIOD 1998 TO 2017


WEATHER ITEM   OBSERVED TIME   RECORD YEAR NORMAL DEPARTURE LAST
                VALUE   (LST)  VALUE       VALUE  FROM      YEAR
                                                  NORMAL
..................................................................
TEMPERATURE (F)
 YESTERDAY
  MAXIMUM         82    107 PM  83    2009  64     18       70
  MINIMUM         61   1159 PM  32    2013  42     19       42
  AVERAGE         72                        53     19       56

PRECIPITATION (IN)
  YESTERDAY        0.75R         0.59 2011   0.13   0.62     0.00
  MONTH TO DATE    4.09                      2.91   1.18     1.87
  SINCE MAR 1      7.14                      5.39   1.75     4.92
  SINCE JAN 1     10.58                      8.56   2.02     6.25

DEGREE DAYS
 HEATING
  YESTERDAY        0                        12    -12        9
  MONTH TO DATE  275                       435   -160      432
  SINCE MAR 1   1057                      1280   -223     1073
  SINCE JUL 1   4771                      6012  -1241     4931

 COOLING
  YESTERDAY        7                         0      7        0
  MONTH TO DATE   13                         0     13        6
  SINCE MAR 1     13                         0     13        6
  SINCE JAN 1     13                         0     13        6
..................................................................


WIND (MPH)
  RESULTANT WIND SPEED  11   RESULTANT WIND DIRECTION   S (200)
  HIGHEST WIND SPEED    29   HIGHEST WIND DIRECTION    SW (230)
  HIGHEST GUST SPEED    40   HIGHEST GUST DIRECTION    SW (220)
  AVERAGE WIND SPEED    12.9



WEATHER CONDITIONS
 THE FOLLOWING WEATHER WAS RECORDED YESTERDAY.
  HEAVY RAIN
  RAIN
  LIGHT RAIN
  FOG


..........................................................


THE VALPARAISO CLIMATE NORMALS FOR TODAY
                         NORMAL    RECORD    YEAR
 MAXIMUM TEMPERATURE (F)   64        76      2009
 MINIMUM TEMPERATURE (F)   42        28      2012


SUNRISE AND SUNSET
APRIL 27 2017.........SUNRISE   550 AM CDT   SUNSET   742 PM CDT
APRIL 28 2017.........SUNRISE   549 AM CDT   SUNSET   743 PM CDT


-  INDICATES NEGATIVE NUMBERS.
R  INDICATES RECORD WAS SET OR TIED.
MM INDICATES DATA IS MISSING.
T  INDICATES TRACE AMOUNT.




$$
