000
CDUS42 KMLB 020642
CLIVRB


CLIMATE REPORT
NATIONAL WEATHER SERVICE MELBOURNE FL
238 AM EDT TUE JUN 2 2015


...................................

...THE VERO BEACH CLIMATE SUMMARY FOR JUNE 1 2015...

CLIMATE NORMAL PERIOD 1981 TO 2010
CLIMATE RECORD PERIOD 1942 TO 2015


WEATHER ITEM   OBSERVED TIME   RECORD YEAR NORMAL DEPARTURE LAST
                VALUE   (LST)  VALUE       VALUE  FROM      YEAR
                                                  NORMAL
..................................................................
TEMPERATURE (F)
 YESTERDAY
  MAXIMUM         89    120 PM  97    2004  87      2       85
  MINIMUM         69    445 AM  57    1984  71     -2       70
  AVERAGE         79                        79      0       78

PRECIPITATION (IN)
  YESTERDAY        0.00          1.73 2005   0.19  -0.19     0.17
  MONTH TO DATE    0.00                      0.19  -0.19     0.17
  SINCE JUN 1      0.00                      0.19  -0.19     0.17
  SINCE JAN 1     11.72                     15.56  -3.84    13.35

SNOWFALL (IN)
  YESTERDAY        0.0
  MONTH TO DATE    0.0
  SINCE JUL 1      0.0

DEGREE DAYS
 HEATING
  YESTERDAY        0                         0      0        0
  MONTH TO DATE    0                         0      0        0
  SINCE JUN 1      0                         0      0        0
  SINCE JUL 1    384                       456    -72      268

 COOLING
  YESTERDAY       14                        14      0       13
  MONTH TO DATE   14                        14      0       13
  SINCE JUN 1     14                        14      0       13
  SINCE JAN 1   1166                       820    346      939
..................................................................


WIND (MPH)
  HIGHEST WIND SPEED    17   HIGHEST WIND DIRECTION    SE (120)
  HIGHEST GUST SPEED    22   HIGHEST GUST DIRECTION     E (110)
  AVERAGE WIND SPEED     6.8


SKY COVER
  AVERAGE SKY COVER 0.2


WEATHER CONDITIONS
 THE FOLLOWING WEATHER WAS RECORDED YESTERDAY.
  FOG
  HAZE


RELATIVE HUMIDITY (PERCENT)
 HIGHEST    90           300 AM
 LOWEST     55          1100 AM
 AVERAGE    73

..........................................................


THE VERO BEACH CLIMATE NORMALS FOR TODAY
                         NORMAL    RECORD    YEAR
 MAXIMUM TEMPERATURE (F)   87        96      1998
 MINIMUM TEMPERATURE (F)   71        58      1984


SUNRISE AND SUNSET
JUNE  2 2015..........SUNRISE   626 AM EDT   SUNSET   813 PM EDT
JUNE  3 2015..........SUNRISE   626 AM EDT   SUNSET   814 PM EDT


-  INDICATES NEGATIVE NUMBERS.
R  INDICATES RECORD WAS SET OR TIED.
MM INDICATES DATA IS MISSING.
T  INDICATES TRACE AMOUNT.




$$
