000
CDUS42 KMLB 232018
CLIVRB


CLIMATE REPORT
NATIONAL WEATHER SERVICE MELBOURNE FL
417 PM EDT MON OCT 23 2017


...................................

...THE VERO BEACH CLIMATE SUMMARY FOR OCTOBER 23 2017...
VALID TODAY AS OF 0400 PM LOCAL TIME.

CLIMATE NORMAL PERIOD 1981 TO 2010
CLIMATE RECORD PERIOD 1942 TO 2017


WEATHER ITEM   OBSERVED TIME   RECORD YEAR NORMAL DEPARTURE LAST
                VALUE   (LST)  VALUE       VALUE  FROM      YEAR
                                                  NORMAL
..................................................................
TEMPERATURE (F)
 TODAY
  MAXIMUM         84    228 PM  90    1990  83      1       80
  MINIMUM         76   1056 AM  50    1976  67      9       56
  AVERAGE         80                        75      5       68

PRECIPITATION (IN)
  TODAY            0.48          1.20 1971   0.13   0.35     0.00
  MONTH TO DATE    6.23                      3.98   2.25     4.13
  SINCE SEP 1     18.67                     10.77   7.90     9.03
  SINCE JAN 1     48.09                     45.47   2.62    62.46

SNOWFALL (IN)
  TODAY            0.0
  MONTH TO DATE    0.0
  SINCE JUL 1      0.0

DEGREE DAYS
 HEATING
  TODAY            0                         0      0        0
  MONTH TO DATE    0                         0      0        0
  SINCE SEP 1      0                         0      0        0
  SINCE JUL 1      0                         0      0        0

 COOLING
  TODAY           15                        10      5        3
  MONTH TO DATE  358                       286     72      324
  SINCE SEP 1    853                       755     98      847
  SINCE JAN 1   3565                      3053    512     3437
..................................................................


WIND (MPH)
  HIGHEST WIND SPEED    24   HIGHEST WIND DIRECTION    SE (130)
  HIGHEST GUST SPEED    29   HIGHEST GUST DIRECTION    SE (120)
  AVERAGE WIND SPEED    13.7


SKY COVER
  AVERAGE SKY COVER 0.8


WEATHER CONDITIONS
 THE FOLLOWING WEATHER WAS RECORDED TODAY.
  HEAVY RAIN
  LIGHT RAIN
  FOG
  HAZE


RELATIVE HUMIDITY (PERCENT)
 HIGHEST    85           200 AM
 LOWEST     74           200 PM
 AVERAGE    80

..........................................................


THE VERO BEACH CLIMATE NORMALS FOR TOMORROW
                         NORMAL    RECORD    YEAR
 MAXIMUM TEMPERATURE (F)   83        90      2002
 MINIMUM TEMPERATURE (F)   67        50      2006


SUNRISE AND SUNSET
OCTOBER 23 2017.......SUNRISE   727 AM EDT   SUNSET   645 PM EDT
OCTOBER 24 2017.......SUNRISE   727 AM EDT   SUNSET   644 PM EDT


-  INDICATES NEGATIVE NUMBERS.
R  INDICATES RECORD WAS SET OR TIED.
MM INDICATES DATA IS MISSING.
T  INDICATES TRACE AMOUNT.




$$
