000
CDUS42 KMLB 180636
CLIVRB


CLIMATE REPORT
NATIONAL WEATHER SERVICE MELBOURNE FL
136 AM EST THU JAN 18 2018


...................................

...THE VERO BEACH CLIMATE SUMMARY FOR JANUARY 17 2018...

CLIMATE NORMAL PERIOD 1981 TO 2010
CLIMATE RECORD PERIOD 1942 TO 2018


WEATHER ITEM   OBSERVED TIME   RECORD YEAR NORMAL DEPARTURE LAST
                VALUE   (LST)  VALUE       VALUE  FROM      YEAR
                                                  NORMAL
..................................................................
TEMPERATURE (F)
 YESTERDAY
  MAXIMUM         73    307 PM  85    1987  72      1       80
  MINIMUM         49   1159 PM  31    1965  51     -2       67
  AVERAGE         61                        62     -1       74

PRECIPITATION (IN)
  YESTERDAY        0.00          0.35 2016   0.08  -0.08     0.00
  MONTH TO DATE    2.50                      1.37   1.13     0.46
  SINCE DEC 1      4.73                      3.56   1.17     2.60
  SINCE JAN 1      2.50                      1.37   1.13     0.46

SNOWFALL (IN)
  YESTERDAY        0.0
  MONTH TO DATE    0.0
  SINCE JUL 1      0.0

DEGREE DAYS
 HEATING
  YESTERDAY        4                         5     -1        0
  MONTH TO DATE  105                        85     20       30
  SINCE DEC 1    188                       190     -2       45
  SINCE JUL 1    208                       220    -12       64

 COOLING
  YESTERDAY        0                         2     -2        9
  MONTH TO DATE   28                        34     -6       63
  SINCE DEC 1    146                       127     19      268
  SINCE JAN 1     28                        34     -6       63
..................................................................


WIND (MPH)
  HIGHEST WIND SPEED    21   HIGHEST WIND DIRECTION     W (290)
  HIGHEST GUST SPEED    27   HIGHEST GUST DIRECTION     W (280)
  AVERAGE WIND SPEED     8.4


SKY COVER
  AVERAGE SKY COVER 0.1


WEATHER CONDITIONS
 THE FOLLOWING WEATHER WAS RECORDED YESTERDAY.
  FOG


RELATIVE HUMIDITY (PERCENT)
 HIGHEST   100          1200 AM
 LOWEST     38           400 PM
 AVERAGE    69

..........................................................


THE VERO BEACH CLIMATE NORMALS FOR TODAY
                         NORMAL    RECORD    YEAR
 MAXIMUM TEMPERATURE (F)   72        85      1987
 MINIMUM TEMPERATURE (F)   51        28      1977


SUNRISE AND SUNSET
JANUARY 18 2018.......SUNRISE   713 AM EST   SUNSET   551 PM EST
JANUARY 19 2018.......SUNRISE   713 AM EST   SUNSET   552 PM EST


-  INDICATES NEGATIVE NUMBERS.
R  INDICATES RECORD WAS SET OR TIED.
MM INDICATES DATA IS MISSING.
T  INDICATES TRACE AMOUNT.




$$
