000
CDUS42 KMLB 050630
CLIVRB


CLIMATE REPORT
NATIONAL WEATHER SERVICE MELBOURNE FL
228 AM EDT SAT SEP 5 2015


...................................

...THE VERO BEACH CLIMATE SUMMARY FOR SEPTEMBER 4 2015...

CLIMATE NORMAL PERIOD 1981 TO 2010
CLIMATE RECORD PERIOD 1942 TO 2015


WEATHER ITEM   OBSERVED TIME   RECORD YEAR NORMAL DEPARTURE LAST
                VALUE   (LST)  VALUE       VALUE  FROM      YEAR
                                                  NORMAL
..................................................................
TEMPERATURE (F)
 YESTERDAY
  MAXIMUM         92   1006 AM  94    1999  89      3       85
                                      1978
  MINIMUM         73    117 PM  68    1966  74     -1       71
  AVERAGE         83                        81      2       78

PRECIPITATION (IN)
  YESTERDAY        0.99          2.12 1950   0.23   0.76     0.12
  MONTH TO DATE    0.99                      0.96   0.03     0.33
  SINCE SEP 1      0.99                      0.96   0.03     0.33
  SINCE JAN 1     32.59                     35.66  -3.07    33.64

SNOWFALL (IN)
  YESTERDAY        0.0
  MONTH TO DATE    0.0
  SINCE JUL 1      0.0

DEGREE DAYS
 HEATING
  YESTERDAY        0                         0      0        0
  MONTH TO DATE    0                         0      0        0
  SINCE SEP 1      0                         0      0        0
  SINCE JUL 1      0                         0      0        0

 COOLING
  YESTERDAY       18                        16      2       13
  MONTH TO DATE   74                        64     10       58
  SINCE SEP 1     74                        64     10       58
  SINCE JAN 1   2871                      2362    509     2425
..................................................................


WIND (MPH)
  HIGHEST WIND SPEED    35   HIGHEST WIND DIRECTION    NE (30)
  HIGHEST GUST SPEED    50   HIGHEST GUST DIRECTION    NE (30)
  AVERAGE WIND SPEED     4.5


SKY COVER
  AVERAGE SKY COVER 0.3


WEATHER CONDITIONS
 THE FOLLOWING WEATHER WAS RECORDED YESTERDAY.
  HEAVY RAIN
  RAIN
  LIGHT RAIN
  FOG
  HAZE


RELATIVE HUMIDITY (PERCENT)
 HIGHEST    94           500 AM
 LOWEST     59          1000 AM
 AVERAGE    77

..........................................................


THE VERO BEACH CLIMATE NORMALS FOR TODAY
                         NORMAL    RECORD    YEAR
 MAXIMUM TEMPERATURE (F)   89        96      1996
 MINIMUM TEMPERATURE (F)   74        69      2012
                                             1978


SUNRISE AND SUNSET
SEPTEMBER  5 2015.....SUNRISE   702 AM EDT   SUNSET   738 PM EDT
SEPTEMBER  6 2015.....SUNRISE   703 AM EDT   SUNSET   737 PM EDT


-  INDICATES NEGATIVE NUMBERS.
R  INDICATES RECORD WAS SET OR TIED.
MM INDICATES DATA IS MISSING.
T  INDICATES TRACE AMOUNT.




$$
