000
CDUS42 KMLB 302016
CLIVRB


CLIMATE REPORT
NATIONAL WEATHER SERVICE MELBOURNE FL
416 PM EDT FRI SEP 30 2016


...................................

...THE VERO BEACH CLIMATE SUMMARY FOR SEPTEMBER 30 2016...
VALID TODAY AS OF 0400 PM LOCAL TIME.

CLIMATE NORMAL PERIOD 1981 TO 2010
CLIMATE RECORD PERIOD 1942 TO 2016


WEATHER ITEM   OBSERVED TIME   RECORD YEAR NORMAL DEPARTURE LAST
                VALUE   (LST)  VALUE       VALUE  FROM      YEAR
                                                  NORMAL
..................................................................
TEMPERATURE (F)
 TODAY
  MAXIMUM         90   1228 PM  93    2015  87      3       93
  MINIMUM         72    629 AM  65    1983  72      0       77
  AVERAGE         81                        80      1       85

PRECIPITATION (IN)
  TODAY            0.00          2.92 1970   0.23  -0.23     0.00
  MONTH TO DATE    4.90                      6.79  -1.89     8.52
  SINCE SEP 1      4.90                      6.79  -1.89     8.52
  SINCE JAN 1     58.33                     41.49  16.84    40.12

SNOWFALL (IN)
  TODAY            0.0
  MONTH TO DATE    0.0
  SINCE JUL 1      0.0

DEGREE DAYS
 HEATING
  TODAY            0                         0      0        0
  MONTH TO DATE    0                         0      0        0
  SINCE SEP 1      0                         0      0        0
  SINCE JUL 1      0                         0      0        0

 COOLING
  TODAY           16                        15      1       20
  MONTH TO DATE  523                       469     54      518
  SINCE SEP 1    523                       469     54      518
  SINCE JAN 1   3113                      2767    346     3315
..................................................................


WIND (MPH)
  HIGHEST WIND SPEED    15   HIGHEST WIND DIRECTION    SE (130)
  HIGHEST GUST SPEED    18   HIGHEST GUST DIRECTION    SE (130)
  AVERAGE WIND SPEED     4.7


SKY COVER
  AVERAGE SKY COVER 0.1


WEATHER CONDITIONS
 THE FOLLOWING WEATHER WAS RECORDED TODAY.
  FOG


RELATIVE HUMIDITY (PERCENT)
 HIGHEST   100           500 AM
 LOWEST     59          1100 AM
 AVERAGE    80

..........................................................


THE VERO BEACH CLIMATE NORMALS FOR TOMORROW
                         NORMAL    RECORD    YEAR
 MAXIMUM TEMPERATURE (F)   87        93      1980
 MINIMUM TEMPERATURE (F)   72        63      2001
                                             1993


SUNRISE AND SUNSET
SEPTEMBER 30 2016.....SUNRISE   714 AM EDT   SUNSET   708 PM EDT
OCTOBER  1 2016.......SUNRISE   715 AM EDT   SUNSET   707 PM EDT


-  INDICATES NEGATIVE NUMBERS.
R  INDICATES RECORD WAS SET OR TIED.
MM INDICATES DATA IS MISSING.
T  INDICATES TRACE AMOUNT.




$$
