000
CDUS42 KMLB 260628
CLIVRB


CLIMATE REPORT
NATIONAL WEATHER SERVICE MELBOURNE FL
227 AM EDT FRI AUG 26 2016


...................................

...THE VERO BEACH CLIMATE SUMMARY FOR AUGUST 25 2016...

CLIMATE NORMAL PERIOD 1981 TO 2010
CLIMATE RECORD PERIOD 1942 TO 2016


WEATHER ITEM   OBSERVED TIME   RECORD YEAR NORMAL DEPARTURE LAST
                VALUE   (LST)  VALUE       VALUE  FROM      YEAR
                                                  NORMAL
..................................................................
TEMPERATURE (F)
 YESTERDAY
  MAXIMUM         89   1218 PM  95    2010  89      0       94
  MINIMUM         80    944 PM  66    1957  74      6       76
  AVERAGE         85                        81      4       85

PRECIPITATION (IN)
  YESTERDAY        0.05          1.81 1952   0.24  -0.19     0.00
  MONTH TO DATE   10.32                      5.59   4.73     4.17
  SINCE JUN 1     15.78                     17.89  -2.11    14.98
  SINCE JAN 1     51.57                     33.26  18.31    26.70

SNOWFALL (IN)
  YESTERDAY        0.0
  MONTH TO DATE    0.0
  SINCE JUL 1      0.0

DEGREE DAYS
 HEATING
  YESTERDAY        0                         0      0        0
  MONTH TO DATE    0                         0      0        0
  SINCE JUN 1      0                         0      0        0
  SINCE JUL 1      0                         0      0        0

 COOLING
  YESTERDAY       20                        16      4       20
  MONTH TO DATE  459                       422     37      461
  SINCE JUN 1   1552                      1396    156     1541
  SINCE JAN 1   2481                      2202    279     2693
..................................................................


WIND (MPH)
  HIGHEST WIND SPEED    21   HIGHEST WIND DIRECTION    NE (60)
  HIGHEST GUST SPEED    25   HIGHEST GUST DIRECTION    NE (30)
  AVERAGE WIND SPEED     8.7


SKY COVER
  AVERAGE SKY COVER 0.4


WEATHER CONDITIONS
 THE FOLLOWING WEATHER WAS RECORDED YESTERDAY.
  LIGHT RAIN
  FOG
  HAZE


RELATIVE HUMIDITY (PERCENT)
 HIGHEST    91          1200 AM
 LOWEST     70           400 PM
 AVERAGE    81

..........................................................


THE VERO BEACH CLIMATE NORMALS FOR TODAY
                         NORMAL    RECORD    YEAR
 MAXIMUM TEMPERATURE (F)   89        95      1998
 MINIMUM TEMPERATURE (F)   74        68      1980


SUNRISE AND SUNSET
AUGUST 26 2016........SUNRISE   658 AM EDT   SUNSET   748 PM EDT
AUGUST 27 2016........SUNRISE   658 AM EDT   SUNSET   747 PM EDT


-  INDICATES NEGATIVE NUMBERS.
R  INDICATES RECORD WAS SET OR TIED.
MM INDICATES DATA IS MISSING.
T  INDICATES TRACE AMOUNT.




$$
