000
CDUS42 KMLB 010631
CLIVRB


CLIMATE REPORT
NATIONAL WEATHER SERVICE MELBOURNE FL
229 AM EDT SUN MAY 1 2016


...................................

...THE VERO BEACH CLIMATE SUMMARY FOR APRIL 30 2016...

CLIMATE NORMAL PERIOD 1981 TO 2010
CLIMATE RECORD PERIOD 1942 TO 2016


WEATHER ITEM   OBSERVED TIME   RECORD YEAR NORMAL DEPARTURE LAST
                VALUE   (LST)  VALUE       VALUE  FROM      YEAR
                                                  NORMAL
..................................................................
TEMPERATURE (F)
 YESTERDAY
  MAXIMUM         84   1224 PM  91    1975  82      2       83
  MINIMUM         65    502 AM  49    1992  64      1       64
                                      1967
  AVERAGE         75                        73      2       74

PRECIPITATION (IN)
  YESTERDAY        0.00          3.72 1998   0.08  -0.08     0.00
  MONTH TO DATE    1.60                      2.72  -1.12     4.72
  SINCE MAR 1      4.46                      6.84  -2.38     7.10
  SINCE JAN 1     17.81                     12.01   5.80    10.73

SNOWFALL (IN)
  YESTERDAY        0.0
  MONTH TO DATE    0.0
  SINCE JUL 1      0.0

DEGREE DAYS
 HEATING
  YESTERDAY        0                         0      0        0
  MONTH TO DATE    5                        13     -8        0
  SINCE MAR 1     16                        70    -54       12
  SINCE JUL 1    284                       455   -171      384

 COOLING
  YESTERDAY       10                         8      2        9
  MONTH TO DATE  223                       190     33      365
  SINCE MAR 1    459                       319    140      608
  SINCE JAN 1    557                       458     99      733
..................................................................


WIND (MPH)
  HIGHEST WIND SPEED    17   HIGHEST WIND DIRECTION    SE (130)
  HIGHEST GUST SPEED    23   HIGHEST GUST DIRECTION     E (100)
  AVERAGE WIND SPEED     8.0


SKY COVER
  AVERAGE SKY COVER 0.1


WEATHER CONDITIONS
 THE FOLLOWING WEATHER WAS RECORDED YESTERDAY.
  FOG


RELATIVE HUMIDITY (PERCENT)
 HIGHEST    93           300 AM
 LOWEST     55           100 PM
 AVERAGE    74

..........................................................


THE VERO BEACH CLIMATE NORMALS FOR TODAY
                         NORMAL    RECORD    YEAR
 MAXIMUM TEMPERATURE (F)   83        96      1971
 MINIMUM TEMPERATURE (F)   64        47      1999


SUNRISE AND SUNSET
MAY  1 2016...........SUNRISE   642 AM EDT   SUNSET   756 PM EDT
MAY  2 2016...........SUNRISE   641 AM EDT   SUNSET   756 PM EDT


-  INDICATES NEGATIVE NUMBERS.
R  INDICATES RECORD WAS SET OR TIED.
MM INDICATES DATA IS MISSING.
T  INDICATES TRACE AMOUNT.




$$
