000
CDUS42 KMLB 280631
CLIVRB


CLIMATE REPORT
NATIONAL WEATHER SERVICE MELBOURNE FL
130 AM EST SAT FEB 28 2015


...................................

...THE VERO BEACH CLIMATE SUMMARY FOR FEBRUARY 27 2015...

CLIMATE NORMAL PERIOD 1981 TO 2010
CLIMATE RECORD PERIOD 1942 TO 2015


WEATHER ITEM   OBSERVED TIME   RECORD YEAR NORMAL DEPARTURE LAST
                VALUE   (LST)  VALUE       VALUE  FROM      YEAR
                                                  NORMAL
..................................................................
TEMPERATURE (F)
 YESTERDAY
  MAXIMUM         67   1159 PM  87    2007  76     -9       73
  MINIMUM         58    328 PM  33    1974  56      2       58
  AVERAGE         63                        66     -3       66

PRECIPITATION (IN)
  YESTERDAY        0.11          1.83 1984   0.12  -0.01     0.07
  MONTH TO DATE    2.40                      2.56  -0.16     1.99
  SINCE DEC 1      6.76                      7.25  -0.49     9.07
  SINCE JAN 1      3.55                      5.06  -1.51     6.48

SNOWFALL (IN)
  YESTERDAY        0.0
  MONTH TO DATE    0.0
  SINCE JUL 1      0.0

DEGREE DAYS
 HEATING
  YESTERDAY        2                         3     -1        0
  MONTH TO DATE  122                        95     27       34
  SINCE DEC 1    293                       352    -59      224
  SINCE JUL 1    372                       382    -10      235

 COOLING
  YESTERDAY        0                         3     -3        1
  MONTH TO DATE   37                        73    -36      140
  SINCE DEC 1    241                       227     14      376
  SINCE JAN 1    120                       134    -14      208
..................................................................


WIND (MPH)
  HIGHEST WIND SPEED    21   HIGHEST WIND DIRECTION     N (340)
  HIGHEST GUST SPEED    27   HIGHEST GUST DIRECTION     N (340)
  AVERAGE WIND SPEED    11.6


SKY COVER
  AVERAGE SKY COVER 1.0


WEATHER CONDITIONS
 THE FOLLOWING WEATHER WAS RECORDED YESTERDAY.
  LIGHT RAIN
  FOG


RELATIVE HUMIDITY (PERCENT)
 HIGHEST    97           700 PM
 LOWEST     81          1000 PM
 AVERAGE    89

..........................................................


THE VERO BEACH CLIMATE NORMALS FOR TODAY
                         NORMAL    RECORD    YEAR
 MAXIMUM TEMPERATURE (F)   76        89      2001
 MINIMUM TEMPERATURE (F)   56        36      1968


SUNRISE AND SUNSET
FEBRUARY 28 2015......SUNRISE   647 AM EST   SUNSET   621 PM EST
MARCH  1 2015.........SUNRISE   646 AM EST   SUNSET   622 PM EST


-  INDICATES NEGATIVE NUMBERS.
R  INDICATES RECORD WAS SET OR TIED.
MM INDICATES DATA IS MISSING.
T  INDICATES TRACE AMOUNT.




$$
