000
CDUS41 KBTV 250527
CLIVSF


CLIMATE REPORT
NATIONAL WEATHER SERVICE BURLINGTON VT
125 AM EDT THU AUG 25 2016


...................................

...THE SPRINGFIELD VT CLIMATE SUMMARY FOR AUGUST 24 2016...

CLIMATE NORMAL PERIOD 1981 TO 2010
CLIMATE RECORD PERIOD 9999 TO 9999


WEATHER ITEM   OBSERVED TIME   NORMAL DEPARTURE LAST
                VALUE   (LST)  VALUE  FROM      YEAR
                                      NORMAL
......................................................
TEMPERATURE (F)
 YESTERDAY
  MAXIMUM         85    340 PM  78      7       84
  MINIMUM         52    546 AM  55     -3       65
  AVERAGE         69            66      3       75

PRECIPITATION (IN)
  YESTERDAY        0.00          0.12  -0.12      T
  MONTH TO DATE    2.48          2.99  -0.51     3.00
  SINCE JUN 1      8.34         11.31  -2.97     9.48
  SINCE JAN 1     18.76         27.58  -8.82    17.98

DEGREE DAYS
 HEATING
  YESTERDAY        0             1     -1        0
  MONTH TO DATE    8            24    -16        5
  SINCE JUN 1     94           137    -43      128
  SINCE JUL 1     22            41    -19       21

 COOLING
  YESTERDAY        4             3      1       10
  MONTH TO DATE  143            88     55      134
  SINCE JUN 1    366           291     75      319
  SINCE JAN 1    407           303    104      368
......................................................


WIND (MPH)
  HIGHEST WIND SPEED    12   HIGHEST WIND DIRECTION     S (170)
  HIGHEST GUST SPEED    16   HIGHEST GUST DIRECTION    SW (220)
  AVERAGE WIND SPEED     2.6


SKY COVER
  AVERAGE SKY COVER 0.2


WEATHER CONDITIONS
 THE FOLLOWING WEATHER WAS RECORDED YESTERDAY.
  FOG
  FOG W/VISIBILITY <= 1/4 MILE


RELATIVE HUMIDITY (PERCENT)
 HIGHEST   100           400 AM
 LOWEST     37           400 PM
 AVERAGE    69

..........................................................


THE SPRINGFIELD VT CLIMATE NORMALS FOR TODAY
                         NORMAL    RECORD    YEAR
 MAXIMUM TEMPERATURE (F)   78        86      2012
 MINIMUM TEMPERATURE (F)   54        46      2013


SUNRISE AND SUNSET
AUGUST 25 2016........SUNRISE   607 AM EDT   SUNSET   736 PM EDT
AUGUST 26 2016........SUNRISE   608 AM EDT   SUNSET   735 PM EDT


-  INDICATES NEGATIVE NUMBERS.
R  INDICATES RECORD WAS SET OR TIED.
MM INDICATES DATA IS MISSING.
T  INDICATES TRACE AMOUNT.




$$
