000
CDUS41 KBTV 040635
CLIVSF


CLIMATE REPORT
NATIONAL WEATHER SERVICE BURLINGTON VT
234 AM EDT FRI SEP 4 2015


...................................

...THE SPRINGFIELD VT CLIMATE SUMMARY FOR SEPTEMBER 3 2015...

CLIMATE NORMAL PERIOD 1981 TO 2010
CLIMATE RECORD PERIOD 9999 TO 9999


WEATHER ITEM   OBSERVED TIME   NORMAL DEPARTURE LAST
                VALUE   (LST)  VALUE  FROM      YEAR
                                      NORMAL
......................................................
TEMPERATURE (F)
 YESTERDAY
  MAXIMUM         85   1213 PM  76      9       79
  MINIMUM         61    500 AM  52      9       55
  AVERAGE         73            64      9       67

PRECIPITATION (IN)
  YESTERDAY        0.26          0.09   0.17     0.00
  MONTH TO DATE    0.26          0.26   0.00     0.45
  SINCE SEP 1      0.26          0.26   0.00     0.45
  SINCE JAN 1     18.76         28.63  -9.87    28.14

DEGREE DAYS
 HEATING
  YESTERDAY        0             3     -3        0
  MONTH TO DATE    0             8     -8        0
  SINCE SEP 1      0             8     -8        0
  SINCE JUL 1     23            63    -40       49

 COOLING
  YESTERDAY        8             2      6        2
  MONTH TO DATE   20             6     14       20
  SINCE SEP 1     20             6     14       20
  SINCE JAN 1    409           327     82      257
......................................................


WIND (MPH)
  HIGHEST WIND SPEED    16   HIGHEST WIND DIRECTION     N (350)
  HIGHEST GUST SPEED    23   HIGHEST GUST DIRECTION     N (350)
  AVERAGE WIND SPEED     1.4


SKY COVER
  AVERAGE SKY COVER 0.4


WEATHER CONDITIONS
 THE FOLLOWING WEATHER WAS RECORDED YESTERDAY.
  THUNDERSTORM
  HEAVY RAIN
  LIGHT RAIN
  FOG
  FOG W/VISIBILITY <= 1/4 MILE


RELATIVE HUMIDITY (PERCENT)
 HIGHEST   100           100 AM
 LOWEST     55          1200 PM
 AVERAGE    78

..........................................................


THE SPRINGFIELD VT CLIMATE NORMALS FOR TODAY
                         NORMAL    RECORD    YEAR
 MAXIMUM TEMPERATURE (F)   76        90      1999
 MINIMUM TEMPERATURE (F)   52        43      1997


SUNRISE AND SUNSET
SEPTEMBER  4 2015.....SUNRISE   617 AM EDT   SUNSET   720 PM EDT
SEPTEMBER  5 2015.....SUNRISE   618 AM EDT   SUNSET   719 PM EDT


-  INDICATES NEGATIVE NUMBERS.
R  INDICATES RECORD WAS SET OR TIED.
MM INDICATES DATA IS MISSING.
T  INDICATES TRACE AMOUNT.




$$
