000
CDUS41 KBTV 310600
CLIVSF


CLIMATE REPORT
NATIONAL WEATHER SERVICE BURLINGTON VT
1256 AM EST SAT JAN 31 2015


...................................

...THE SPRINGFIELD VT CLIMATE SUMMARY FOR JANUARY 30 2015...

CLIMATE NORMAL PERIOD 1981 TO 2010
CLIMATE RECORD PERIOD 9999 TO 9999


WEATHER ITEM   OBSERVED TIME   NORMAL DEPARTURE LAST
                VALUE   (LST)  VALUE  FROM      YEAR
                                      NORMAL
......................................................
TEMPERATURE (F)
 YESTERDAY
  MAXIMUM         31    225 PM  30      1       25
  MINIMUM          8   1159 PM  10     -2       -3
  AVERAGE         20            20      0       11

PRECIPITATION (IN)
  YESTERDAY        0.07          0.08  -0.01     0.00
  MONTH TO DATE    2.53          2.83  -0.30     2.29
  SINCE DEC 1      7.06          6.10   0.96     3.76
  SINCE JAN 1      2.53          2.83  -0.30     2.29

DEGREE DAYS
 HEATING
  YESTERDAY       45            45      0       54
  MONTH TO DATE 1472          1365    107     1432
  SINCE DEC 1   2541          2585    -44     2684
  SINCE JUL 1   3944          4228   -284     4384

 COOLING
  YESTERDAY        0             0      0        0
  MONTH TO DATE    0             0      0        0
  SINCE DEC 1      0             0      0        0
  SINCE JAN 1      0             0      0        0
......................................................


WIND (MPH)
  HIGHEST WIND SPEED    17   HIGHEST WIND DIRECTION    NW (300)
  HIGHEST GUST SPEED    25   HIGHEST GUST DIRECTION     W (290)
  AVERAGE WIND SPEED     3.5


SKY COVER
  AVERAGE SKY COVER 0.9


WEATHER CONDITIONS
 THE FOLLOWING WEATHER WAS RECORDED YESTERDAY.
  SNOW
  LIGHT SNOW
  FOG
  HAZE


RELATIVE HUMIDITY (PERCENT)
 HIGHEST    96           100 AM
 LOWEST     61           800 PM
 AVERAGE    79

..........................................................


THE SPRINGFIELD VT CLIMATE NORMALS FOR TODAY
                         NORMAL    RECORD    YEAR
 MAXIMUM TEMPERATURE (F)   30        MM        MM
 MINIMUM TEMPERATURE (F)   10        MM        MM


SUNRISE AND SUNSET
JANUARY 31 2015.......SUNRISE   707 AM EST   SUNSET   500 PM EST
FEBRUARY  1 2015......SUNRISE   706 AM EST   SUNSET   502 PM EST


-  INDICATES NEGATIVE NUMBERS.
R  INDICATES RECORD WAS SET OR TIED.
MM INDICATES DATA IS MISSING.
T  INDICATES TRACE AMOUNT.




$$
