000
CDUS41 KBTV 070521
CLIVSF


CLIMATE REPORT
NATIONAL WEATHER SERVICE BURLINGTON VT
120 AM EDT TUE JUL 7 2015


...................................

...THE SPRINGFIELD VT CLIMATE SUMMARY FOR JULY 6 2015...

CLIMATE NORMAL PERIOD 1981 TO 2010
CLIMATE RECORD PERIOD 9999 TO 9999


WEATHER ITEM   OBSERVED TIME   NORMAL DEPARTURE LAST
                VALUE   (LST)  VALUE  FROM      YEAR
                                      NORMAL
......................................................
TEMPERATURE (F)
 YESTERDAY
  MAXIMUM         84    305 PM  81      3       81
  MINIMUM         55    505 AM  57     -2       53
  AVERAGE         70            69      1       67

PRECIPITATION (IN)
  YESTERDAY        0.00          0.13  -0.13     0.00
  MONTH TO DATE    0.58          0.75  -0.17     0.73
  SINCE JUN 1      5.78          4.64   1.14     4.91
  SINCE JAN 1     14.28         20.91  -6.63    18.44

DEGREE DAYS
 HEATING
  YESTERDAY        0             1     -1        0
  MONTH TO DATE   10             6      4        0
  SINCE JUN 1    117           102     15       58
  SINCE JUL 1     10             6      4        0

 COOLING
  YESTERDAY        5             4      1        2
  MONTH TO DATE    8            24    -16       32
  SINCE JUN 1     51            88    -37       91
  SINCE JAN 1    100           100      0       96
......................................................


WIND (MPH)
  HIGHEST WIND SPEED    13   HIGHEST WIND DIRECTION     W (280)
  HIGHEST GUST SPEED    15   HIGHEST GUST DIRECTION     W (260)
  AVERAGE WIND SPEED     2.5


SKY COVER
  AVERAGE SKY COVER 0.3


WEATHER CONDITIONS
 THE FOLLOWING WEATHER WAS RECORDED YESTERDAY.
  FOG
  FOG W/VISIBILITY <= 1/4 MILE


RELATIVE HUMIDITY (PERCENT)
 HIGHEST   100           400 AM
 LOWEST     32           300 PM
 AVERAGE    66

..........................................................


THE SPRINGFIELD VT CLIMATE NORMALS FOR TODAY
                         NORMAL    RECORD    YEAR
 MAXIMUM TEMPERATURE (F)   81        96      2010
 MINIMUM TEMPERATURE (F)   57        46      2000


SUNRISE AND SUNSET
JULY  7 2015..........SUNRISE   517 AM EDT   SUNSET   833 PM EDT
JULY  8 2015..........SUNRISE   518 AM EDT   SUNSET   832 PM EDT


-  INDICATES NEGATIVE NUMBERS.
R  INDICATES RECORD WAS SET OR TIED.
MM INDICATES DATA IS MISSING.
T  INDICATES TRACE AMOUNT.




$$
