000
CDUS41 KBTV 230524
CLIVSF


CLIMATE REPORT
NATIONAL WEATHER SERVICE BURLINGTON VT
121 AM EDT WED AUG 23 2017


...................................

...THE SPRINGFIELD VT CLIMATE SUMMARY FOR AUGUST 22 2017...

CLIMATE NORMAL PERIOD 1981 TO 2010
CLIMATE RECORD PERIOD 9999 TO 9999


WEATHER ITEM   OBSERVED TIME   NORMAL DEPARTURE LAST
                VALUE   (LST)  VALUE  FROM      YEAR
                                      NORMAL
......................................................
TEMPERATURE (F)
 YESTERDAY
  MAXIMUM         89    249 PM  79     10       70
  MINIMUM         58    525 AM  55      3       49
  AVERAGE         74            67      7       60

PRECIPITATION (IN)
  YESTERDAY        0.30          0.13   0.17     0.07
  MONTH TO DATE    2.99          2.75   0.24     2.48
  SINCE JUN 1     10.70         11.07  -0.37     8.34
  SINCE JAN 1     28.29         27.34   0.95    18.76

DEGREE DAYS
 HEATING
  YESTERDAY        0             1     -1        5
  MONTH TO DATE    5            22    -17        5
  SINCE JUN 1    122           135    -13       91
  SINCE JUL 1     24            39    -15       19

 COOLING
  YESTERDAY        9             3      6        0
  MONTH TO DATE   75            82     -7      139
  SINCE JUN 1    286           285      1      362
  SINCE JAN 1    300           297      3      403
......................................................


WIND (MPH)
  HIGHEST WIND SPEED    21   HIGHEST WIND DIRECTION     W (290)
  HIGHEST GUST SPEED    32   HIGHEST GUST DIRECTION     W (290)
  AVERAGE WIND SPEED     4.6


SKY COVER
  AVERAGE SKY COVER 0.6


WEATHER CONDITIONS
 THE FOLLOWING WEATHER WAS RECORDED YESTERDAY.
  THUNDERSTORM
  HEAVY RAIN
  LIGHT RAIN
  FOG
  FOG W/VISIBILITY <= 1/4 MILE


RELATIVE HUMIDITY (PERCENT)
 HIGHEST    97          1200 AM
 LOWEST     50           300 PM
 AVERAGE    74

..........................................................


THE SPRINGFIELD VT CLIMATE NORMALS FOR TODAY
                         NORMAL    RECORD    YEAR
 MAXIMUM TEMPERATURE (F)   79        87      2012
 MINIMUM TEMPERATURE (F)   55        45      2016


SUNRISE AND SUNSET
AUGUST 23 2017........SUNRISE   604 AM EDT   SUNSET   740 PM EDT
AUGUST 24 2017........SUNRISE   605 AM EDT   SUNSET   738 PM EDT


-  INDICATES NEGATIVE NUMBERS.
R  INDICATES RECORD WAS SET OR TIED.
MM INDICATES DATA IS MISSING.
T  INDICATES TRACE AMOUNT.




$$
