593
CDUS41 KBTV 300523
CLIVSF


CLIMATE REPORT
NATIONAL WEATHER SERVICE BURLINGTON VT
121 AM EDT SUN APR 30 2017


...................................

...THE SPRINGFIELD VT CLIMATE SUMMARY FOR APRIL 29 2017...

CLIMATE NORMAL PERIOD 1981 TO 2010
CLIMATE RECORD PERIOD 9999 TO 9999


WEATHER ITEM   OBSERVED TIME   NORMAL DEPARTURE LAST
                VALUE   (LST)  VALUE  FROM      YEAR
                                      NORMAL
......................................................
TEMPERATURE (F)
 YESTERDAY
  MAXIMUM         73    248 PM  62     11       61
  MINIMUM         51    213 AM  38     13       32
  AVERAGE         62            50     12       47

PRECIPITATION (IN)
  YESTERDAY        0.00          0.11  -0.11     0.00
  MONTH TO DATE    4.18          3.51   0.67     1.43
  SINCE MAR 1      7.07          6.81   0.26     3.11
  SINCE JAN 1     10.62         12.42  -1.80     8.33

DEGREE DAYS
 HEATING
  YESTERDAY        3            15    -12       18
  MONTH TO DATE  471           610   -139      672
  SINCE MAR 1   1594          1645    -51     1485
  SINCE JUL 1   6471          7090   -619     6141

 COOLING
  YESTERDAY        0             0      0        0
  MONTH TO DATE    0             0      0        0
  SINCE MAR 1      0             0      0        0
  SINCE JAN 1      0             0      0        0
......................................................


WIND (MPH)
  HIGHEST WIND SPEED    22   HIGHEST WIND DIRECTION     W (270)
  HIGHEST GUST SPEED    33   HIGHEST GUST DIRECTION     W (260)
  AVERAGE WIND SPEED     6.2


SKY COVER
  AVERAGE SKY COVER 0.7


WEATHER CONDITIONS
 THE FOLLOWING WEATHER WAS RECORDED YESTERDAY.
  NO SIGNIFICANT WEATHER WAS OBSERVED.


RELATIVE HUMIDITY (PERCENT)
 HIGHEST    77           100 AM
 LOWEST     36           900 PM
 AVERAGE    57

..........................................................


THE SPRINGFIELD VT CLIMATE NORMALS FOR TODAY
                         NORMAL    RECORD    YEAR
 MAXIMUM TEMPERATURE (F)   63        82      2004
 MINIMUM TEMPERATURE (F)   38        25      2012


SUNRISE AND SUNSET
APRIL 30 2017.........SUNRISE   544 AM EDT   SUNSET   751 PM EDT
MAY  1 2017...........SUNRISE   543 AM EDT   SUNSET   752 PM EDT


-  INDICATES NEGATIVE NUMBERS.
R  INDICATES RECORD WAS SET OR TIED.
MM INDICATES DATA IS MISSING.
T  INDICATES TRACE AMOUNT.




$$
