000
CDUS43 KLBF 271025
CLIVTN

CLIMATE REPORT
NATIONAL WEATHER SERVICE NORTH PLATTE
422 AM CST SAT DEC 27 2014


...................................

...THE VALENTINE NE CLIMATE SUMMARY FOR DECEMBER 26 2014...

CLIMATE NORMAL PERIOD 1981 TO 2010
CLIMATE RECORD PERIOD 1885 TO 2014


WEATHER ITEM   OBSERVED TIME   RECORD YEAR NORMAL DEPARTURE LAST
                VALUE   (LST)  VALUE       VALUE  FROM      YEAR
                                                  NORMAL
..................................................................
TEMPERATURE (F)
 YESTERDAY
  MAXIMUM         24    150 AM  60    1889  36    -12       47
  MINIMUM         17   1159 PM -25    1996  10      7       20
  AVERAGE         21                        23     -2       34

PRECIPITATION (IN)
  YESTERDAY        0.09          0.16 1939   0.02   0.07     0.00
  MONTH TO DATE    0.73                      0.32   0.41     0.71
  SINCE DEC 1      0.73                      0.32   0.41     0.71
  SINCE JAN 1     21.62                     19.97   1.65    23.63

SNOWFALL (IN)
  YESTERDAY        1.5           2.4  1939   0.2    1.3      0.0
  MONTH TO DATE    6.2                       4.3    1.9     12.2
  SINCE DEC 1      6.2                       4.3    1.9     12.2
  SINCE JUL 1     12.6                      11.9    0.7     19.0
  SNOW DEPTH       2

DEGREE DAYS
 HEATING
  YESTERDAY       44                        42      2       31
  MONTH TO DATE  896                      1065   -169     1241
  SINCE DEC 1    896                      1065   -169     1241
  SINCE JUL 1   2500                      2683   -183     2800

 COOLING
  YESTERDAY        0                         0      0        0
  MONTH TO DATE    0                         0      0        0
  SINCE DEC 1      0                         0      0        0
  SINCE JAN 1    724                       821    -97      964
..................................................................


WIND (MPH)
  HIGHEST WIND SPEED    21   HIGHEST WIND DIRECTION     N (360)
  HIGHEST GUST SPEED    26   HIGHEST GUST DIRECTION     N (10)
  AVERAGE WIND SPEED    11.3


SKY COVER
  POSSIBLE SUNSHINE  MM
  AVERAGE SKY COVER 1.0


WEATHER CONDITIONS
 THE FOLLOWING WEATHER WAS RECORDED YESTERDAY.
  LIGHT SNOW
  FOG
  HAZE


RELATIVE HUMIDITY (PERCENT)
 HIGHEST    92           500 AM
 LOWEST     80          1100 PM
 AVERAGE    86

..........................................................


THE VALENTINE NE CLIMATE NORMALS FOR TODAY
                         NORMAL    RECORD    YEAR
 MAXIMUM TEMPERATURE (F)   36        67      1928
 MINIMUM TEMPERATURE (F)   10       -20      1904
                                             1894


SUNRISE AND SUNSET
DECEMBER 27 2014......SUNRISE   812 AM CST   SUNSET   515 PM CST
DECEMBER 28 2014......SUNRISE   812 AM CST   SUNSET   515 PM CST


-  INDICATES NEGATIVE NUMBERS.
R  INDICATES RECORD WAS SET OR TIED.
MM INDICATES DATA IS MISSING.
T  INDICATES TRACE AMOUNT.

$$
