000
CDUS43 KLBF 290941 RRB
CLIVTN

CLIMATE REPORT NATIONAL WEATHER SERVICE NORTH PLATTE

437 AM CDT WED JUL 29 2015


...................................

...THE VALENTINE NE CLIMATE SUMMARY FOR JULY 28 2015...

CLIMATE NORMAL PERIOD 1981 TO 2010
CLIMATE RECORD PERIOD 1885 TO 2015


WEATHER ITEM   OBSERVED TIME   RECORD YEAR NORMAL DEPARTURE LAST
                VALUE   (LST)  VALUE       VALUE  FROM      YEAR
                                                  NORMAL
..................................................................
TEMPERATURE (F)
 YESTERDAY
  MAXIMUM         85    308 PM 108    1933  89     -4       83
  MINIMUM         55   1159 PM  44    1971  61     -6       49
  AVERAGE         70                        75     -5       66

PRECIPITATION (IN)
  YESTERDAY        T             1.50 2000   0.10  -0.10     0.00
  MONTH TO DATE    3.25                      2.93   0.32     0.58
  SINCE JUN 1      6.67                      6.49   0.18     9.21
  SINCE JAN 1     16.06                     13.65   2.41    16.42

SNOWFALL (IN)
  YESTERDAY        0.0           0.0    MM   0.0    0.0      0.0
  MONTH TO DATE    0.0                       0.0    0.0      0.0
  SINCE JUN 1      0.0                       0.0    0.0      0.0
  SINCE JUL 1      0.0                       0.0    0.0      0.0
  SNOW DEPTH       0

DEGREE DAYS
 HEATING
  YESTERDAY        0                         0      0        0
  MONTH TO DATE    2                         2      0       19
  SINCE JUN 1     10                        63    -53       73
  SINCE JUL 1      2                         2      0       19

 COOLING
  YESTERDAY        5                        10     -5        1
  MONTH TO DATE  250                       272    -22      222
  SINCE JUN 1    390                       409    -19      333
  SINCE JAN 1    396                       443    -47      394
..................................................................


WIND (MPH)
  HIGHEST WIND SPEED    23   HIGHEST WIND DIRECTION     W (280)
  HIGHEST GUST SPEED    32   HIGHEST GUST DIRECTION     W (290)
  AVERAGE WIND SPEED    11.9


SKY COVER
  POSSIBLE SUNSHINE  MM
  AVERAGE SKY COVER 0.0


WEATHER CONDITIONS
 THE FOLLOWING WEATHER WAS RECORDED YESTERDAY.
  LIGHT RAIN


RELATIVE HUMIDITY (PERCENT)
 HIGHEST    87           300 AM
 LOWEST     18           400 PM
 AVERAGE    53

..........................................................


THE VALENTINE NE CLIMATE NORMALS FOR TODAY
                         NORMAL    RECORD    YEAR
 MAXIMUM TEMPERATURE (F)   89       110      1980
 MINIMUM TEMPERATURE (F)   61        42      1971


SUNRISE AND SUNSET
JULY 29 2015..........SUNRISE   630 AM CDT   SUNSET   907 PM CDT
JULY 30 2015..........SUNRISE   631 AM CDT   SUNSET   906 PM CDT


-  INDICATES NEGATIVE NUMBERS.
R  INDICATES RECORD WAS SET OR TIED.
MM INDICATES DATA IS MISSING.
T  INDICATES TRACE AMOUNT.




$$
