000
CDUS43 KLBF 221040
CLIVTN


CLIMATE REPORT
NATIONAL WEATHER SERVICE NORTH PLATTE
437 AM CST WED FEB 22 2017


...................................

...THE VALENTINE NE CLIMATE SUMMARY FOR FEBRUARY 21 2017...

CLIMATE NORMAL PERIOD 1981 TO 2010
CLIMATE RECORD PERIOD 1885 TO 2017


WEATHER ITEM   OBSERVED TIME   RECORD YEAR NORMAL DEPARTURE LAST
                VALUE   (LST)  VALUE       VALUE  FROM      YEAR
                                                  NORMAL
..................................................................
TEMPERATURE (F)
 YESTERDAY
  MAXIMUM         75    343 PM  76    1995  42     33       40
  MINIMUM         34    755 AM -15    1894  16     18       20
  AVERAGE         55                        29     26       30

PRECIPITATION (IN)
  YESTERDAY        0.00          0.30 2013   0.02  -0.02     0.00
  MONTH TO DATE    0.52                      0.32   0.20     0.16
  SINCE DEC 1      2.37                      0.95   1.42     1.72
  SINCE JAN 1      1.43                      0.58   0.85     0.68

SNOWFALL (IN)
  YESTERDAY        0.0           4.8  1993   0.2   -0.2      0.0
  MONTH TO DATE    6.4                       4.0    2.4      1.0
  SINCE DEC 1     23.3                      12.9   10.4     21.1
  SINCE JUL 1     29.6                      20.5    9.1     31.2
  SNOW DEPTH       0

DEGREE DAYS
 HEATING
  YESTERDAY       10                        36    -26       35
  MONTH TO DATE  650                       811   -161      635
  SINCE DEC 1   3368                      3371     -3     3172
  SINCE JUL 1   4474                      4989   -515     4465

 COOLING
  YESTERDAY        0                         0      0        0
  MONTH TO DATE    0                         0      0        0
  SINCE DEC 1      0                         0      0        0
  SINCE JAN 1      0                         0      0        0
..................................................................


WIND (MPH)
  HIGHEST WIND SPEED    35   HIGHEST WIND DIRECTION     W (270)
  HIGHEST GUST SPEED    41   HIGHEST GUST DIRECTION     W (280)
  AVERAGE WIND SPEED    14.0


SKY COVER
  POSSIBLE SUNSHINE  MM
  AVERAGE SKY COVER 0.0


WEATHER CONDITIONS
 THE FOLLOWING WEATHER WAS RECORDED YESTERDAY.
  NO SIGNIFICANT WEATHER WAS OBSERVED.


RELATIVE HUMIDITY (PERCENT)
 HIGHEST    64           200 AM
 LOWEST     17           500 PM
 AVERAGE    41

..........................................................


THE VALENTINE NE CLIMATE NORMALS FOR TODAY
                         NORMAL    RECORD    YEAR
 MAXIMUM TEMPERATURE (F)   42        78      1982
 MINIMUM TEMPERATURE (F)   16       -16      1993


SUNRISE AND SUNSET
FEBRUARY 22 2017......SUNRISE   729 AM CST   SUNSET   623 PM CST
FEBRUARY 23 2017......SUNRISE   727 AM CST   SUNSET   624 PM CST


-  INDICATES NEGATIVE NUMBERS.
R  INDICATES RECORD WAS SET OR TIED.
MM INDICATES DATA IS MISSING.
T  INDICATES TRACE AMOUNT.




$$
