000
CDUS43 KLBF 200930
CLIVTN


CLIMATE REPORT
NATIONAL WEATHER SERVICE NORTH PLATTE
429 AM CDT FRI OCT 20 2017


...................................

...THE VALENTINE NE CLIMATE SUMMARY FOR OCTOBER 19 2017...

CLIMATE NORMAL PERIOD 1981 TO 2010
CLIMATE RECORD PERIOD 1885 TO 2017


WEATHER ITEM   OBSERVED TIME   RECORD YEAR NORMAL DEPARTURE LAST
                VALUE   (LST)  VALUE       VALUE  FROM      YEAR
                                                  NORMAL
..................................................................
TEMPERATURE (F)
 YESTERDAY
  MAXIMUM         87    321 PM  91    1958  62     25       59
  MINIMUM         43    723 AM  13    1989  33     10       44
  AVERAGE         65                        47     18       52

PRECIPITATION (IN)
  YESTERDAY        0.00          1.71 1908   0.04  -0.04     0.54
  MONTH TO DATE    1.25                      0.86   0.39     1.88
  SINCE SEP 1      3.87                      2.50   1.37     3.40
  SINCE JAN 1     17.05                     18.61  -1.56    25.33

SNOWFALL (IN)
  YESTERDAY        0.0           3.3  1905   0.0    0.0      0.0
  MONTH TO DATE    0.0                       0.6   -0.6      3.0
  SINCE SEP 1      0.0                       1.3   -1.3      3.0
  SINCE JUL 1      0.0                       1.3   -1.3      3.0
  SNOW DEPTH       0

DEGREE DAYS
 HEATING
  YESTERDAY        0                        18    -18       13
  MONTH TO DATE  218                       273    -55      182
  SINCE SEP 1    335                       433    -98      291
  SINCE JUL 1    342                       458   -116      319

 COOLING
  YESTERDAY        0                         0      0        0
  MONTH TO DATE    0                         1     -1       14
  SINCE SEP 1    126                        82     44       81
  SINCE JAN 1   1060                       818    242      878
..................................................................


WIND (MPH)
  HIGHEST WIND SPEED    29   HIGHEST WIND DIRECTION    SW (210)
  HIGHEST GUST SPEED    35   HIGHEST GUST DIRECTION    SW (210)
  AVERAGE WIND SPEED    14.7


SKY COVER
  POSSIBLE SUNSHINE  MM
  AVERAGE SKY COVER 0.0


WEATHER CONDITIONS
 THE FOLLOWING WEATHER WAS RECORDED YESTERDAY.
  NO SIGNIFICANT WEATHER WAS OBSERVED.


RELATIVE HUMIDITY (PERCENT)
 HIGHEST    65          1200 AM
 LOWEST     15           400 PM
 AVERAGE    40

..........................................................


THE VALENTINE NE CLIMATE NORMALS FOR TODAY
                         NORMAL    RECORD    YEAR
 MAXIMUM TEMPERATURE (F)   61        91      1947
 MINIMUM TEMPERATURE (F)   32        10      1905


SUNRISE AND SUNSET
OCTOBER 20 2017.......SUNRISE   802 AM CDT   SUNSET   651 PM CDT
OCTOBER 21 2017.......SUNRISE   803 AM CDT   SUNSET   650 PM CDT


-  INDICATES NEGATIVE NUMBERS.
R  INDICATES RECORD WAS SET OR TIED.
MM INDICATES DATA IS MISSING.
T  INDICATES TRACE AMOUNT.




$$
