000
CDUS43 KLBF 062234
CLIVTN


CLIMATE REPORT
NATIONAL WEATHER SERVICE NORTH PLATTE
432 PM CST SAT FEB 6 2016


...................................

...THE VALENTINE NE CLIMATE SUMMARY FOR FEBRUARY 6 2016...
VALID TODAY AS OF 0400 PM LOCAL TIME.

CLIMATE NORMAL PERIOD 1981 TO 2010
CLIMATE RECORD PERIOD 1885 TO 2016


WEATHER ITEM   OBSERVED TIME   RECORD YEAR NORMAL DEPARTURE LAST
                VALUE   (LST)  VALUE       VALUE  FROM      YEAR
                                                  NORMAL
..................................................................
TEMPERATURE (F)
 TODAY
  MAXIMUM         47    331 PM  64    2015  38      9       64
                                      2009
  MINIMUM         19    158 AM -32    1936  13      6       32
                                      1905
  AVERAGE         33                        25      8       48

PRECIPITATION (IN)
  TODAY            0.00          0.25 1921   0.02  -0.02     0.00
  MONTH TO DATE    0.05                      0.08  -0.03     0.16
  SINCE DEC 1      1.61                      0.71   0.90     1.37
  SINCE JAN 1      0.57                      0.34   0.23     0.47

SNOWFALL (IN)
  TODAY            0.0           3.8  1921   0.2   -0.2      0.0
  MONTH TO DATE    1.0                       1.0    0.0      1.5
  SINCE DEC 1     21.1                       9.9   11.2     13.7
  SINCE JUL 1     31.2                      17.5   13.7     20.1
  SNOW DEPTH       1

DEGREE DAYS
 HEATING
  TODAY           32                        40     -8       17
  MONTH TO DATE  231                       240     -9      258
  SINCE DEC 1   2768                      2800    -32     2691
  SINCE JUL 1   4061                      4418   -357     4295

 COOLING
  TODAY            0                         0      0        0
  MONTH TO DATE    0                         0      0        0
  SINCE DEC 1      0                         0      0        0
  SINCE JAN 1      0                         0      0        0
..................................................................


WIND (MPH)
  HIGHEST WIND SPEED    23   HIGHEST WIND DIRECTION     W (270)
  HIGHEST GUST SPEED    29   HIGHEST GUST DIRECTION     W (270)
  AVERAGE WIND SPEED    11.6


SKY COVER
  POSSIBLE SUNSHINE  MM
  AVERAGE SKY COVER 0.0


WEATHER CONDITIONS
 THE FOLLOWING WEATHER WAS RECORDED TODAY.
  NO SIGNIFICANT WEATHER WAS OBSERVED.


RELATIVE HUMIDITY (PERCENT)
 HIGHEST    92           100 AM
 LOWEST     49          1200 PM
 AVERAGE    71

..........................................................


THE VALENTINE NE CLIMATE NORMALS FOR TOMORROW
                         NORMAL    RECORD    YEAR
 MAXIMUM TEMPERATURE (F)   38        73      2015
 MINIMUM TEMPERATURE (F)   13       -28      1914
                                             1895


SUNRISE AND SUNSET
FEBRUARY  6 2016......SUNRISE   752 AM CST   SUNSET   601 PM CST
FEBRUARY  7 2016......SUNRISE   751 AM CST   SUNSET   603 PM CST


-  INDICATES NEGATIVE NUMBERS.
R  INDICATES RECORD WAS SET OR TIED.
MM INDICATES DATA IS MISSING.
T  INDICATES TRACE AMOUNT.




$$
