000
CDUS43 KLBF 240841
CLIVTN


CLIMATE REPORT
NATIONAL WEATHER SERVICE NORTH PLATTE
340 AM CDT SAT JUN 24 2017


...................................

...THE VALENTINE NE CLIMATE SUMMARY FOR JUNE 23 2017...

CLIMATE NORMAL PERIOD 1981 TO 2010
CLIMATE RECORD PERIOD 1885 TO 2017


WEATHER ITEM   OBSERVED TIME   RECORD YEAR NORMAL DEPARTURE LAST
                VALUE   (LST)  VALUE       VALUE  FROM      YEAR
                                                  NORMAL
..................................................................
TEMPERATURE (F)
 YESTERDAY
  MAXIMUM         76    332 PM 107    1937  84     -8       87
  MINIMUM         47   1138 PM  42    1899  56     -9       54
  AVERAGE         62                        70     -8       71

PRECIPITATION (IN)
  YESTERDAY        T             0.73 1996   0.12  -0.12     0.00
  MONTH TO DATE    0.24                      2.78  -2.54     3.56
  SINCE JUN 1      0.24                      2.78  -2.54     3.56
  SINCE JAN 1      9.84                      9.94  -0.10    16.88

SNOWFALL (IN)
  YESTERDAY        0.0           0.0    MM   0.0    0.0      0.0
  MONTH TO DATE    0.0                       0.0    0.0      0.0
  SINCE JUN 1      0.0                       0.0    0.0      0.0
  SINCE JUL 1     44.5                      33.3   11.2     38.2
  SNOW DEPTH       0

DEGREE DAYS
 HEATING
  YESTERDAY        3                         1      2        0
  MONTH TO DATE    7                        54    -47       11
  SINCE JUN 1      7                        54    -47       11
  SINCE JUL 1   6241                      6996   -755     6161

 COOLING
  YESTERDAY        0                         6     -6        6
  MONTH TO DATE  169                        86     83      180
  SINCE JUN 1    169                        86     83      180
  SINCE JAN 1    192                       120     72      198
..................................................................


WIND (MPH)
  HIGHEST WIND SPEED    26   HIGHEST WIND DIRECTION    NW (330)
  HIGHEST GUST SPEED    34   HIGHEST GUST DIRECTION    NW (320)
  AVERAGE WIND SPEED    15.0


SKY COVER
  POSSIBLE SUNSHINE  MM
  AVERAGE SKY COVER 0.4


WEATHER CONDITIONS
 THE FOLLOWING WEATHER WAS RECORDED YESTERDAY.
  LIGHT RAIN


RELATIVE HUMIDITY (PERCENT)
 HIGHEST    55           700 AM
 LOWEST     20           500 PM
 AVERAGE    38

..........................................................


THE VALENTINE NE CLIMATE NORMALS FOR TODAY
                         NORMAL    RECORD    YEAR
 MAXIMUM TEMPERATURE (F)   84       110      1988
 MINIMUM TEMPERATURE (F)   57        41      1993


SUNRISE AND SUNSET
JUNE 24 2017..........SUNRISE   605 AM CDT   SUNSET   925 PM CDT
JUNE 25 2017..........SUNRISE   605 AM CDT   SUNSET   925 PM CDT


-  INDICATES NEGATIVE NUMBERS.
R  INDICATES RECORD WAS SET OR TIED.
MM INDICATES DATA IS MISSING.
T  INDICATES TRACE AMOUNT.




$$
