000
CDUS43 KLBF 160934
CLIVTN

CLIMATE REPORT
NATIONAL WEATHER SERVICE NORTH PLATTE
433 AM CDT WED APR 16 2014

...................................

...THE VALENTINE NE CLIMATE SUMMARY FOR APRIL 15 2014...

CLIMATE NORMAL PERIOD 1981 TO 2010
CLIMATE RECORD PERIOD 1885 TO 2014


WEATHER ITEM   OBSERVED TIME   RECORD YEAR NORMAL DEPARTURE LAST
                VALUE   (LST)  VALUE       VALUE  FROM      YEAR
                                                  NORMAL
..................................................................
TEMPERATURE (F)
 YESTERDAY
  MAXIMUM         68    436 PM  88    1985  60      8       39
                                      1971
                                      1898
  MINIMUM         20    106 AM  14    1905  33    -13       24
  AVERAGE         44                        46     -2       32

PRECIPITATION (IN)
  YESTERDAY        0.00          0.90 2012   0.07  -0.07     0.00
  MONTH TO DATE    0.43                      0.93  -0.50     1.13
  SINCE MAR 1      0.92                      2.00  -1.08     2.70
  SINCE JAN 1      1.58                      2.74  -1.16     3.93

SNOWFALL (IN)
  YESTERDAY        0.0           4.3  2011   0.2   -0.2      0.0
  MONTH TO DATE    3.3                       2.7    0.6      8.4
  SINCE MAR 1      8.3                       9.2   -0.9     18.6
  SINCE JUL 1     34.8                      31.3    3.5     46.2
  SNOW DEPTH       0

DEGREE DAYS
 HEATING
  YESTERDAY       21                        19      2       33
  MONTH TO DATE  328                       319      9      400
  SINCE MAR 1   1297                      1212     85     1352
  SINCE JUL 1   6775                      6448    327     6305

 COOLING
  YESTERDAY        0                         0      0        0
  MONTH TO DATE    0                         0      0        0
  SINCE MAR 1      0                         0      0        0
  SINCE JAN 1      0                         0      0        0
..................................................................


WIND (MPH)
  HIGHEST WIND SPEED    21   HIGHEST WIND DIRECTION     W (250)
  HIGHEST GUST SPEED    27   HIGHEST GUST DIRECTION    SW (240)
  AVERAGE WIND SPEED     9.6


SKY COVER
  POSSIBLE SUNSHINE  MM
  AVERAGE SKY COVER 0.0


WEATHER CONDITIONS
 THE FOLLOWING WEATHER WAS RECORDED YESTERDAY.
  NO SIGNIFICANT WEATHER WAS OBSERVED.


RELATIVE HUMIDITY (PERCENT)
 HIGHEST    77          1200 AM
 LOWEST     14           400 PM
 AVERAGE    46

..........................................................


THE VALENTINE NE CLIMATE NORMALS FOR TODAY
                         NORMAL    RECORD    YEAR
 MAXIMUM TEMPERATURE (F)   61        90      1964
                                             1958
 MINIMUM TEMPERATURE (F)   33        12      1951


SUNRISE AND SUNSET
APRIL 16 2014.........SUNRISE   659 AM CDT   SUNSET   826 PM CDT
APRIL 17 2014.........SUNRISE   657 AM CDT   SUNSET   827 PM CDT


-  INDICATES NEGATIVE NUMBERS.
R  INDICATES RECORD WAS SET OR TIED.
MM INDICATES DATA IS MISSING.
T  INDICATES TRACE AMOUNT.

$$
