000
CDUS43 KLBF 022239
CLIVTN

CLIMATE REPORT
NATIONAL WEATHER SERVICE NORTH PLATTE
437 PM CST MON MAR 2 2015


...................................

...THE VALENTINE NE CLIMATE SUMMARY FOR MARCH 2 2015...
VALID TODAY AS OF 0400 PM LOCAL TIME.

CLIMATE NORMAL PERIOD 1981 TO 2010
CLIMATE RECORD PERIOD 1885 TO 2015


WEATHER ITEM   OBSERVED TIME   RECORD YEAR NORMAL DEPARTURE LAST
                VALUE   (LST)  VALUE       VALUE  FROM      YEAR
                                                  NORMAL
..................................................................
TEMPERATURE (F)
 TODAY
  MAXIMUM         41    419 PM  76    1974  45     -4        5
  MINIMUM         14    347 AM -21    2014  19     -5      -21
  AVERAGE         28                        32     -4       -8

PRECIPITATION (IN)
  TODAY            0.00          1.22 1906   0.03  -0.03     0.00
  MONTH TO DATE    0.01                      0.05  -0.04     0.31
  SINCE MAR 1      0.01                      0.05  -0.04     0.31
  SINCE JAN 1      0.63                      0.79  -0.16     0.97

SNOWFALL (IN)
  TODAY            0.0          13.0  1906   0.2   -0.2      0.0
  MONTH TO DATE    T                         0.4   -0.4      3.5
  SINCE MAR 1      T                         0.4   -0.4      3.5
  SINCE JUL 1     21.7                      22.5   -0.8     30.0
  SNOW DEPTH       0

DEGREE DAYS
 HEATING
  TODAY           37                        33      4       73
  MONTH TO DATE   77                        67     10      138
  SINCE MAR 1     77                        67     10      138
  SINCE JUL 1   5203                      5303   -100     5616

 COOLING
  TODAY            0                         0      0        0
  MONTH TO DATE    0                         0      0        0
  SINCE MAR 1      0                         0      0        0
  SINCE JAN 1      0                         0      0        0
..................................................................


WIND (MPH)
  HIGHEST WIND SPEED    36   HIGHEST WIND DIRECTION     S (180)
  HIGHEST GUST SPEED    46   HIGHEST GUST DIRECTION     S (180)
  AVERAGE WIND SPEED    15.2


SKY COVER
  POSSIBLE SUNSHINE  MM
  AVERAGE SKY COVER 0.5


WEATHER CONDITIONS
 THE FOLLOWING WEATHER WAS RECORDED TODAY.
  NO SIGNIFICANT WEATHER WAS OBSERVED.


RELATIVE HUMIDITY (PERCENT)
 HIGHEST    80          1200 AM
 LOWEST     30           300 PM
 AVERAGE    55

..........................................................


THE VALENTINE NE CLIMATE NORMALS FOR TOMORROW
                         NORMAL    RECORD    YEAR
 MAXIMUM TEMPERATURE (F)   45        74      1992
 MINIMUM TEMPERATURE (F)   19       -22      1960


SUNRISE AND SUNSET
MARCH  2 2015.........SUNRISE   717 AM CST   SUNSET   633 PM CST
MARCH  3 2015.........SUNRISE   715 AM CST   SUNSET   634 PM CST


-  INDICATES NEGATIVE NUMBERS.
R  INDICATES RECORD WAS SET OR TIED.
MM INDICATES DATA IS MISSING.
T  INDICATES TRACE AMOUNT.

$$
