000
CDUS43 KLBF 230937 RRA
CLIVTN

CLIMATE REPORT
NATIONAL WEATHER SERVICE NORTH PLATTE
435 AM CDT TUE MAY 23 2017


...................................

...THE VALENTINE NE CLIMATE SUMMARY FOR MAY 22 2017...

CLIMATE NORMAL PERIOD 1981 TO 2010
CLIMATE RECORD PERIOD 1885 TO 2017


WEATHER ITEM   OBSERVED TIME   RECORD YEAR NORMAL DEPARTURE LAST
                VALUE   (LST)  VALUE       VALUE  FROM      YEAR
                                                  NORMAL
..................................................................
TEMPERATURE (F)
 YESTERDAY
  MAXIMUM         66    204 PM  95    2010  73     -7       81
  MINIMUM         42    516 AM  26    1963  47     -5       55
  AVERAGE         54                        60     -6       68

PRECIPITATION (IN)
  YESTERDAY        0.04          3.87 2016   0.11  -0.07     3.87
  MONTH TO DATE    4.98                      2.14   2.84     5.33
  SINCE MAR 1      7.10                      5.43   1.67    10.88
  SINCE JAN 1      9.17                      6.17   3.00    11.56

SNOWFALL (IN)
  YESTERDAY        0.0           0.0    MM   0.0    0.0      0.0
  MONTH TO DATE    0.0                       0.1   -0.1      0.0
  SINCE MAR 1      2.7                      11.2   -8.5      7.0
  SINCE JUL 1     44.5                      33.3   11.2     38.2
  SNOW DEPTH       0

DEGREE DAYS
 HEATING
  YESTERDAY       11                         7      4        0
  MONTH TO DATE  187                       213    -26      236
  SINCE MAR 1   1407                      1660   -253     1448
  SINCE JUL 1   6166                      6896   -730     6134

 COOLING
  YESTERDAY        0                         1     -1        3
  MONTH TO DATE   21                        19      2       11
  SINCE MAR 1     23                        23      0       14
  SINCE JAN 1     23                        23      0       14
..................................................................


WIND (MPH)
  HIGHEST WIND SPEED    25   HIGHEST WIND DIRECTION     N (360)
  HIGHEST GUST SPEED    33   HIGHEST GUST DIRECTION     N (360)
  AVERAGE WIND SPEED    10.9


SKY COVER
  POSSIBLE SUNSHINE  MM
  AVERAGE SKY COVER 0.4


WEATHER CONDITIONS
 THE FOLLOWING WEATHER WAS RECORDED YESTERDAY.
  THUNDERSTORM
  LIGHT RAIN


RELATIVE HUMIDITY (PERCENT)
 HIGHEST    89           400 AM
 LOWEST     42           100 PM
 AVERAGE    66

..........................................................


THE VALENTINE NE CLIMATE NORMALS FOR TODAY
                         NORMAL    RECORD    YEAR
 MAXIMUM TEMPERATURE (F)   73        99      1989
 MINIMUM TEMPERATURE (F)   47        28      2002


SUNRISE AND SUNSET
MAY 23 2017...........SUNRISE   612 AM CDT   SUNSET   907 PM CDT
MAY 24 2017...........SUNRISE   611 AM CDT   SUNSET   908 PM CDT


-  INDICATES NEGATIVE NUMBERS.
R  INDICATES RECORD WAS SET OR TIED.
MM INDICATES DATA IS MISSING.
T  INDICATES TRACE AMOUNT.




$$
