000
CDUS43 KLBF 200911
CLIVTN

CLIMATE REPORT
NATIONAL WEATHER SERVICE NORTH PLATTE
410 AM CDT SAT SEP 20 2014


...................................

...THE VALENTINE NE CLIMATE SUMMARY FOR SEPTEMBER 19 2014...

CLIMATE NORMAL PERIOD 1981 TO 2010
CLIMATE RECORD PERIOD 1885 TO 2014


WEATHER ITEM   OBSERVED TIME   RECORD YEAR NORMAL DEPARTURE LAST
                VALUE   (LST)  VALUE       VALUE  FROM      YEAR
                                                  NORMAL
..................................................................
TEMPERATURE (F)
 YESTERDAY
  MAXIMUM         90    346 PM 100    1984  76     14       70
  MINIMUM         57    640 AM  17    1991  46     11       42
  AVERAGE         74                        61     13       56

PRECIPITATION (IN)
  YESTERDAY        0.00          1.54 1996   0.05  -0.05     0.14
  MONTH TO DATE    0.65                      1.03  -0.38     0.65
  SINCE SEP 1      0.65                      1.03  -0.38     0.65
  SINCE JAN 1     19.69                     17.14   2.55    18.29

SNOWFALL (IN)
  YESTERDAY        0.0           T    1983   0.0    0.0      0.0
  MONTH TO DATE    0.0                       0.2   -0.2      0.0
  SINCE SEP 1      0.0                       0.2   -0.2      0.0
  SINCE JUL 1      0.0                       0.2   -0.2      0.0
  SNOW DEPTH       0

DEGREE DAYS
 HEATING
  YESTERDAY        0                         6     -6        9
  MONTH TO DATE  114                        69     45       24
  SINCE SEP 1    114                        69     45       24
  SINCE JUL 1    135                        94     41       27

 COOLING
  YESTERDAY        9                         2      7        0
  MONTH TO DATE   56                        70    -14      154
  SINCE SEP 1     56                        70    -14      154
  SINCE JAN 1    691                       806   -115      947
..................................................................


WIND (MPH)
  HIGHEST WIND SPEED    20   HIGHEST WIND DIRECTION    SW (210)
  HIGHEST GUST SPEED    26   HIGHEST GUST DIRECTION     S (200)
  AVERAGE WIND SPEED     7.3


SKY COVER
  POSSIBLE SUNSHINE  MM
  AVERAGE SKY COVER 0.1


WEATHER CONDITIONS
 THE FOLLOWING WEATHER WAS RECORDED YESTERDAY.
  FOG


RELATIVE HUMIDITY (PERCENT)
 HIGHEST   100           700 AM
 LOWEST     29           400 PM
 AVERAGE    65

..........................................................


THE VALENTINE NE CLIMATE NORMALS FOR TODAY
                         NORMAL    RECORD    YEAR
 MAXIMUM TEMPERATURE (F)   75        99      2010
 MINIMUM TEMPERATURE (F)   45        26      1918


SUNRISE AND SUNSET
SEPTEMBER 20 2014.....SUNRISE   727 AM CDT   SUNSET   743 PM CDT
SEPTEMBER 21 2014.....SUNRISE   728 AM CDT   SUNSET   741 PM CDT


-  INDICATES NEGATIVE NUMBERS.
R  INDICATES RECORD WAS SET OR TIED.
MM INDICATES DATA IS MISSING.
T  INDICATES TRACE AMOUNT.

$$
