000
CDUS46 KPQR 171141
CLIVUO


CLIMATE REPORT
NATIONAL WEATHER SERVICE PORTLAND OREGON
441 AM PDT WED SEP 17 2014


...................................

...THE VANCOUVER WA CLIMATE SUMMARY FOR SEPTEMBER 16 2014...

CLIMATE NORMAL PERIOD 1981 TO 2010
CLIMATE RECORD PERIOD 1891 TO 2014


WEATHER ITEM   OBSERVED TIME   RECORD YEAR NORMAL DEPARTURE LAST
                VALUE   (LST)  VALUE       VALUE  FROM      YEAR
                                                  NORMAL
..................................................................
TEMPERATURE (F)
 YESTERDAY
  MAXIMUM         74    331 PM  90    2008  76     -2       69
  MINIMUM         57    650 AM  36    1902  52      5       61
  AVERAGE         66                        64      2       65

PRECIPITATION (IN)
  YESTERDAY        T                         0.05  -0.05      T
  MONTH TO DATE    T                         0.53  -0.53     1.52
  SINCE OCT 1     27.76                     38.11 -10.35    36.61
  SINCE JAN 1     22.29                     22.36  -0.07    17.35

DEGREE DAYS
 HEATING
  YESTERDAY        0                                         0
  MONTH TO DATE    2                                         2
  SINCE JUL 1      5                                        15

 COOLING
  YESTERDAY        1                                         0
  MONTH TO DATE   40                                        74
  SINCE JAN 1    492                                       450
..................................................................


WIND (MPH)
  HIGHEST WIND SPEED     8   HIGHEST WIND DIRECTION    SW (220)
  HIGHEST GUST SPEED    12   HIGHEST GUST DIRECTION    SE (120)
  AVERAGE WIND SPEED     4.6


SKY COVER
  POSSIBLE SUNSHINE  MM
  AVERAGE SKY COVER 0.1


WEATHER CONDITIONS
 THE FOLLOWING WEATHER WAS RECORDED YESTERDAY.
  NO SIGNIFICANT WEATHER WAS OBSERVED.


RELATIVE HUMIDITY (PERCENT)
 HIGHEST    84          1100 PM
 LOWEST     49           200 PM
 AVERAGE    67

..........................................................




SUNRISE AND SUNSET
SEPTEMBER 17 2014.....SUNRISE   652 AM PDT   SUNSET   718 PM PDT
SEPTEMBER 18 2014.....SUNRISE   653 AM PDT   SUNSET   716 PM PDT


-  INDICATES NEGATIVE NUMBERS.
R  INDICATES RECORD WAS SET OR TIED.
MM INDICATES DATA IS MISSING.
T  INDICATES TRACE AMOUNT.




$$
