000
CDUS46 KPQR 171141
CLIVUO


CLIMATE REPORT
NATIONAL WEATHER SERVICE PORTLAND OREGON
340 AM PST SUN DEC 17 2017


...................................

...THE VANCOUVER WA CLIMATE SUMMARY FOR DECEMBER 16 2017...

CLIMATE NORMAL PERIOD 1981 TO 2010
CLIMATE RECORD PERIOD 1891 TO 2017


WEATHER ITEM   OBSERVED TIME   RECORD YEAR NORMAL DEPARTURE LAST
                VALUE   (LST)  VALUE       VALUE  FROM      YEAR
                                                  NORMAL
..................................................................
TEMPERATURE (F)
 YESTERDAY
  MAXIMUM         45    343 PM  59    1980  46     -1       38
  MINIMUM         34    138 AM  11    1922  34      0       23
  AVERAGE         40                        40      0       31

PRECIPITATION (IN)
  YESTERDAY        0.02                      0.23  -0.21     0.00
  MONTH TO DATE    0.41                      3.33  -2.92     2.73
  SINCE OCT 1     11.46                     12.31  -0.85    17.83
  SINCE JAN 1     43.14                     35.70   7.44    40.56

DEGREE DAYS
 HEATING
  YESTERDAY       25                                        34
  MONTH TO DATE  421                                       442
  SINCE JUL 1   1382                                      1230

 COOLING
  YESTERDAY        0                                         0
  MONTH TO DATE    0                                         0
  SINCE JAN 1    639                                       407
..................................................................


WIND (MPH)
  HIGHEST WIND SPEED     6   HIGHEST WIND DIRECTION     E (110)
  HIGHEST GUST SPEED     8   HIGHEST GUST DIRECTION    SE (120)
  AVERAGE WIND SPEED     1.6


SKY COVER
  POSSIBLE SUNSHINE  MM
  AVERAGE SKY COVER 1.0


WEATHER CONDITIONS
 THE FOLLOWING WEATHER WAS RECORDED YESTERDAY.
  LIGHT RAIN
  FOG


RELATIVE HUMIDITY (PERCENT)
 HIGHEST   100          1200 AM
 LOWEST     89          1000 AM
 AVERAGE    95

..........................................................




SUNRISE AND SUNSET
DECEMBER 17 2017......SUNRISE   746 AM PST   SUNSET   428 PM PST
DECEMBER 18 2017......SUNRISE   747 AM PST   SUNSET   428 PM PST


-  INDICATES NEGATIVE NUMBERS.
R  INDICATES RECORD WAS SET OR TIED.
MM INDICATES DATA IS MISSING.
T  INDICATES TRACE AMOUNT.




$$
