000
CDUS46 KPQR 241144
CLIVUO


CLIMATE REPORT
NATIONAL WEATHER SERVICE PORTLAND OREGON
443 AM PDT SAT JUN 24 2017


...................................

...THE VANCOUVER WA CLIMATE SUMMARY FOR JUNE 23 2017...

CLIMATE NORMAL PERIOD 1981 TO 2010
CLIMATE RECORD PERIOD 1891 TO 2017


WEATHER ITEM   OBSERVED TIME   RECORD YEAR NORMAL DEPARTURE LAST
                VALUE   (LST)  VALUE       VALUE  FROM      YEAR
                                                  NORMAL
..................................................................
TEMPERATURE (F)
 YESTERDAY
  MAXIMUM         90    350 PM  96    1992  75     15       66
  MINIMUM         54    445 AM  36    1985  54      0       53
  AVERAGE         72                        64      8       60

PRECIPITATION (IN)
  YESTERDAY        0.00                      0.04  -0.04     0.67
  MONTH TO DATE    1.24                      1.49  -0.25     1.42
  SINCE OCT 1     48.88                     35.82  13.06    44.77
  SINCE JAN 1     29.02                     20.07   8.95    20.92

DEGREE DAYS
 HEATING
  YESTERDAY        0                                         5
  MONTH TO DATE   69                                        80
  SINCE JUL 1   4499                                      3816

 COOLING
  YESTERDAY        7                                         0
  MONTH TO DATE   32                                        60
  SINCE JAN 1     72                                        84
..................................................................


WIND (MPH)
  HIGHEST WIND SPEED    14   HIGHEST WIND DIRECTION    NW (310)
  HIGHEST GUST SPEED    21   HIGHEST GUST DIRECTION    NW (320)
  AVERAGE WIND SPEED     6.1


SKY COVER
  POSSIBLE SUNSHINE  MM
  AVERAGE SKY COVER 0.0


WEATHER CONDITIONS
 THE FOLLOWING WEATHER WAS RECORDED YESTERDAY.
  NO SIGNIFICANT WEATHER WAS OBSERVED.


RELATIVE HUMIDITY (PERCENT)
 HIGHEST    66           500 AM
 LOWEST     24           200 PM
 AVERAGE    45

..........................................................




SUNRISE AND SUNSET
JUNE 24 2017..........SUNRISE   522 AM PDT   SUNSET   904 PM PDT
JUNE 25 2017..........SUNRISE   523 AM PDT   SUNSET   904 PM PDT


-  INDICATES NEGATIVE NUMBERS.
R  INDICATES RECORD WAS SET OR TIED.
MM INDICATES DATA IS MISSING.
T  INDICATES TRACE AMOUNT.




$$
