000
CDUS46 KPQR 241144
CLIVUO


CLIMATE REPORT
NATIONAL WEATHER SERVICE PORTLAND OREGON
443 AM PDT WED MAY 24 2017


...................................

...THE VANCOUVER WA CLIMATE SUMMARY FOR MAY 23 2017...

CLIMATE NORMAL PERIOD 1981 TO 2010
CLIMATE RECORD PERIOD 1891 TO 2017


WEATHER ITEM   OBSERVED TIME   RECORD YEAR NORMAL DEPARTURE LAST
                VALUE   (LST)  VALUE       VALUE  FROM      YEAR
                                                  NORMAL
..................................................................
TEMPERATURE (F)
 YESTERDAY
  MAXIMUM         85    137 PM  92    1947  70     15       67
  MINIMUM         52   1159 PM  36    1978  50      2       53
  AVERAGE         69                        60      9       60

PRECIPITATION (IN)
  YESTERDAY        0.00                      0.07  -0.07     0.01
  MONTH TO DATE    1.78                      1.94  -0.16     1.57
  SINCE OCT 1     47.63                     33.80  13.83    43.29
  SINCE JAN 1     27.77                     18.05   9.72    19.44

DEGREE DAYS
 HEATING
  YESTERDAY        0                                         5
  MONTH TO DATE  176                                       107
  SINCE JUL 1   4408                                      3698

 COOLING
  YESTERDAY        4                                         0
  MONTH TO DATE   26                                        15
  SINCE JAN 1     26                                        21
..................................................................


WIND (MPH)
  HIGHEST WIND SPEED    22   HIGHEST WIND DIRECTION    NW (310)
  HIGHEST GUST SPEED    31   HIGHEST GUST DIRECTION    NW (300)
  AVERAGE WIND SPEED     7.6


SKY COVER
  POSSIBLE SUNSHINE  MM
  AVERAGE SKY COVER 0.0


WEATHER CONDITIONS
 THE FOLLOWING WEATHER WAS RECORDED YESTERDAY.
  NO SIGNIFICANT WEATHER WAS OBSERVED.


RELATIVE HUMIDITY (PERCENT)
 HIGHEST    86           500 AM
 LOWEST     26           300 PM
 AVERAGE    56

..........................................................




SUNRISE AND SUNSET
MAY 24 2017...........SUNRISE   530 AM PDT   SUNSET   845 PM PDT
MAY 25 2017...........SUNRISE   529 AM PDT   SUNSET   846 PM PDT


-  INDICATES NEGATIVE NUMBERS.
R  INDICATES RECORD WAS SET OR TIED.
MM INDICATES DATA IS MISSING.
T  INDICATES TRACE AMOUNT.




$$
