339
CDUS46 KPQR 292321
CLIVUO


CLIMATE REPORT
NATIONAL WEATHER SERVICE PORTLAND OREGON
421 PM PDT WED MAR 29 2017


...................................

...THE VANCOUVER WA CLIMATE SUMMARY FOR MARCH 29 2017...
VALID TODAY AS OF 0400 PM LOCAL TIME.

CLIMATE NORMAL PERIOD 1981 TO 2010
CLIMATE RECORD PERIOD 1891 TO 2017


WEATHER ITEM   OBSERVED TIME   RECORD YEAR NORMAL DEPARTURE LAST
                VALUE   (LST)  VALUE       VALUE  FROM      YEAR
                                                  NORMAL
..................................................................
TEMPERATURE (F)
 TODAY
  MAXIMUM         57    259 PM  81    1923  59     -2       66
  MINIMUM         47   1258 AM  25    1977  41      6       32
  AVERAGE         52                        50      2       49

PRECIPITATION (IN)
  TODAY            0.19                      0.10   0.09     0.00
  MONTH TO DATE    7.02                      3.36   3.66     5.19
  SINCE OCT 1     41.57                     28.64  12.93    39.95
  SINCE JAN 1     21.71                     12.89   8.82    16.10

DEGREE DAYS
 HEATING
  TODAY           13                                        16
  MONTH TO DATE  490                                       470
  SINCE MAR 1    490                                       470
  SINCE JUL 1   3790                                      3300

 COOLING
  TODAY            0                                         0
  MONTH TO DATE    0                                         0
  SINCE MAR 1      0                                         0
  SINCE JAN 1      0                                         0
..................................................................


WIND (MPH)
  HIGHEST WIND SPEED    16   HIGHEST WIND DIRECTION    SE (150)
  HIGHEST GUST SPEED    27   HIGHEST GUST DIRECTION    SE (140)
  AVERAGE WIND SPEED     8.0


SKY COVER
  POSSIBLE SUNSHINE  MM
  AVERAGE SKY COVER 1.0


WEATHER CONDITIONS
 THE FOLLOWING WEATHER WAS RECORDED TODAY.
  LIGHT RAIN
  FOG


RELATIVE HUMIDITY (PERCENT)
 HIGHEST    93          1200 AM
 LOWEST     83           700 AM
 AVERAGE    88

..........................................................


THE VANCOUVER WA CLIMATE NORMALS FOR TOMORROW
                         NORMAL    RECORD    YEAR
 MAXIMUM TEMPERATURE (F)   59        78      2013
 MINIMUM TEMPERATURE (F)   41        24      1968


SUNRISE AND SUNSET
MARCH 29 2017.........SUNRISE   656 AM PDT   SUNSET   735 PM PDT
MARCH 30 2017.........SUNRISE   654 AM PDT   SUNSET   737 PM PDT


-  INDICATES NEGATIVE NUMBERS.
R  INDICATES RECORD WAS SET OR TIED.
MM INDICATES DATA IS MISSING.
T  INDICATES TRACE AMOUNT.




$$
