000
CDUS41 KAKQ 230545
CLIWAL


CLIMATE REPORT
NATIONAL WEATHER SERVICE WAKEFIELD, VA
145 AM EDT MON OCT 23 2017


...................................

...THE WALLOPS ISLAND VA CLIMATE SUMMARY FOR OCTOBER 22 2017...

CLIMATE NORMAL PERIOD 1981 TO 2010
CLIMATE RECORD PERIOD 1963 TO 2017


WEATHER ITEM   OBSERVED TIME   RECORD YEAR NORMAL DEPARTURE
                VALUE   (LST)  VALUE       VALUE  FROM
                                                  NORMAL
...............................................................
TEMPERATURE (F)
 YESTERDAY
  MAXIMUM         73   1217 PM  79    2001  66      7
                                      1975
  MINIMUM         50    614 AM  30    1974  48      2
  AVERAGE         62                        57      5

PRECIPITATION (IN)
  YESTERDAY        0.00          0.58        0.10  -0.10
  MONTH TO DATE    5.09                      2.22   2.87
  SINCE SEP 1      6.93                      6.20   0.73
  SINCE JAN 1     42.45                     33.59   8.86

SNOWFALL (IN)
  YESTERDAY        0.0           0.0    MM   0.0    0.0
  MONTH TO DATE    0.0                       0.0    0.0
  SINCE NOV 1     10.1                       7.9    2.2
  SINCE JUL 1      0.0                       0.0    0.0

DEGREE DAYS
 HEATING
  YESTERDAY        3                               -5
  MONTH TO DATE   63                              -62
  SINCE SEP 1     72                              -83
  SINCE JUL 1     72                              -84

 COOLING
  YESTERDAY        0                                0
  MONTH TO DATE   82                               54
  SINCE SEP 1    265                               73
  SINCE JAN 1   1416                              224
...............................................................


WIND (MPH)
  HIGHEST WIND SPEED     9   HIGHEST WIND DIRECTION    SE (140)
  HIGHEST GUST SPEED    19   HIGHEST GUST DIRECTION    SE (130)
  AVERAGE WIND SPEED     3.1




RELATIVE HUMIDITY (PERCENT)
 HIGHEST   100
 LOWEST     61
 AVERAGE    81

..........................................................


THE WALLOPS ISLAND VA CLIMATE NORMALS FOR TODAY
                         NORMAL    RECORD    YEAR
 MAXIMUM TEMPERATURE (F)   66        79      2007
 MINIMUM TEMPERATURE (F)   48        33      2003
                                             1997
                                             1976


SUNRISE AND SUNSET
OCTOBER 23 2017.......SUNRISE   718 AM EDT   SUNSET   613 PM EDT
OCTOBER 24 2017.......SUNRISE   719 AM EDT   SUNSET   612 PM EDT


-  INDICATES NEGATIVE NUMBERS.
R  INDICATES RECORD WAS SET OR TIED.
MM INDICATES DATA IS MISSING.
T  INDICATES TRACE AMOUNT.




$$
