000
CDUS41 KAKQ 032232
CLIWAL


CLIMATE REPORT
NATIONAL WEATHER SERVICE WAKEFIELD, VA
532 PM EST TUE MAR 3 2015


...................................

...THE WALLOPS ISLAND VA CLIMATE SUMMARY FOR MARCH 3 2015...
VALID TODAY AS OF 0500 PM LOCAL TIME.

CLIMATE NORMAL PERIOD 1981 TO 2010
CLIMATE RECORD PERIOD 1963 TO 2015


WEATHER ITEM   OBSERVED TIME   RECORD YEAR NORMAL DEPARTURE
                VALUE   (LST)  VALUE       VALUE  FROM
                                                  NORMAL
...............................................................
TEMPERATURE (F)
 TODAY
  MAXIMUM         36   1223 PM  70    1967  50    -14
  MINIMUM         27    532 AM  14    2009  33     -6
  AVERAGE         32

PRECIPITATION (IN)
  TODAY            T             1.18 1997   0.12  -0.12
  MONTH TO DATE    0.29                      0.36  -0.07
  SINCE MAR 1      0.29                      0.36  -0.07
  SINCE JAN 1      8.08                      6.16   1.92

SNOWFALL (IN)
  TODAY            0.0           2.5  1978
  MONTH TO DATE    T
  SINCE NOV 1     11.0
  SINCE JUL 1     11.0
  SNOW DEPTH       0

DEGREE DAYS
 HEATING
  TODAY           33

 COOLING
  TODAY            0
...............................................................


WIND (MPH)
  HIGHEST WIND SPEED    14   HIGHEST WIND DIRECTION     N (20)
  HIGHEST GUST SPEED    18   HIGHEST GUST DIRECTION     N (20)




RELATIVE HUMIDITY (PERCENT)
 HIGHEST    82
 LOWEST     58
 AVERAGE    70

..........................................................


THE WALLOPS ISLAND VA CLIMATE NORMALS FOR TOMORROW
                         NORMAL    RECORD    YEAR
 MAXIMUM TEMPERATURE (F)   51        74      2004
 MINIMUM TEMPERATURE (F)   33        14      2014
                                             1996


SUNRISE AND SUNSET
MARCH  3 2015.........SUNRISE   631 AM EST   SUNSET   557 PM EST
MARCH  4 2015.........SUNRISE   630 AM EST   SUNSET   558 PM EST


-  INDICATES NEGATIVE NUMBERS.
R  INDICATES RECORD WAS SET OR TIED.
MM INDICATES DATA IS MISSING.
T  INDICATES TRACE AMOUNT.




$$
