000
CDUS41 KAKQ 252236
CLIWAL


CLIMATE REPORT
NATIONAL WEATHER SERVICE WAKEFIELD, VA
536 PM EST THU DEC 25 2014


...................................

...THE WALLOPS ISLAND VA CLIMATE SUMMARY FOR DECEMBER 25 2014...
VALID TODAY AS OF 0500 PM LOCAL TIME.

CLIMATE NORMAL PERIOD 1981 TO 2010
CLIMATE RECORD PERIOD 1963 TO 2014


WEATHER ITEM   OBSERVED TIME   RECORD YEAR NORMAL DEPARTURE
                VALUE   (LST)  VALUE       VALUE  FROM
                                                  NORMAL
...............................................................
TEMPERATURE (F)
 TODAY
  MAXIMUM         66    419 AM  67    1974  47     19
  MINIMUM         50   1128 AM   9    1983  30     20
  AVERAGE         58

PRECIPITATION (IN)
  TODAY            T             1.73 2006   0.11  -0.11
  MONTH TO DATE    2.93                      2.84   0.09
  SINCE DEC 1      2.93                      2.84   0.09
  SINCE JAN 1     37.69                     40.25  -2.56

SNOWFALL (IN)
  TODAY            0.0           2.0  1981
  MONTH TO DATE    0.0
  SINCE NOV 1      0.0
  SINCE JUL 1      0.0
  SNOW DEPTH       0

DEGREE DAYS
 HEATING
  TODAY            7

 COOLING
  TODAY            0
...............................................................


WIND (MPH)
  HIGHEST WIND SPEED    23   HIGHEST WIND DIRECTION     W (270)
  HIGHEST GUST SPEED    32   HIGHEST GUST DIRECTION     W (260)




RELATIVE HUMIDITY (PERCENT)
 HIGHEST    93
 LOWEST     45
 AVERAGE    69

..........................................................


THE WALLOPS ISLAND VA CLIMATE NORMALS FOR TOMORROW
                         NORMAL    RECORD    YEAR
 MAXIMUM TEMPERATURE (F)   47        72      1982
 MINIMUM TEMPERATURE (F)   30         8      1983
                                             1980


SUNRISE AND SUNSET
DECEMBER 25 2014......SUNRISE   716 AM EST   SUNSET   448 PM EST
DECEMBER 26 2014......SUNRISE   716 AM EST   SUNSET   449 PM EST


-  INDICATES NEGATIVE NUMBERS.
R  INDICATES RECORD WAS SET OR TIED.
MM INDICATES DATA IS MISSING.
T  INDICATES TRACE AMOUNT.




$$
