000
CDUS41 KAKQ 300529
CLIWAL


CLIMATE REPORT
NATIONAL WEATHER SERVICE WAKEFIELD, VA
129 AM EDT SAT APR 30 2016


...................................

...THE WALLOPS ISLAND VA CLIMATE SUMMARY FOR APRIL 29 2016...

CLIMATE NORMAL PERIOD 1981 TO 2010
CLIMATE RECORD PERIOD 1963 TO 2016


WEATHER ITEM   OBSERVED TIME   RECORD YEAR NORMAL DEPARTURE
                VALUE   (LST)  VALUE       VALUE  FROM
                                                  NORMAL
...............................................................
TEMPERATURE (F)
 YESTERDAY
  MAXIMUM         57    201 PM  90    1974  67    -10
  MINIMUM         50    448 AM  38    1993  49      1
  AVERAGE         54                        58     -4

PRECIPITATION (IN)
  YESTERDAY        T             1.53        0.09  -0.09
  MONTH TO DATE    1.68                      2.99  -1.31
  SINCE MAR 1      3.55                      6.99  -3.44
  SINCE JAN 1     10.73                     12.79  -2.06

SNOWFALL (IN)
  YESTERDAY        0.0           0.0    MM   0.0    0.0
  MONTH TO DATE    0.6                       0.1    0.5
  SINCE NOV 1     12.3                       7.9    4.4
  SINCE JUL 1     12.3                       7.9    4.4

DEGREE DAYS
 HEATING
  YESTERDAY       11                                3
  MONTH TO DATE  343                                7
  SINCE MAR 1    762                             -193
  SINCE JUL 1   3178                             -857

 COOLING
  YESTERDAY        0                               -1
  MONTH TO DATE   13                                6
  SINCE MAR 1     16                                8
  SINCE JAN 1     16                                8
...............................................................


WIND (MPH)
  HIGHEST WIND SPEED    21   HIGHEST WIND DIRECTION    NE (40)
  HIGHEST GUST SPEED    28   HIGHEST GUST DIRECTION    NE (40)
  AVERAGE WIND SPEED    10.1




RELATIVE HUMIDITY (PERCENT)
 HIGHEST    96
 LOWEST     80
 AVERAGE    88

..........................................................


THE WALLOPS ISLAND VA CLIMATE NORMALS FOR TODAY
                         NORMAL    RECORD    YEAR
 MAXIMUM TEMPERATURE (F)   67        84      2007
 MINIMUM TEMPERATURE (F)   49        38      1992


SUNRISE AND SUNSET
APRIL 30 2016.........SUNRISE   606 AM EDT   SUNSET   752 PM EDT
MAY  1 2016...........SUNRISE   605 AM EDT   SUNSET   753 PM EDT


-  INDICATES NEGATIVE NUMBERS.
R  INDICATES RECORD WAS SET OR TIED.
MM INDICATES DATA IS MISSING.
T  INDICATES TRACE AMOUNT.




$$
