000
CDUS41 KAKQ 280832
CLIWAL


CLIMATE REPORT
NATIONAL WEATHER SERVICE WAKEFIELD, VA
330 AM EST FRI NOV 28 2014


...................................

...THE WALLOPS ISLAND VA CLIMATE SUMMARY FOR NOVEMBER 27 2014...

CLIMATE NORMAL PERIOD 1981 TO 2010
CLIMATE RECORD PERIOD 1963 TO 2014


WEATHER ITEM   OBSERVED TIME   RECORD YEAR NORMAL DEPARTURE
                VALUE   (LST)  VALUE       VALUE  FROM
                                                  NORMAL
...............................................................
TEMPERATURE (F)
 YESTERDAY
  MAXIMUM         46   1252 PM  73    1985  55     -9
  MINIMUM         31   1159 PM  20    1974  37     -6
  AVERAGE         39                        46     -7

PRECIPITATION (IN)
  YESTERDAY        0.01          0.96        0.10  -0.09
  MONTH TO DATE    3.13                      2.57   0.56
  SINCE SEP 1      9.17                      9.72  -0.55
  SINCE JAN 1     34.76                     37.11  -2.35

SNOWFALL (IN)
  YESTERDAY        0.0           0.0    MM   0.0    0.0
  MONTH TO DATE    0.0                       0.1   -0.1
  SINCE NOV 1      0.0                       0.1   -0.1
  SINCE JUL 1      0.0                       0.1   -0.1

DEGREE DAYS
 HEATING
  YESTERDAY       26                                7
  MONTH TO DATE  501                               99
  SINCE SEP 1    620                              -24
  SINCE JUL 1    620                              -25

 COOLING
  YESTERDAY        0                                0
  MONTH TO DATE    0                                0
  SINCE SEP 1    255                               60
  SINCE JAN 1   1352                              157
...............................................................


WIND (MPH)
  HIGHEST WIND SPEED    13   HIGHEST WIND DIRECTION     N (350)
  HIGHEST GUST SPEED    18   HIGHEST GUST DIRECTION    NW (310)
  AVERAGE WIND SPEED     6.2




RELATIVE HUMIDITY (PERCENT)
 HIGHEST    92
 LOWEST     70
 AVERAGE    81

..........................................................


THE WALLOPS ISLAND VA CLIMATE NORMALS FOR TODAY
                         NORMAL    RECORD    YEAR
 MAXIMUM TEMPERATURE (F)   54        73      1995
 MINIMUM TEMPERATURE (F)   37        24      1974


SUNRISE AND SUNSET
NOVEMBER 28 2014......SUNRISE   656 AM EST   SUNSET   444 PM EST
NOVEMBER 29 2014......SUNRISE   657 AM EST   SUNSET   443 PM EST


-  INDICATES NEGATIVE NUMBERS.
R  INDICATES RECORD WAS SET OR TIED.
MM INDICATES DATA IS MISSING.
T  INDICATES TRACE AMOUNT.




$$
