000
CDUS41 KAKQ 300529
CLIWAL


CLIMATE REPORT
NATIONAL WEATHER SERVICE WAKEFIELD, VA
129 AM EDT SUN APR 30 2017


...................................

...THE WALLOPS ISLAND VA CLIMATE SUMMARY FOR APRIL 29 2017...

CLIMATE NORMAL PERIOD 1981 TO 2010
CLIMATE RECORD PERIOD 1963 TO 2017


WEATHER ITEM   OBSERVED TIME   RECORD YEAR NORMAL DEPARTURE
                VALUE   (LST)  VALUE       VALUE  FROM
                                                  NORMAL
...............................................................
TEMPERATURE (F)
 YESTERDAY
  MAXIMUM         86    342 PM  90    1974  67     19
  MINIMUM         69   1028 PM  38    1993  49     20
  AVERAGE         78                        58     20

PRECIPITATION (IN)
  YESTERDAY        0.00          1.53        0.09  -0.09
  MONTH TO DATE    2.31                      2.99  -0.68
  SINCE MAR 1      5.69                      6.99  -1.30
  SINCE JAN 1     11.89                     12.79  -0.90

SNOWFALL (IN)
  YESTERDAY        0.0           0.0    MM   0.0    0.0
  MONTH TO DATE    0.0                       0.1   -0.1
  SINCE NOV 1     10.1                       7.9    2.2
  SINCE JUL 1     10.1                       7.9    2.2

DEGREE DAYS
 HEATING
  YESTERDAY        0                               -8
  MONTH TO DATE  176                             -160
  SINCE MAR 1    790                             -165
  SINCE JUL 1   3366                             -669

 COOLING
  YESTERDAY       13                               12
  MONTH TO DATE   44                               37
  SINCE MAR 1     46                               38
  SINCE JAN 1     46                               38
...............................................................


WIND (MPH)
  HIGHEST WIND SPEED    20   HIGHEST WIND DIRECTION     W (250)
  HIGHEST GUST SPEED    28   HIGHEST GUST DIRECTION     W (270)
  AVERAGE WIND SPEED    10.8




RELATIVE HUMIDITY (PERCENT)
 HIGHEST   100
 LOWEST     65
 AVERAGE    83

..........................................................


THE WALLOPS ISLAND VA CLIMATE NORMALS FOR TODAY
                         NORMAL    RECORD    YEAR
 MAXIMUM TEMPERATURE (F)   67        84      2007
 MINIMUM TEMPERATURE (F)   49        38      1992


SUNRISE AND SUNSET
APRIL 30 2017.........SUNRISE   607 AM EDT   SUNSET   752 PM EDT
MAY  1 2017...........SUNRISE   606 AM EDT   SUNSET   753 PM EDT


-  INDICATES NEGATIVE NUMBERS.
R  INDICATES RECORD WAS SET OR TIED.
MM INDICATES DATA IS MISSING.
T  INDICATES TRACE AMOUNT.




$$
