000
CDUS46 KLOX 290909
CLIWJF


CLIMATE REPORT
NATIONAL WEATHER SERVICE LOS ANGELES/OXNARD CA
209 AM PDT MON AUG 29 2016


...................................

...THE LANCASTER FOX FIELD CA CLIMATE SUMMARY FOR AUGUST 28 2016...

CLIMATE NORMAL PERIOD 1981 TO 2010
CLIMATE RECORD PERIOD 1948 TO 2016


WEATHER ITEM   OBSERVED TIME   RECORD YEAR NORMAL DEPARTURE
                VALUE   (LST)  VALUE       VALUE  FROM
                                                  NORMAL
...............................................................
TEMPERATURE (F)
 YESTERDAY
  MAXIMUM        101    314 PM 107    2008  96      5
                                      2005
  MINIMUM         62    546 AM  50    1960  62      0
  AVERAGE         82                        79      3

PRECIPITATION (IN)
  YESTERDAY        0.00          0.06 2000   0.00   0.00
  MONTH TO DATE    0.00                      0.09  -0.09
  SINCE OCT 1      3.82                      7.22  -3.40
  SINCE JAN 1      2.53                      5.09  -2.56

SNOWFALL (IN)
  YESTERDAY        0.0           0.0    MM
  MONTH TO DATE    0.0
  SINCE JUN 1      0.0
  SINCE JUL 1      0.0
  SNOW DEPTH       0

DEGREE DAYS
 HEATING
  YESTERDAY        0                                0
  MONTH TO DATE    0                                0
  SINCE JUN 1      0                               -8
  SINCE JUL 1      0                                0

 COOLING
  YESTERDAY       17                                3
  MONTH TO DATE  492                               41
  SINCE JUN 1   1638                              310
  SINCE JAN 1   1806                              289
...............................................................


WIND (MPH)
  HIGHEST WIND SPEED    25   HIGHEST WIND DIRECTION     W (260)
  HIGHEST GUST SPEED    29   HIGHEST GUST DIRECTION     W (260)
  AVERAGE WIND SPEED     8.1




RELATIVE HUMIDITY (PERCENT)
 HIGHEST    43
 LOWEST      9
 AVERAGE    26

..........................................................


THE LANCASTER FOX FIELD CA CLIMATE NORMALS FOR TODAY
                         NORMAL    RECORD    YEAR
 MAXIMUM TEMPERATURE (F)   96       107      1998
 MINIMUM TEMPERATURE (F)   62        50      1953


SUNRISE AND SUNSET
AUGUST 29 2016........SUNRISE   624 AM PDT   SUNSET   723 PM PDT
AUGUST 30 2016........SUNRISE   625 AM PDT   SUNSET   721 PM PDT


-  INDICATES NEGATIVE NUMBERS.
R  INDICATES RECORD WAS SET OR TIED.
MM INDICATES DATA IS MISSING.
T  INDICATES TRACE AMOUNT.




$$
