000
CDUS46 KLOX 050902
CLIWJF


CLIMATE REPORT
NATIONAL WEATHER SERVICE LOS ANGELES/OXNARD CA
102 AM PST FRI FEB 5 2016


...................................

...THE LANCASTER FOX FIELD CA CLIMATE SUMMARY FOR FEBRUARY 4 2016...

CLIMATE NORMAL PERIOD 1981 TO 2010
CLIMATE RECORD PERIOD 1948 TO 2016


WEATHER ITEM   OBSERVED TIME   RECORD YEAR NORMAL DEPARTURE
                VALUE   (LST)  VALUE       VALUE  FROM
                                                  NORMAL
...............................................................
TEMPERATURE (F)
 YESTERDAY
  MAXIMUM         56    403 PM  76    2015  60     -4
  MINIMUM         23    707 AM  11    1979  33    -10
  AVERAGE         40                        47     -7

PRECIPITATION (IN)
  YESTERDAY        0.00          0.74 1958   0.05  -0.05
  MONTH TO DATE    T                         0.23  -0.23
  SINCE OCT 1      3.02                      3.86  -0.84
  SINCE JAN 1      1.73                      1.73   0.00

SNOWFALL (IN)
  YESTERDAY        0.0           T    1990
  MONTH TO DATE    0.0
  SINCE DEC 1      0.0
  SINCE JUL 1      0.0
  SNOW DEPTH       0

DEGREE DAYS
 HEATING
  YESTERDAY       25                                7
  MONTH TO DATE  105                               31
  SINCE DEC 1   1385                               31
  SINCE JUL 1   1965                               66

 COOLING
  YESTERDAY        0                                0
  MONTH TO DATE    0                                0
  SINCE DEC 1      0                                0
  SINCE JAN 1      0                                0
...............................................................


WIND (MPH)
  HIGHEST WIND SPEED    14   HIGHEST WIND DIRECTION    NE (60)
  HIGHEST GUST SPEED    16   HIGHEST GUST DIRECTION    NE (60)
  AVERAGE WIND SPEED     4.0




RELATIVE HUMIDITY (PERCENT)
 HIGHEST    81
 LOWEST     24
 AVERAGE    53

..........................................................


THE LANCASTER FOX FIELD CA CLIMATE NORMALS FOR TODAY
                         NORMAL    RECORD    YEAR
 MAXIMUM TEMPERATURE (F)   60        81      2001
 MINIMUM TEMPERATURE (F)   33        17      1979


SUNRISE AND SUNSET
FEBRUARY  5 2016......SUNRISE   648 AM PST   SUNSET   526 PM PST
FEBRUARY  6 2016......SUNRISE   647 AM PST   SUNSET   527 PM PST


-  INDICATES NEGATIVE NUMBERS.
R  INDICATES RECORD WAS SET OR TIED.
MM INDICATES DATA IS MISSING.
T  INDICATES TRACE AMOUNT.




$$
