000
CDUS46 KLOX 260121
CLIWJF


CLIMATE REPORT
NATIONAL WEATHER SERVICE LOS ANGELES/OXNARD CA
621 PM PDT TUE JUL 25 2017


...................................

...THE LANCASTER CLIMATE SUMMARY FOR JULY 25 2017...
VALID TODAY AS OF 0600 PM LOCAL TIME.

CLIMATE NORMAL PERIOD 1981 TO 2010
CLIMATE RECORD PERIOD 1948 TO 2017


WEATHER ITEM   OBSERVED TIME   RECORD YEAR NORMAL DEPARTURE LAST
                VALUE   (LST)  VALUE       VALUE  FROM      YEAR
                                                  NORMAL
..................................................................
TEMPERATURE (F)
 TODAY
  MAXIMUM         96    249 PM 110    2006  99     -3      102
                                      1975
  MINIMUM         73    207 AM  55    1995  67      6       76
  AVERAGE         85                        83      2       89

PRECIPITATION (IN)
  TODAY            0.00          T    2013   0.01  -0.01     0.00
  MONTH TO DATE    T                         0.08  -0.08     0.00
  SINCE OCT 1      6.51                      7.12  -0.61     3.82
  SINCE JAN 1      4.52                      4.99  -0.47     2.53

SNOWFALL (IN)
  TODAY            0.0           0.0    MM   0.0             0.0
  MONTH TO DATE    0.0                       0.0             0.0
  SINCE JUN 1      0.0                       0.0             0.0
  SINCE JUL 1      0.0                       0.0             0.0
  SNOW DEPTH       0

DEGREE DAYS
 HEATING
  TODAY            0                         0      0        0
  MONTH TO DATE    0                         0      0        0
  SINCE JUN 1      9                         8      1        0
  SINCE JUL 1      0                         0      0        0

 COOLING
  TODAY           20                        18      2       24
  MONTH TO DATE  560                       430    130      455
  SINCE JUN 1   1035                       771    264      989
  SINCE JAN 1   1196                       960    236     1157
..................................................................


WIND (MPH)
  HIGHEST WIND SPEED    23   HIGHEST WIND DIRECTION    SW (240)
  HIGHEST GUST SPEED    30   HIGHEST GUST DIRECTION    SW (240)
  AVERAGE WIND SPEED    14.6


SKY COVER
  POSSIBLE SUNSHINE  MM
  AVERAGE SKY COVER 0.3


WEATHER CONDITIONS
 THE FOLLOWING WEATHER WAS RECORDED TODAY.
  NO SIGNIFICANT WEATHER WAS OBSERVED.


RELATIVE HUMIDITY (PERCENT)
 HIGHEST    38          1200 AM
 LOWEST     22           500 AM
 AVERAGE    30

..........................................................


THE LANCASTER CLIMATE NORMALS FOR TOMORROW
                         NORMAL    RECORD    YEAR
 MAXIMUM TEMPERATURE (F)   99       109      1975
 MINIMUM TEMPERATURE (F)   67        53      1987


SUNRISE AND SUNSET
JULY 25 2017..........SUNRISE   558 AM PDT   SUNSET   800 PM PDT
JULY 26 2017..........SUNRISE   559 AM PDT   SUNSET   800 PM PDT


-  INDICATES NEGATIVE NUMBERS.
R  INDICATES RECORD WAS SET OR TIED.
MM INDICATES DATA IS MISSING.
T  INDICATES TRACE AMOUNT.




$$
