272
CDUS46 KLOX 281246
CLIWJF


CLIMATE REPORT
NATIONAL WEATHER SERVICE LOS ANGELES/OXNARD CA
546 AM PDT WED SEP 28 2016


...................................

...THE LANCASTER FOX FIELD CA CLIMATE SUMMARY FOR SEPTEMBER 27 2016...

CLIMATE NORMAL PERIOD 1981 TO 2010
CLIMATE RECORD PERIOD 1948 TO 2016


WEATHER ITEM   OBSERVED TIME   RECORD YEAR NORMAL DEPARTURE
                VALUE   (LST)  VALUE       VALUE  FROM
                                                  NORMAL
...............................................................
TEMPERATURE (F)
 YESTERDAY
  MAXIMUM         92    329 PM 103    2010  87      5
                                      2003
  MINIMUM         51    518 AM  30    1948  53     -2
  AVERAGE         72                        70      2

PRECIPITATION (IN)
  YESTERDAY        0.00          0.00   MM   0.01  -0.01
  MONTH TO DATE    0.00                      0.13  -0.13
  SINCE OCT 1      3.82                      7.36  -3.54
  SINCE JAN 1      2.53                      5.23  -2.70

SNOWFALL (IN)
  YESTERDAY        0.0           0.0    MM
  MONTH TO DATE    0.0
  SINCE SEP 1      0.0
  SINCE JUL 1      0.0
  SNOW DEPTH       0

DEGREE DAYS
 HEATING
  YESTERDAY        0                               -1
  MONTH TO DATE    2                               -4
  SINCE SEP 1      2                               -4
  SINCE JUL 1      2                               -4

 COOLING
  YESTERDAY        7                                1
  MONTH TO DATE  210                              -46
  SINCE SEP 1    210                              -46
  SINCE JAN 1   2072                              257
...............................................................


WIND (MPH)
  HIGHEST WIND SPEED    17   HIGHEST WIND DIRECTION    NE (50)
  HIGHEST GUST SPEED    28   HIGHEST GUST DIRECTION    NE (50)
  AVERAGE WIND SPEED     5.3




RELATIVE HUMIDITY (PERCENT)
 HIGHEST    36
 LOWEST     14
 AVERAGE    25

..........................................................


THE LANCASTER FOX FIELD CA CLIMATE NORMALS FOR TODAY
                         NORMAL    RECORD    YEAR
 MAXIMUM TEMPERATURE (F)   86       102      2010
 MINIMUM TEMPERATURE (F)   52        37      2013
                                             1971


SUNRISE AND SUNSET
SEPTEMBER 28 2016.....SUNRISE   646 AM PDT   SUNSET   640 PM PDT
SEPTEMBER 29 2016.....SUNRISE   646 AM PDT   SUNSET   639 PM PDT


-  INDICATES NEGATIVE NUMBERS.
R  INDICATES RECORD WAS SET OR TIED.
MM INDICATES DATA IS MISSING.
T  INDICATES TRACE AMOUNT.




$$
