000
CDUS46 KLOX 250906
CLIWJF


CLIMATE REPORT
NATIONAL WEATHER SERVICE LOS ANGELES/OXNARD CA
106 AM PST SAT NOV 25 2017


...................................

...THE LANCASTER FOX FIELD CA CLIMATE SUMMARY FOR NOVEMBER 24 2017...

CLIMATE NORMAL PERIOD 1981 TO 2010
CLIMATE RECORD PERIOD 1948 TO 2017


WEATHER ITEM   OBSERVED TIME   RECORD YEAR NORMAL DEPARTURE
                VALUE   (LST)  VALUE       VALUE  FROM
                                                  NORMAL
...............................................................
TEMPERATURE (F)
 YESTERDAY
  MAXIMUM         87R   116 PM  81    1949  63     24
  MINIMUM         47    230 AM  20    2003  33     14
  AVERAGE         67                        48     19

PRECIPITATION (IN)
  YESTERDAY        0.00          0.43 1985   0.02  -0.02
  MONTH TO DATE    0.02                      0.41  -0.39
  SINCE OCT 1      0.02                      0.85  -0.83
  SINCE JAN 1      4.64                      6.10  -1.46

SNOWFALL (IN)
  YESTERDAY        0.0           0.0    MM
  MONTH TO DATE    0.0
  SINCE SEP 1      0.0
  SINCE JUL 1      0.0
  SNOW DEPTH       0

DEGREE DAYS
 HEATING
  YESTERDAY        0                              -17
  MONTH TO DATE  176                             -125
  SINCE SEP 1    284                             -153
  SINCE JUL 1    284                             -153

 COOLING
  YESTERDAY        2                                2
  MONTH TO DATE    2                                2
  SINCE SEP 1    312                              -10
  SINCE JAN 1   2216                              335
...............................................................


WIND (MPH)
  HIGHEST WIND SPEED    23   HIGHEST WIND DIRECTION     W (280)
  HIGHEST GUST SPEED    26   HIGHEST GUST DIRECTION     W (270)
  AVERAGE WIND SPEED     9.2




RELATIVE HUMIDITY (PERCENT)
 HIGHEST    52
 LOWEST     14
 AVERAGE    33

..........................................................


THE LANCASTER FOX FIELD CA CLIMATE NORMALS FOR TODAY
                         NORMAL    RECORD    YEAR
 MAXIMUM TEMPERATURE (F)   63        83      1949
 MINIMUM TEMPERATURE (F)   33        18      1993


SUNRISE AND SUNSET
NOVEMBER 25 2017......SUNRISE   637 AM PST   SUNSET   443 PM PST
NOVEMBER 26 2017......SUNRISE   638 AM PST   SUNSET   443 PM PST


-  INDICATES NEGATIVE NUMBERS.
R  INDICATES RECORD WAS SET OR TIED.
MM INDICATES DATA IS MISSING.
T  INDICATES TRACE AMOUNT.




$$
