000
CDUS46 KLOX 220901
CLIWJF


CLIMATE REPORT
NATIONAL WEATHER SERVICE LOS ANGELES/OXNARD CA
101 AM PST THU FEB 22 2018


...................................

...THE LANCASTER FOX FIELD CA CLIMATE SUMMARY FOR FEBRUARY 21 2018...

CLIMATE NORMAL PERIOD 1981 TO 2010
CLIMATE RECORD PERIOD 1948 TO 2018


WEATHER ITEM   OBSERVED TIME   RECORD YEAR NORMAL DEPARTURE
                VALUE   (LST)  VALUE       VALUE  FROM
                                                  NORMAL
...............................................................
TEMPERATURE (F)
 YESTERDAY
  MAXIMUM         52    316 PM  77    2016  63    -11
                                      1965
  MINIMUM         23    654 AM  13    1953  36    -13
  AVERAGE         38                        49    -11

PRECIPITATION (IN)
  YESTERDAY        0.00          0.58 1996   0.07  -0.07
  MONTH TO DATE    0.01                      1.37  -1.36
  SINCE OCT 1      0.98                      5.00  -4.02
  SINCE JAN 1      0.96                      2.87  -1.91

SNOWFALL (IN)
  YESTERDAY        0.0           0.0    MM
  MONTH TO DATE    0.0
  SINCE DEC 1      0.0
  SINCE JUL 1      0.0
  SNOW DEPTH       0

DEGREE DAYS
 HEATING
  YESTERDAY       27                               11
  MONTH TO DATE  327                              -37
  SINCE DEC 1   1451                             -193
  SINCE JUL 1   1813                             -376

 COOLING
  YESTERDAY        0                                0
  MONTH TO DATE    0                                0
  SINCE DEC 1      0                                0
  SINCE JAN 1      0                                0
...............................................................


WIND (MPH)
  HIGHEST WIND SPEED    23   HIGHEST WIND DIRECTION     W (270)
  HIGHEST GUST SPEED    29   HIGHEST GUST DIRECTION     W (270)
  AVERAGE WIND SPEED     8.1




RELATIVE HUMIDITY (PERCENT)
 HIGHEST    50
 LOWEST     17
 AVERAGE    34

..........................................................


THE LANCASTER FOX FIELD CA CLIMATE NORMALS FOR TODAY
                         NORMAL    RECORD    YEAR
 MAXIMUM TEMPERATURE (F)   63        76      2012
                                             2002
 MINIMUM TEMPERATURE (F)   36        14      1953


SUNRISE AND SUNSET
FEBRUARY 22 2018......SUNRISE   630 AM PST   SUNSET   543 PM PST
FEBRUARY 23 2018......SUNRISE   629 AM PST   SUNSET   543 PM PST


-  INDICATES NEGATIVE NUMBERS.
R  INDICATES RECORD WAS SET OR TIED.
MM INDICATES DATA IS MISSING.
T  INDICATES TRACE AMOUNT.




$$
