539
CDUS46 KLOX 160912
CLIWJF


CLIMATE REPORT
NATIONAL WEATHER SERVICE LOS ANGELES/OXNARD CA
112 AM PST MON JAN 16 2017


...................................

...THE LANCASTER FOX FIELD CA CLIMATE SUMMARY FOR JANUARY 15 2017...

CLIMATE NORMAL PERIOD 1981 TO 2010
CLIMATE RECORD PERIOD 1948 TO 2017


WEATHER ITEM   OBSERVED TIME   RECORD YEAR NORMAL DEPARTURE
                VALUE   (LST)  VALUE       VALUE  FROM
                                                  NORMAL
...............................................................
TEMPERATURE (F)
 YESTERDAY
  MAXIMUM         58    429 PM  75    1996  59     -1
  MINIMUM         32    708 AM   7    2007  31      1
  AVERAGE         45                        45      0

PRECIPITATION (IN)
  YESTERDAY        0.00          1.17 1979   0.04  -0.04
  MONTH TO DATE    0.94                      0.73   0.21
  SINCE OCT 1      2.93                      2.86   0.07
  SINCE JAN 1      0.94                      0.73   0.21

SNOWFALL (IN)
  YESTERDAY        0.0           0.0    MM
  MONTH TO DATE    0.0
  SINCE DEC 1      0.0
  SINCE JUL 1      0.0
  SNOW DEPTH       0

DEGREE DAYS
 HEATING
  YESTERDAY       20                                0
  MONTH TO DATE  274                              -37
  SINCE DEC 1    852                             -116
  SINCE JUL 1   1278                             -235

 COOLING
  YESTERDAY        0                                0
  MONTH TO DATE    0                                0
  SINCE DEC 1      0                                0
  SINCE JAN 1      0                                0
...............................................................


WIND (MPH)
  HIGHEST WIND SPEED    12   HIGHEST WIND DIRECTION    SW (240)
  HIGHEST GUST SPEED    13   HIGHEST GUST DIRECTION    SW (240)
  AVERAGE WIND SPEED     3.1




RELATIVE HUMIDITY (PERCENT)
 HIGHEST    92
 LOWEST     43
 AVERAGE    68

..........................................................


THE LANCASTER FOX FIELD CA CLIMATE NORMALS FOR TODAY
                         NORMAL    RECORD    YEAR
 MAXIMUM TEMPERATURE (F)   59        77      1975
 MINIMUM TEMPERATURE (F)   31         9      2007


SUNRISE AND SUNSET
JANUARY 16 2017.......SUNRISE   659 AM PST   SUNSET   506 PM PST
JANUARY 17 2017.......SUNRISE   659 AM PST   SUNSET   507 PM PST


-  INDICATES NEGATIVE NUMBERS.
R  INDICATES RECORD WAS SET OR TIED.
MM INDICATES DATA IS MISSING.
T  INDICATES TRACE AMOUNT.




$$
