000
CDUS46 KLOX 260901
CLIWJF


CLIMATE REPORT
NATIONAL WEATHER SERVICE LOS ANGELES/OXNARD CA
101 AM PST FRI DEC 26 2014


...................................

...THE LANCASTER FOX FIELD CA CLIMATE SUMMARY FOR DECEMBER 25 2014...

CLIMATE NORMAL PERIOD 1981 TO 2010
CLIMATE RECORD PERIOD 1948 TO 2014


WEATHER ITEM   OBSERVED TIME   RECORD YEAR NORMAL DEPARTURE
                VALUE   (LST)  VALUE       VALUE  FROM
                                                  NORMAL
...............................................................
TEMPERATURE (F)
 YESTERDAY
  MAXIMUM         49    252 PM  73    2005  57     -8
  MINIMUM         30   1159 PM   5    1990  29      1
  AVERAGE         40                        43     -3

PRECIPITATION (IN)
  YESTERDAY        0.00          1.84 1983   0.04  -0.04
  MONTH TO DATE    2.62                      0.85   1.77
  SINCE JUL 1      2.95                      2.17   0.78
  SINCE JAN 1      5.27                      7.08  -1.81

SNOWFALL (IN)
  YESTERDAY        0.0           0.0    MM
  MONTH TO DATE    0.0
  SINCE DEC 1      0.0
  SINCE JUL 1      0.0
  SNOW DEPTH       0

DEGREE DAYS
 HEATING
  YESTERDAY       25                                3
  MONTH TO DATE  412                             -117
  SINCE DEC 1    412                             -117
  SINCE JUL 1    809                             -265

 COOLING
  YESTERDAY        0                                0
  MONTH TO DATE    0                                0
  SINCE DEC 1      0                                0
  SINCE JAN 1   2055                              173
...............................................................


WIND (MPH)
  HIGHEST WIND SPEED    43   HIGHEST WIND DIRECTION     W (290)
  HIGHEST GUST SPEED    51   HIGHEST GUST DIRECTION     W (290)
  AVERAGE WIND SPEED    14.4




RELATIVE HUMIDITY (PERCENT)
 HIGHEST    76
 LOWEST     34
 AVERAGE    55

..........................................................


THE LANCASTER FOX FIELD CA CLIMATE NORMALS FOR TODAY
                         NORMAL    RECORD    YEAR
 MAXIMUM TEMPERATURE (F)   57        72      1980
 MINIMUM TEMPERATURE (F)   29        11      1962


SUNRISE AND SUNSET
DECEMBER 26 2014......SUNRISE   658 AM PST   SUNSET   449 PM PST
DECEMBER 27 2014......SUNRISE   659 AM PST   SUNSET   449 PM PST


-  INDICATES NEGATIVE NUMBERS.
R  INDICATES RECORD WAS SET OR TIED.
MM INDICATES DATA IS MISSING.
T  INDICATES TRACE AMOUNT.




$$
