000
CDUS46 KLOX 010903
CLIWJF


CLIMATE REPORT
NATIONAL WEATHER SERVICE LOS ANGELES/OXNARD CA
103 AM PST SUN MAR 1 2015


...................................

...THE LANCASTER FOX FIELD CA CLIMATE SUMMARY FOR FEBRUARY 28 2015...

CLIMATE NORMAL PERIOD 1981 TO 2010
CLIMATE RECORD PERIOD 1948 TO 2015


WEATHER ITEM   OBSERVED TIME   RECORD YEAR NORMAL DEPARTURE
                VALUE   (LST)  VALUE       VALUE  FROM
                                                  NORMAL
...............................................................
TEMPERATURE (F)
 YESTERDAY
  MAXIMUM         57    239 PM  81    1986  64     -7
  MINIMUM         41    703 AM  20    1962  37      4
  AVERAGE         49                        51     -2

PRECIPITATION (IN)
  YESTERDAY        0.01          1.67 2014   0.05  -0.04
  MONTH TO DATE    0.40                      1.78  -1.38
  SINCE OCT 1      4.28                      5.41  -1.13
  SINCE JAN 1      1.36                      3.28  -1.92

SNOWFALL (IN)
  YESTERDAY       MM             0.0    MM
  MONTH TO DATE    0.0
  SINCE DEC 1      0.0
  SINCE JUL 1      0.0
  SNOW DEPTH       0

DEGREE DAYS
 HEATING
  YESTERDAY       16                                2
  MONTH TO DATE  325                             -143
  SINCE DEC 1   1472                             -276
  SINCE JUL 1   1869                             -424

 COOLING
  YESTERDAY        0                                0
  MONTH TO DATE    0                                0
  SINCE DEC 1      0                                0
  SINCE JAN 1      0                                0
...............................................................


WIND (MPH)
  HIGHEST WIND SPEED    25   HIGHEST WIND DIRECTION    SW (220)
  HIGHEST GUST SPEED    33   HIGHEST GUST DIRECTION     S (200)
  AVERAGE WIND SPEED    15.5




RELATIVE HUMIDITY (PERCENT)
 HIGHEST    89
 LOWEST     43
 AVERAGE    66

..........................................................


THE LANCASTER FOX FIELD CA CLIMATE NORMALS FOR TODAY
                         NORMAL    RECORD    YEAR
 MAXIMUM TEMPERATURE (F)   64        80      1967
 MINIMUM TEMPERATURE (F)   37        22      1997


SUNRISE AND SUNSET
MARCH  1 2015.........SUNRISE   622 AM PST   SUNSET   549 PM PST
MARCH  2 2015.........SUNRISE   621 AM PST   SUNSET   549 PM PST


-  INDICATES NEGATIVE NUMBERS.
R  INDICATES RECORD WAS SET OR TIED.
MM INDICATES DATA IS MISSING.
T  INDICATES TRACE AMOUNT.




$$
