000
CDUS46 KLOX 260902
CLIWJF


CLIMATE REPORT
NATIONAL WEATHER SERVICE LOS ANGELES/OXNARD CA
201 AM PDT TUE SEP 26 2017


...................................

...THE LANCASTER FOX FIELD CA CLIMATE SUMMARY FOR SEPTEMBER 25 2017...

CLIMATE NORMAL PERIOD 1981 TO 2010
CLIMATE RECORD PERIOD 1948 TO 2017


WEATHER ITEM   OBSERVED TIME   RECORD YEAR NORMAL DEPARTURE
                VALUE   (LST)  VALUE       VALUE  FROM
                                                  NORMAL
...............................................................
TEMPERATURE (F)
 YESTERDAY
  MAXIMUM         80    253 PM 101    1960  87     -7
  MINIMUM         43    547 AM  35    1958  53    -10
  AVERAGE         62                        70     -8

PRECIPITATION (IN)
  YESTERDAY        0.00          0.87 1997   0.01  -0.01
  MONTH TO DATE    0.07                      0.12  -0.05
  SINCE OCT 1      6.61                      7.35  -0.74
  SINCE JAN 1      4.62                      5.22  -0.60

SNOWFALL (IN)
  YESTERDAY        0.0           0.0    MM
  MONTH TO DATE    0.0
  SINCE SEP 1      0.0
  SINCE JUL 1      0.0
  SNOW DEPTH       0

DEGREE DAYS
 HEATING
  YESTERDAY        3                                2
  MONTH TO DATE   18                               14
  SINCE SEP 1     18                               14
  SINCE JUL 1     18                               14

 COOLING
  YESTERDAY        0                               -6
  MONTH TO DATE  248                                4
  SINCE SEP 1    248                                4
  SINCE JAN 1   2152                              349
...............................................................


WIND (MPH)
  HIGHEST WIND SPEED    18   HIGHEST WIND DIRECTION    NE (50)
  HIGHEST GUST SPEED    24   HIGHEST GUST DIRECTION    NE (60)
  AVERAGE WIND SPEED     5.8




RELATIVE HUMIDITY (PERCENT)
 HIGHEST    49
 LOWEST     12
 AVERAGE    31

..........................................................


THE LANCASTER FOX FIELD CA CLIMATE NORMALS FOR TODAY
                         NORMAL    RECORD    YEAR
 MAXIMUM TEMPERATURE (F)   87       101      2010
                                             2009
 MINIMUM TEMPERATURE (F)   53        27      1948


SUNRISE AND SUNSET
SEPTEMBER 26 2017.....SUNRISE   644 AM PDT   SUNSET   643 PM PDT
SEPTEMBER 27 2017.....SUNRISE   645 AM PDT   SUNSET   642 PM PDT


-  INDICATES NEGATIVE NUMBERS.
R  INDICATES RECORD WAS SET OR TIED.
MM INDICATES DATA IS MISSING.
T  INDICATES TRACE AMOUNT.




$$
