000
CDUS46 KLOX 270915
CLIWJF


CLIMATE REPORT
NATIONAL WEATHER SERVICE LOS ANGELES/OXNARD CA
215 AM PDT SAT MAY 27 2017


...................................

...THE LANCASTER FOX FIELD CA CLIMATE SUMMARY FOR MAY 26 2017...

CLIMATE NORMAL PERIOD 1981 TO 2010
CLIMATE RECORD PERIOD 1948 TO 2017


WEATHER ITEM   OBSERVED TIME   RECORD YEAR NORMAL DEPARTURE
                VALUE   (LST)  VALUE       VALUE  FROM
                                                  NORMAL
...............................................................
TEMPERATURE (F)
 YESTERDAY
  MAXIMUM         70    328 PM 104    1974  85    -15
  MINIMUM         51    446 AM  37    1953  57     -6
  AVERAGE         61                        71    -10

PRECIPITATION (IN)
  YESTERDAY        0.00          0.28 1950   0.00   0.00
  MONTH TO DATE    0.00                      0.08  -0.08
  SINCE OCT 1      6.51                      6.98  -0.47
  SINCE JAN 1      4.52                      4.85  -0.33

SNOWFALL (IN)
  YESTERDAY        0.0           0.0    MM
  MONTH TO DATE    0.0
  SINCE MAR 1      0.0
  SINCE JUL 1      0.0
  SNOW DEPTH       0

DEGREE DAYS
 HEATING
  YESTERDAY        4                                3
  MONTH TO DATE   73                               18
  SINCE MAR 1    484                             -146
  SINCE JUL 1   2483                             -440

 COOLING
  YESTERDAY        0                               -7
  MONTH TO DATE  108                              -13
  SINCE MAR 1    118                              -33
  SINCE JAN 1    118                              -33
...............................................................


WIND (MPH)
  HIGHEST WIND SPEED    31   HIGHEST WIND DIRECTION    SW (220)
  HIGHEST GUST SPEED    39   HIGHEST GUST DIRECTION    SW (210)
  AVERAGE WIND SPEED    24.3




RELATIVE HUMIDITY (PERCENT)
 HIGHEST    77
 LOWEST     40
 AVERAGE    59

..........................................................


THE LANCASTER FOX FIELD CA CLIMATE NORMALS FOR TODAY
                         NORMAL    RECORD    YEAR
 MAXIMUM TEMPERATURE (F)   86       101      1984
 MINIMUM TEMPERATURE (F)   57        43      1998


SUNRISE AND SUNSET
MAY 27 2017...........SUNRISE   543 AM PDT   SUNSET   758 PM PDT
MAY 28 2017...........SUNRISE   542 AM PDT   SUNSET   759 PM PDT


-  INDICATES NEGATIVE NUMBERS.
R  INDICATES RECORD WAS SET OR TIED.
MM INDICATES DATA IS MISSING.
T  INDICATES TRACE AMOUNT.




$$
