000
CDUS46 KLOX 240120
CLIWJF


CLIMATE REPORT
NATIONAL WEATHER SERVICE LOS ANGELES/OXNARD CA
620 PM PDT SUN APR 23 2017


...................................

...THE LANCASTER CLIMATE SUMMARY FOR APRIL 23 2017...
VALID TODAY AS OF 0600 PM LOCAL TIME.

CLIMATE NORMAL PERIOD 1981 TO 2010
CLIMATE RECORD PERIOD 1948 TO 2017


WEATHER ITEM   OBSERVED TIME   RECORD YEAR NORMAL DEPARTURE LAST
                VALUE   (LST)  VALUE       VALUE  FROM      YEAR
                                                  NORMAL
..................................................................
TEMPERATURE (F)
 TODAY
  MAXIMUM         79    202 PM  98    1949  75      4       73
  MINIMUM         55    452 AM  30    1968  47      8       46
  AVERAGE         67                        61      6       60

PRECIPITATION (IN)
  TODAY            0.00          0.09 1988   0.00   0.00     0.00
  MONTH TO DATE    T                         0.29  -0.29     0.15
  SINCE OCT 1      6.51                      6.84  -0.33     3.82
  SINCE JAN 1      4.52                      4.71  -0.19     2.53

SNOWFALL (IN)
  TODAY            0.0           0.0    MM   0.0             0.0
  MONTH TO DATE    0.0                       0.0             0.0
  SINCE MAR 1      0.0                       0.0             0.0
  SINCE JUL 1      0.0                       2.3             0.0
  SNOW DEPTH       0

DEGREE DAYS
 HEATING
  TODAY            0                         5     -5        5
  MONTH TO DATE  105                       176    -71       73
  SINCE MAR 1    386                       544   -158      330
  SINCE JUL 1   2385                      2837   -452     2581

 COOLING
  TODAY            2                         1      1        0
  MONTH TO DATE    6                        14     -8       18
  SINCE MAR 1     10                        16     -6       21
  SINCE JAN 1     10                        16     -6       24
..................................................................


WIND (MPH)
  HIGHEST WIND SPEED    33   HIGHEST WIND DIRECTION     W (280)
  HIGHEST GUST SPEED    39   HIGHEST GUST DIRECTION     W (270)
  AVERAGE WIND SPEED    22.3


SKY COVER
  POSSIBLE SUNSHINE  MM
  AVERAGE SKY COVER 0.0


WEATHER CONDITIONS
 THE FOLLOWING WEATHER WAS RECORDED TODAY.
  NO SIGNIFICANT WEATHER WAS OBSERVED.


RELATIVE HUMIDITY (PERCENT)
 HIGHEST    57           400 AM
 LOWEST     16           200 PM
 AVERAGE    37

..........................................................


THE LANCASTER CLIMATE NORMALS FOR TOMORROW
                         NORMAL    RECORD    YEAR
 MAXIMUM TEMPERATURE (F)   76        93      1953
 MINIMUM TEMPERATURE (F)   47        31      1971


SUNRISE AND SUNSET
APRIL 23 2017.........SUNRISE   611 AM PDT   SUNSET   732 PM PDT
APRIL 24 2017.........SUNRISE   610 AM PDT   SUNSET   733 PM PDT


-  INDICATES NEGATIVE NUMBERS.
R  INDICATES RECORD WAS SET OR TIED.
MM INDICATES DATA IS MISSING.
T  INDICATES TRACE AMOUNT.




$$
