451
CDUS46 KLOX 050915
CLIWJF


CLIMATE REPORT
NATIONAL WEATHER SERVICE LOS ANGELES/OXNARD CA
115 AM PST MON DEC 5 2016


...................................

...THE LANCASTER FOX FIELD CA CLIMATE SUMMARY FOR DECEMBER 4 2016...

CLIMATE NORMAL PERIOD 1981 TO 2010
CLIMATE RECORD PERIOD 1948 TO 2016


WEATHER ITEM   OBSERVED TIME   RECORD YEAR NORMAL DEPARTURE
                VALUE   (LST)  VALUE       VALUE  FROM
                                                  NORMAL
...............................................................
TEMPERATURE (F)
 YESTERDAY
  MAXIMUM         71    319 PM  85    1958  60     11
  MINIMUM         24    558 AM  12    2006  31     -7
  AVERAGE         48                        45      3

PRECIPITATION (IN)
  YESTERDAY        0.00          1.09 1974   0.03  -0.03
  MONTH TO DATE    0.00                      0.10  -0.10
  SINCE OCT 1      0.40                      1.08  -0.68
  SINCE JAN 1      2.93                      6.33  -3.40

SNOWFALL (IN)
  YESTERDAY        0.0           0.0    MM
  MONTH TO DATE    0.0
  SINCE DEC 1      0.0
  SINCE JUL 1      0.0
  SNOW DEPTH       0

DEGREE DAYS
 HEATING
  YESTERDAY       17                               -3
  MONTH TO DATE   85                                7
  SINCE DEC 1     85                                7
  SINCE JUL 1    511                             -112

 COOLING
  YESTERDAY        0                                0
  MONTH TO DATE    0                                0
  SINCE DEC 1      0                                0
  SINCE JAN 1   2148                              266
...............................................................


WIND (MPH)
  HIGHEST WIND SPEED    35   HIGHEST WIND DIRECTION     W (270)
  HIGHEST GUST SPEED    42   HIGHEST GUST DIRECTION     W (270)
  AVERAGE WIND SPEED    10.1




RELATIVE HUMIDITY (PERCENT)
 HIGHEST    55
 LOWEST     12
 AVERAGE    34

..........................................................


THE LANCASTER FOX FIELD CA CLIMATE NORMALS FOR TODAY
                         NORMAL    RECORD    YEAR
 MAXIMUM TEMPERATURE (F)   59        81      1958
 MINIMUM TEMPERATURE (F)   30        13      2006


SUNRISE AND SUNSET
DECEMBER  5 2016......SUNRISE   646 AM PST   SUNSET   442 PM PST
DECEMBER  6 2016......SUNRISE   647 AM PST   SUNSET   442 PM PST


-  INDICATES NEGATIVE NUMBERS.
R  INDICATES RECORD WAS SET OR TIED.
MM INDICATES DATA IS MISSING.
T  INDICATES TRACE AMOUNT.




$$
