000
CDUS46 KLOX 280118
CLIWJF


CLIMATE REPORT
NATIONAL WEATHER SERVICE LOS ANGELES/OXNARD CA
518 PM PST THU NOV 27 2014


...................................

...THE LANCASTER CLIMATE SUMMARY FOR NOVEMBER 27 2014...
VALID TODAY AS OF 0500 PM LOCAL TIME.

CLIMATE NORMAL PERIOD 1981 TO 2010
CLIMATE RECORD PERIOD 1948 TO 2014


WEATHER ITEM   OBSERVED TIME   RECORD YEAR NORMAL DEPARTURE LAST
                VALUE   (LST)  VALUE       VALUE  FROM      YEAR
                                                  NORMAL
..................................................................
TEMPERATURE (F)
 TODAY
  MAXIMUM         71    256 PM  80    1953  62      9       61
  MINIMUM         30    557 AM  17    1948  32     -2       38
  AVERAGE         51                        47      4       50

PRECIPITATION (IN)
  TODAY            0.00          0.39 1981   0.03  -0.03     0.00
  MONTH TO DATE    0.16                      0.48  -0.32     1.45
  SINCE JUL 1      0.33                      1.26  -0.93     1.52
  SINCE JAN 1      2.65                      6.17  -3.52     2.62

SNOWFALL (IN)
  TODAY            0.0           0.0    MM   0.0             0.0
  MONTH TO DATE    0.0                       0.0             0.0
  SINCE SEP 1      0.0                       0.0             0.0
  SINCE JUL 1      0.0                       0.0             0.0
  SNOW DEPTH       0

DEGREE DAYS
 HEATING
  TODAY           14                        18     -4       15
  MONTH TO DATE  313                       354    -41      355
  SINCE SEP 1    362                       490   -128      597
  SINCE JUL 1    362                       490   -128      597

 COOLING
  TODAY            0                         0      0        0
  MONTH TO DATE    2                         0      2        0
  SINCE SEP 1    404                       322     82      333
  SINCE JAN 1   2055                      1881    174     2204
..................................................................


WIND (MPH)
  HIGHEST WIND SPEED     7   HIGHEST WIND DIRECTION     W (290)
  HIGHEST GUST SPEED     7   HIGHEST GUST DIRECTION     W (290)
  AVERAGE WIND SPEED     1.8


SKY COVER
  POSSIBLE SUNSHINE  MM
  AVERAGE SKY COVER 0.0


WEATHER CONDITIONS
 THE FOLLOWING WEATHER WAS RECORDED TODAY.
  NO SIGNIFICANT WEATHER WAS OBSERVED.


RELATIVE HUMIDITY (PERCENT)
 HIGHEST    47           600 AM
 LOWEST     11           200 PM
 AVERAGE    29

..........................................................


THE LANCASTER CLIMATE NORMALS FOR TOMORROW
                         NORMAL    RECORD    YEAR
 MAXIMUM TEMPERATURE (F)   62        77      1950
 MINIMUM TEMPERATURE (F)   32        15      1948


SUNRISE AND SUNSET
NOVEMBER 27 2014......SUNRISE   638 AM PST   SUNSET   443 PM PST
NOVEMBER 28 2014......SUNRISE   639 AM PST   SUNSET   442 PM PST


-  INDICATES NEGATIVE NUMBERS.
R  INDICATES RECORD WAS SET OR TIED.
MM INDICATES DATA IS MISSING.
T  INDICATES TRACE AMOUNT.




$$
