000
CDUS46 KLOX 011907
CLIWJF


CLIMATE REPORT
NATIONAL WEATHER SERVICE LOS ANGELES/OXNARD CA
1206 PM PDT WED JUL 1 2015


...................................

...THE LANCASTER FOX FIELD CA CLIMATE SUMMARY FOR JUNE 30 2015...

CLIMATE NORMAL PERIOD 1981 TO 2010
CLIMATE RECORD PERIOD 1948 TO 2015


WEATHER ITEM   OBSERVED TIME   RECORD YEAR NORMAL DEPARTURE
                VALUE   (LST)  VALUE       VALUE  FROM
                                                  NORMAL
...............................................................
TEMPERATURE (F)
 YESTERDAY
  MAXIMUM        105    130 PM 115    2013  95     10
  MINIMUM         70    456 AM  45    1970  65      5
  AVERAGE         88                        80      8

PRECIPITATION (IN)
  YESTERDAY        0.00          0.00   MM   0.00   0.00
  MONTH TO DATE    0.04                      0.05  -0.01
  SINCE OCT 1      4.65                      7.04  -2.39
  SINCE JAN 1      1.73                      4.91  -3.18

SNOWFALL (IN)
  YESTERDAY        0.0           0.0    MM
  MONTH TO DATE    0.0
  SINCE JUN 1      0.0
  SINCE JUL 1      0.0
  SNOW DEPTH       0

DEGREE DAYS
 HEATING
  YESTERDAY        0                                0
  MONTH TO DATE    2                               -4
  SINCE JUN 1      2                               -6
  SINCE JUL 1   2378                             -559

 COOLING
  YESTERDAY       23                                8
  MONTH TO DATE  475                              134
  SINCE JUN 1    475                              134
  SINCE JAN 1    573                               43
...............................................................


WIND (MPH)
  HIGHEST WIND SPEED    37   HIGHEST WIND DIRECTION    SW (230)
  HIGHEST GUST SPEED    47   HIGHEST GUST DIRECTION    SW (240)
  AVERAGE WIND SPEED    10.9




RELATIVE HUMIDITY (PERCENT)
 HIGHEST    37
 LOWEST     17
 AVERAGE    27

..........................................................


THE LANCASTER FOX FIELD CA CLIMATE NORMALS FOR TODAY
                         NORMAL    RECORD    YEAR
 MAXIMUM TEMPERATURE (F)   95       109      1950
 MINIMUM TEMPERATURE (F)   65        51      1969


SUNRISE AND SUNSET
JULY  1 2015..........SUNRISE   543 AM PDT   SUNSET   810 PM PDT
JULY  2 2015..........SUNRISE   544 AM PDT   SUNSET   810 PM PDT


-  INDICATES NEGATIVE NUMBERS.
R  INDICATES RECORD WAS SET OR TIED.
MM INDICATES DATA IS MISSING.
T  INDICATES TRACE AMOUNT.




$$
