000
CDUS45 KLKN 310027
CLIWMC


CLIMATE REPORT
NATIONAL WEATHER SERVICE ELKO NV
526 PM PDT SAT AUG 30 2014


...................................

...THE WINNEMUCCA AIRPORT NV CLIMATE SUMMARY FOR AUGUST 30 2014...
VALID TODAY AS OF 0500 PM LOCAL TIME.

CLIMATE NORMAL PERIOD 1981 TO 2010
CLIMATE RECORD PERIOD 1877 TO 2014


WEATHER ITEM   OBSERVED TIME   RECORD YEAR NORMAL DEPARTURE LAST
                VALUE   (LST)  VALUE       VALUE  FROM      YEAR
                                                  NORMAL
..................................................................
TEMPERATURE (F)
 TODAY
  MAXIMUM         86    151 PM  99    1955  87     -1       93
                                      1950
                                      1940
  MINIMUM         53    551 AM  29    1951  45      8       47
  AVERAGE         70                        66      4       70

PRECIPITATION (IN)
  TODAY            0.00          0.13 1887   0.00   0.00     0.00
  MONTH TO DATE    0.49                      0.17   0.32     0.15
  SINCE OCT 1      7.24                      7.83  -0.59     4.82
  SINCE JAN 1      4.58                      5.35  -0.77     2.41

SNOWFALL (IN)
  TODAY            0.0           0.0  1877   0.0    0.0      0.0
  MONTH TO DATE    0.0                       0.0    0.0      0.0
  SINCE JUN 1      0.0                       T      0.0       T
  SINCE JUL 1      0.0                       0.0    0.0       T
  SNOW DEPTH       0

DEGREE DAYS
 HEATING
  TODAY            0                         2     -2        0
  MONTH TO DATE   16                        16      0        0
  SINCE JUN 1     90                       131    -41       70
  SINCE JUL 1     16                        26    -10        0

 COOLING
  TODAY            5                         3      2        5
  MONTH TO DATE  148                       173    -25      175
  SINCE JUN 1    616                       495    121      676
  SINCE JAN 1    625                       506    119      677
..................................................................


WIND (MPH)
  HIGHEST WIND SPEED    23   HIGHEST WIND DIRECTION     W (290)
  HIGHEST GUST SPEED    30   HIGHEST GUST DIRECTION     W (280)



WEATHER CONDITIONS
 THE FOLLOWING WEATHER WAS RECORDED TODAY.
  HAZE


RELATIVE HUMIDITY (PERCENT)
 HIGHEST    50           600 AM
 LOWEST     12           300 PM
 AVERAGE    31

..........................................................


THE WINNEMUCCA AIRPORT NV CLIMATE NORMALS FOR TOMORROW
                         NORMAL    RECORD    YEAR
 MAXIMUM TEMPERATURE (F)   87        98      1987
                                             1950
 MINIMUM TEMPERATURE (F)   45        26      1887


SUNRISE AND SUNSET
AUGUST 30 2014........SUNRISE   616 AM PDT   SUNSET   727 PM PDT
AUGUST 31 2014........SUNRISE   617 AM PDT   SUNSET   725 PM PDT


-  INDICATES NEGATIVE NUMBERS.
R  INDICATES RECORD WAS SET OR TIED.
MM INDICATES DATA IS MISSING.
T  INDICATES TRACE AMOUNT.




$$
