000
CDUS45 KLKN 230930
CLIWMC


CLIMATE REPORT
NATIONAL WEATHER SERVICE ELKO NV
227 AM PDT WED AUG 23 2017


...................................

...THE WINNEMUCCA AIRPORT NV CLIMATE SUMMARY FOR AUGUST 22 2017...

CLIMATE NORMAL PERIOD 1981 TO 2010
CLIMATE RECORD PERIOD 1877 TO 2017


WEATHER ITEM   OBSERVED TIME   RECORD YEAR NORMAL DEPARTURE LAST
                VALUE   (LST)  VALUE       VALUE  FROM      YEAR
                                                  NORMAL
..................................................................
TEMPERATURE (F)
 YESTERDAY
  MAXIMUM         88    515 PM 102    1969  90     -2       93
  MINIMUM         52    519 AM  30    1899  48      4       50
  AVERAGE         70                        69      1       72

PRECIPITATION (IN)
  YESTERDAY        0.00          0.15 1976   0.00   0.00      T
  MONTH TO DATE    0.31                      0.12   0.19      T
  SINCE OCT 1     11.37                      7.78   3.59     8.86
  SINCE JAN 1      6.83                      5.30   1.53     4.58

SNOWFALL (IN)
  YESTERDAY        0.0           0.0  1877   0.0    0.0      0.0
  MONTH TO DATE    0.0                       0.0    0.0      0.0
  SINCE JUN 1      0.0                       T      0.0      0.0
  SINCE JUL 1      0.0                       0.0    0.0      0.0
  SNOW DEPTH       0

DEGREE DAYS
 HEATING
  YESTERDAY        0                         1     -1        0
  MONTH TO DATE    0                         6     -6        0
  SINCE JUN 1     73                       121    -48       71
  SINCE JUL 1      0                        16    -16       17

 COOLING
  YESTERDAY        5                         4      1        7
  MONTH TO DATE  207                       145     62      170
  SINCE JUN 1    709                       467    242      534
  SINCE JAN 1    716                       478    238      534
..................................................................


WIND (MPH)
  HIGHEST WIND SPEED    22   HIGHEST WIND DIRECTION    SE (140)
  HIGHEST GUST SPEED    27   HIGHEST GUST DIRECTION    SE (140)
  AVERAGE WIND SPEED     6.4



WEATHER CONDITIONS
 THE FOLLOWING WEATHER WAS RECORDED YESTERDAY.
  NO SIGNIFICANT WEATHER WAS OBSERVED.


RELATIVE HUMIDITY (PERCENT)
 HIGHEST    46           400 AM
 LOWEST     17          1000 AM
 AVERAGE    32

..........................................................


THE WINNEMUCCA AIRPORT NV CLIMATE NORMALS FOR TODAY
                         NORMAL    RECORD    YEAR
 MAXIMUM TEMPERATURE (F)   90       102      1969
 MINIMUM TEMPERATURE (F)   47        28      1960


SUNRISE AND SUNSET
AUGUST 23 2017........SUNRISE   609 AM PDT   SUNSET   737 PM PDT
AUGUST 24 2017........SUNRISE   610 AM PDT   SUNSET   736 PM PDT


-  INDICATES NEGATIVE NUMBERS.
R  INDICATES RECORD WAS SET OR TIED.
MM INDICATES DATA IS MISSING.
T  INDICATES TRACE AMOUNT.




$$
