000
CDUS45 KLKN 270930
CLIWMC


CLIMATE REPORT
NATIONAL WEATHER SERVICE ELKO NV
127 AM PST TUE JAN 27 2015


...................................

...THE WINNEMUCCA AIRPORT NV CLIMATE SUMMARY FOR JANUARY 26 2015...

CLIMATE NORMAL PERIOD 1981 TO 2010
CLIMATE RECORD PERIOD 1877 TO 2015


WEATHER ITEM   OBSERVED TIME   RECORD YEAR NORMAL DEPARTURE LAST
                VALUE   (LST)  VALUE       VALUE  FROM      YEAR
                                                  NORMAL
..................................................................
TEMPERATURE (F)
 YESTERDAY
  MAXIMUM         60R   233 PM  60    1971  43     17       54
  MINIMUM         25    742 AM -23    1949  20      5       10
  AVERAGE         43                        31     12       32

PRECIPITATION (IN)
  YESTERDAY        0.00          0.26 1967   0.03  -0.03     0.00
  MONTH TO DATE    0.13                      0.75  -0.62     0.02
  SINCE OCT 1      2.70                      3.23  -0.53     2.68
  SINCE JAN 1      0.13                      0.75  -0.62     0.02

SNOWFALL (IN)
  YESTERDAY        0.0           2.9  1967   0.1   -0.1      0.0
  MONTH TO DATE    T                         3.2   -3.2      0.0
  SINCE DEC 1      T                         8.5   -8.5      9.9
  SINCE JUL 1      2.3                      12.0   -9.7     16.5
  SNOW DEPTH       0

DEGREE DAYS
 HEATING
  YESTERDAY       22                        34    -12       33
  MONTH TO DATE  789                       915   -126      816
  SINCE DEC 1   1674                      2020   -346     2259
  SINCE JUL 1   2968                      3588   -620     3804

 COOLING
  YESTERDAY        0                         0      0        0
  MONTH TO DATE    0                         0      0        0
  SINCE DEC 1      0                         0      0        0
  SINCE JAN 1      0                         0      0        0
..................................................................


WIND (MPH)
  HIGHEST WIND SPEED    16   HIGHEST WIND DIRECTION     E (80)
  HIGHEST GUST SPEED    21   HIGHEST GUST DIRECTION     E (80)
  AVERAGE WIND SPEED     5.7



WEATHER CONDITIONS
 THE FOLLOWING WEATHER WAS RECORDED YESTERDAY.
  NO SIGNIFICANT WEATHER WAS OBSERVED.


RELATIVE HUMIDITY (PERCENT)
 HIGHEST    85           200 AM
 LOWEST     36           300 PM
 AVERAGE    61

..........................................................


THE WINNEMUCCA AIRPORT NV CLIMATE NORMALS FOR TODAY
                         NORMAL    RECORD    YEAR
 MAXIMUM TEMPERATURE (F)   43        61      1971
 MINIMUM TEMPERATURE (F)   20       -11      1898


SUNRISE AND SUNSET
JANUARY 27 2015.......SUNRISE   706 AM PST   SUNSET   502 PM PST
JANUARY 28 2015.......SUNRISE   705 AM PST   SUNSET   503 PM PST


-  INDICATES NEGATIVE NUMBERS.
R  INDICATES RECORD WAS SET OR TIED.
MM INDICATES DATA IS MISSING.
T  INDICATES TRACE AMOUNT.




$$
