130
CDUS45 KLKN 100927
CLIWMC


CLIMATE REPORT
NATIONAL WEATHER SERVICE ELKO NV
127 AM PST WED FEB 10 2016


...................................

...THE WINNEMUCCA AIRPORT NV CLIMATE SUMMARY FOR FEBRUARY 9 2016...

CLIMATE NORMAL PERIOD 1981 TO 2010
CLIMATE RECORD PERIOD 1877 TO 2016


WEATHER ITEM   OBSERVED TIME   RECORD YEAR NORMAL DEPARTURE LAST
                VALUE   (LST)  VALUE       VALUE  FROM      YEAR
                                                  NORMAL
..................................................................
TEMPERATURE (F)
 YESTERDAY
  MAXIMUM         53    304 PM  65    1963  46      7       55
                                      1951
  MINIMUM         29   1130 PM -23    1933  22      7       33
  AVERAGE         41                        34      7       44

PRECIPITATION (IN)
  YESTERDAY        0.00          0.69 2014   0.02  -0.02     0.13
  MONTH TO DATE    0.09                      0.21  -0.12     0.49
  SINCE OCT 1      6.27                      3.56   2.71     3.46
  SINCE JAN 1      1.99                      1.08   0.91     0.89

SNOWFALL (IN)
  YESTERDAY        0.0           5.5  1922   0.2   -0.2      0.0
  MONTH TO DATE    1.2                       1.3   -0.1      0.0
  SINCE DEC 1     19.1                      10.4    8.7       T
  SINCE JUL 1     19.4                      13.9    5.5      2.3
  SNOW DEPTH       T

DEGREE DAYS
 HEATING
  YESTERDAY       24                        31     -7       21
  MONTH TO DATE  301                       288     13      169
  SINCE DEC 1   2388                      2473    -85     1980
  SINCE JUL 1   3737                      4041   -304     3274

 COOLING
  YESTERDAY        0                         0      0        0
  MONTH TO DATE    0                         0      0        0
  SINCE DEC 1      0                         0      0        0
  SINCE JAN 1      0                         0      0        0
..................................................................


WIND (MPH)
  HIGHEST WIND SPEED    17   HIGHEST WIND DIRECTION    NE (30)
  HIGHEST GUST SPEED    23   HIGHEST GUST DIRECTION    NE (40)
  AVERAGE WIND SPEED     8.0



WEATHER CONDITIONS
 THE FOLLOWING WEATHER WAS RECORDED YESTERDAY.
  NO SIGNIFICANT WEATHER WAS OBSERVED.


RELATIVE HUMIDITY (PERCENT)
 HIGHEST    85          1200 AM
 LOWEST     44           100 PM
 AVERAGE    65

..........................................................


THE WINNEMUCCA AIRPORT NV CLIMATE NORMALS FOR TODAY
                         NORMAL    RECORD    YEAR
 MAXIMUM TEMPERATURE (F)   46        69      1951
 MINIMUM TEMPERATURE (F)   22       -26      1933


SUNRISE AND SUNSET
FEBRUARY 10 2016......SUNRISE   652 AM PST   SUNSET   519 PM PST
FEBRUARY 11 2016......SUNRISE   651 AM PST   SUNSET   520 PM PST


-  INDICATES NEGATIVE NUMBERS.
R  INDICATES RECORD WAS SET OR TIED.
MM INDICATES DATA IS MISSING.
T  INDICATES TRACE AMOUNT.




$$
