000
CDUS45 KLKN 280031
CLIWMC


CLIMATE REPORT
NATIONAL WEATHER SERVICE ELKO NV
429 PM PST SAT DEC 27 2014


...................................

...THE WINNEMUCCA AIRPORT NV CLIMATE SUMMARY FOR DECEMBER 27 2014...
VALID TODAY AS OF 400 PM LOCAL TIME.

CLIMATE NORMAL PERIOD 1981 TO 2010
CLIMATE RECORD PERIOD 1877 TO 2014


WEATHER ITEM   OBSERVED TIME   RECORD YEAR NORMAL DEPARTURE LAST
                VALUE   (LST)  VALUE       VALUE  FROM      YEAR
                                                  NORMAL
..................................................................
TEMPERATURE (F)
 TODAY
  MAXIMUM         35    135 PM  67    1980  40     -5       37
  MINIMUM         12    729 AM -13    1954  17     -5        9
  AVERAGE         24                        28     -4       23

PRECIPITATION (IN)
  TODAY            0.00          0.39 1945   0.03  -0.03     0.00
  MONTH TO DATE    1.16                      0.80   0.36     0.61
  SINCE OCT 1      2.57                      2.35   0.22     2.66
  SINCE JAN 1      8.55                      8.15   0.40     5.72

SNOWFALL (IN)
  TODAY            0.0           2.7  1948   0.2   -0.2      0.0
  MONTH TO DATE    T                         4.6   -4.6      9.9
  SINCE DEC 1      T                         4.6   -4.6      9.9
  SINCE JUL 1      2.3                       8.1   -5.8     16.5
  SNOW DEPTH       0

DEGREE DAYS
 HEATING
  TODAY           41                        36      5       42
  MONTH TO DATE  726                       955   -229     1290
  SINCE DEC 1    726                       955   -229     1290
  SINCE JUL 1   2020                      2523   -503     2835

 COOLING
  TODAY            0                         0      0        0
  MONTH TO DATE    0                         0      0        0
  SINCE DEC 1      0                         0      0        0
  SINCE JAN 1    674                       541    133      762
..................................................................


WIND (MPH)
  HIGHEST WIND SPEED    13   HIGHEST WIND DIRECTION     S (180)
  HIGHEST GUST SPEED    17   HIGHEST GUST DIRECTION     S (170)



WEATHER CONDITIONS
 THE FOLLOWING WEATHER WAS RECORDED TODAY.
  NO SIGNIFICANT WEATHER WAS OBSERVED.


RELATIVE HUMIDITY (PERCENT)
 HIGHEST    88          1200 AM
 LOWEST     51           200 PM
 AVERAGE    70

..........................................................


THE WINNEMUCCA AIRPORT NV CLIMATE NORMALS FOR TOMORROW
                         NORMAL    RECORD    YEAR
 MAXIMUM TEMPERATURE (F)   40        62      2011
 MINIMUM TEMPERATURE (F)   17       -14      1988


SUNRISE AND SUNSET
DECEMBER 27 2014......SUNRISE   715 AM PST   SUNSET   430 PM PST
DECEMBER 28 2014......SUNRISE   715 AM PST   SUNSET   431 PM PST


-  INDICATES NEGATIVE NUMBERS.
R  INDICATES RECORD WAS SET OR TIED.
MM INDICATES DATA IS MISSING.
T  INDICATES TRACE AMOUNT.




$$
