000
CDUS41 KALY 192044
CLIWRK


CLIMATE REPORT
NATIONAL WEATHER SERVICE ALBANY NY
443 PM EDT FRI SEP 19 2014


...................................

...THE POUGHKEEPSIE NY CLIMATE SUMMARY FOR SEPTEMBER 19 2014...
VALID TODAY AS OF 0400 PM LOCAL TIME.

CLIMATE NORMAL PERIOD 1981 TO 2010
CLIMATE RECORD PERIOD 1949 TO 2014


WEATHER ITEM   OBSERVED TIME   RECORD YEAR NORMAL DEPARTURE LAST
                VALUE   (LST)  VALUE       VALUE  FROM      YEAR
                                                  NORMAL
..................................................................
TEMPERATURE (F)
 TODAY
  MAXIMUM         66    326 PM  92    1983  74     -8       77
  MINIMUM         46    617 AM  33    1990  50     -4       42
  AVERAGE         56                        62     -6       60

PRECIPITATION (IN)
  TODAY            0.00          1.38 1952   0.14  -0.14     0.00
  MONTH TO DATE    0.50                      2.64  -2.14     1.63
  SINCE SEP 1      0.50                      2.64  -2.14     1.63
  SINCE JAN 1     25.17                     33.42  -8.25    31.85

DEGREE DAYS
 HEATING
  TODAY            9                         5      4        5
  MONTH TO DATE   58                        51      7       70
  SINCE SEP 1     58                        51      7       70
  SINCE JUL 1     63                        68     -5       73

 COOLING
  TODAY            0                         2     -2        0
  MONTH TO DATE   73                        55     18       64
  SINCE SEP 1     73                        55     18       64
  SINCE JAN 1    670                       659     11      821
..................................................................


WIND (MPH)
  HIGHEST WIND SPEED    12   HIGHEST WIND DIRECTION     N (360)
  HIGHEST GUST SPEED    15   HIGHEST GUST DIRECTION     N (20)
  AVERAGE WIND SPEED     5.2


SKY COVER
  AVERAGE SKY COVER 0.1



RELATIVE HUMIDITY (PERCENT)
 HIGHEST    86           400 AM
 LOWEST     40           200 PM
 AVERAGE    63

..........................................................


THE POUGHKEEPSIE NY CLIMATE NORMALS FOR TOMORROW
                         NORMAL    RECORD    YEAR
 MAXIMUM TEMPERATURE (F)   74        92      1983
 MINIMUM TEMPERATURE (F)   49        34      1979


SUNRISE AND SUNSET
SEPTEMBER 19 2014.....SUNRISE   640 AM EDT   SUNSET   658 PM EDT
SEPTEMBER 20 2014.....SUNRISE   641 AM EDT   SUNSET   656 PM EDT


-  INDICATES NEGATIVE NUMBERS.
R  INDICATES RECORD WAS SET OR TIED.
MM INDICATES DATA IS MISSING.
T  INDICATES TRACE AMOUNT.




$$
