000
CDUS45 KRIW 250738
CLIWRL


CLIMATE REPORT
NATIONAL WEATHER SERVICE RIVERTON WY
137 AM MDT MON MAY 25 2015


...................................

...THE WORLAND WY CLIMATE SUMMARY FOR MAY 24 2015...

CLIMATE NORMAL PERIOD 1981 TO 2010
CLIMATE RECORD PERIOD 1947 TO 2015


WEATHER ITEM   OBSERVED TIME   RECORD YEAR NORMAL DEPARTURE LAST
                VALUE   (LST)  VALUE       VALUE  FROM      YEAR
                                                  NORMAL
..................................................................
TEMPERATURE (F)
 YESTERDAY
  MAXIMUM         55   1254 PM  91    1969  72    -17       82
  MINIMUM         49    740 AM  30    2002  43      6       49
  AVERAGE         52                        58     -6       66

PRECIPITATION (IN)
  YESTERDAY        0.21          0.48 1996   0.05   0.16     0.42
  MONTH TO DATE    2.76                      1.08   1.68     1.09
  SINCE MAR 1      3.11                      2.40   0.71     1.78
  SINCE JAN 1      3.88                      2.82   1.06     2.16

DEGREE DAYS
 HEATING
  YESTERDAY       13                         7      6        0
  MONTH TO DATE  308                       262     46      281
  SINCE MAR 1   1573                      1728   -155     1803
  SINCE JUL 1   7482                      7729   -247     8183

 COOLING
  YESTERDAY        0                         0      0        1
  MONTH TO DATE    0                         0      0        4
  SINCE MAR 1      0                         1     -1        4
  SINCE JAN 1      0                         1     -1        4
..................................................................


WIND (MPH)
  HIGHEST WIND SPEED    24   HIGHEST WIND DIRECTION    NW (330)
  HIGHEST GUST SPEED    31   HIGHEST GUST DIRECTION    NW (330)
  AVERAGE WIND SPEED     8.9


SKY COVER
  POSSIBLE SUNSHINE  MM
  AVERAGE SKY COVER 1.0


WEATHER CONDITIONS
 THE FOLLOWING WEATHER WAS RECORDED YESTERDAY.
  LIGHT RAIN
  FOG


RELATIVE HUMIDITY (PERCENT)
 HIGHEST    93           100 AM
 LOWEST     72           100 PM
 AVERAGE    83

..........................................................


THE WORLAND WY CLIMATE NORMALS FOR TODAY
                         NORMAL    RECORD    YEAR
 MAXIMUM TEMPERATURE (F)   73        89      2003
 MINIMUM TEMPERATURE (F)   44        34      2012
                                             1975


SUNRISE AND SUNSET
MAY 25 2015...........SUNRISE   537 AM MDT   SUNSET   841 PM MDT
MAY 26 2015...........SUNRISE   536 AM MDT   SUNSET   842 PM MDT


-  INDICATES NEGATIVE NUMBERS.
R  INDICATES RECORD WAS SET OR TIED.
MM INDICATES DATA IS MISSING.
T  INDICATES TRACE AMOUNT.




$$
