227
CDUS45 KRIW 230729
CLIWRL


CLIMATE REPORT
NATIONAL WEATHER SERVICE RIVERTON WY
128 AM MDT FRI JUN 23 2017


...................................

...THE WORLAND WY CLIMATE SUMMARY FOR JUNE 22 2017...

CLIMATE NORMAL PERIOD 1981 TO 2010
CLIMATE RECORD PERIOD 1947 TO 2017


WEATHER ITEM   OBSERVED TIME   RECORD YEAR NORMAL DEPARTURE LAST
                VALUE   (LST)  VALUE       VALUE  FROM      YEAR
                                                  NORMAL
..................................................................
TEMPERATURE (F)
 YESTERDAY
  MAXIMUM         80    251 PM  98    2012  83     -3       92
                                      2001
  MINIMUM         56   1159 PM  41    2004  51      5       50
  AVERAGE         68                        67      1       71

PRECIPITATION (IN)
  YESTERDAY        0.00          0.61 1967   0.04  -0.04     0.00
  MONTH TO DATE    0.25                      0.95  -0.70     0.26
  SINCE JUN 1      0.25                      0.95  -0.70     0.26
  SINCE JAN 1      5.05                      4.11   0.94     4.02

DEGREE DAYS
 HEATING
  YESTERDAY        0                         2     -2        0
  MONTH TO DATE   18                        82    -64        6
  SINCE JUN 1     18                        82    -64        6
  SINCE JUL 1   7427                      7858   -431     6997

 COOLING
  YESTERDAY        3                         4     -1        6
  MONTH TO DATE   79                        47     32      136
  SINCE JUN 1     79                        47     32      136
  SINCE JAN 1     79                        59     20      138
..................................................................


WIND (MPH)
  HIGHEST WIND SPEED    29   HIGHEST WIND DIRECTION     N (340)
  HIGHEST GUST SPEED    37   HIGHEST GUST DIRECTION     N (340)
  AVERAGE WIND SPEED    14.0


SKY COVER
  POSSIBLE SUNSHINE  MM
  AVERAGE SKY COVER 0.1


WEATHER CONDITIONS
 THE FOLLOWING WEATHER WAS RECORDED YESTERDAY.
  NO SIGNIFICANT WEATHER WAS OBSERVED.


RELATIVE HUMIDITY (PERCENT)
 HIGHEST    49           100 AM
 LOWEST     16           300 PM
 AVERAGE    33

..........................................................


THE WORLAND WY CLIMATE NORMALS FOR TODAY
                         NORMAL    RECORD    YEAR
 MAXIMUM TEMPERATURE (F)   83       105      1988
 MINIMUM TEMPERATURE (F)   51        42      2009


SUNRISE AND SUNSET
JUNE 23 2017..........SUNRISE   530 AM MDT   SUNSET   859 PM MDT
JUNE 24 2017..........SUNRISE   530 AM MDT   SUNSET   859 PM MDT


-  INDICATES NEGATIVE NUMBERS.
R  INDICATES RECORD WAS SET OR TIED.
MM INDICATES DATA IS MISSING.
T  INDICATES TRACE AMOUNT.




$$
