000
CDUS45 KRIW 260734
CLIWRL


CLIMATE REPORT
NATIONAL WEATHER SERVICE RIVERTON WY
133 AM MDT FRI AUG 26 2016


...................................

...THE WORLAND WY CLIMATE SUMMARY FOR AUGUST 25 2016...

CLIMATE NORMAL PERIOD 1981 TO 2010
CLIMATE RECORD PERIOD 1947 TO 2016


WEATHER ITEM   OBSERVED TIME   RECORD YEAR NORMAL DEPARTURE LAST
                VALUE   (LST)  VALUE       VALUE  FROM      YEAR
                                                  NORMAL
..................................................................
TEMPERATURE (F)
 YESTERDAY
  MAXIMUM         71    335 PM 103    1969  85    -14       99
  MINIMUM         50   1136 PM  40    1975  51     -1       52
  AVERAGE         61                        68     -7       76

PRECIPITATION (IN)
  YESTERDAY        T             0.14 1961   0.01  -0.01      T
  MONTH TO DATE    0.27                      0.34  -0.07     0.22
  SINCE JUN 1      0.71                      2.20  -1.49     1.69
  SINCE JAN 1      4.47                      5.36  -0.89     5.87

DEGREE DAYS
 HEATING
  YESTERDAY        4                         1      3        0
  MONTH TO DATE   20                         9     11       30
  SINCE JUN 1     30                       115    -85       41
  SINCE JUL 1     24                        22      2       37

 COOLING
  YESTERDAY        0                         4     -4       11
  MONTH TO DATE  164                       160      4      155
  SINCE JUN 1    628                       473    155      532
  SINCE JAN 1    630                       485    145      534
..................................................................


WIND (MPH)
  HIGHEST WIND SPEED    25   HIGHEST WIND DIRECTION    SW (240)
  HIGHEST GUST SPEED    34   HIGHEST GUST DIRECTION    SW (240)
  AVERAGE WIND SPEED     5.8


SKY COVER
  POSSIBLE SUNSHINE  MM
  AVERAGE SKY COVER 0.7


WEATHER CONDITIONS
 THE FOLLOWING WEATHER WAS RECORDED YESTERDAY.
  THUNDERSTORM
  LIGHT RAIN


RELATIVE HUMIDITY (PERCENT)
 HIGHEST    89          1200 AM
 LOWEST     37           300 PM
 AVERAGE    63

..........................................................


THE WORLAND WY CLIMATE NORMALS FOR TODAY
                         NORMAL    RECORD    YEAR
 MAXIMUM TEMPERATURE (F)   85       101      1994
 MINIMUM TEMPERATURE (F)   51        36      1992


SUNRISE AND SUNSET
AUGUST 26 2016........SUNRISE   629 AM MDT   SUNSET   757 PM MDT
AUGUST 27 2016........SUNRISE   630 AM MDT   SUNSET   755 PM MDT


-  INDICATES NEGATIVE NUMBERS.
R  INDICATES RECORD WAS SET OR TIED.
MM INDICATES DATA IS MISSING.
T  INDICATES TRACE AMOUNT.




$$
