000
CDUS45 KRIW 020742
CLIWRL


CLIMATE REPORT
NATIONAL WEATHER SERVICE RIVERTON WY
1241 AM MST MON MAR 2 2015


...................................

...THE WORLAND WY CLIMATE SUMMARY FOR MARCH 1 2015...

CLIMATE NORMAL PERIOD 1981 TO 2010
CLIMATE RECORD PERIOD 1947 TO 2015


WEATHER ITEM   OBSERVED TIME   RECORD YEAR NORMAL DEPARTURE LAST
                VALUE   (LST)  VALUE       VALUE  FROM      YEAR
                                                  NORMAL
..................................................................
TEMPERATURE (F)
 YESTERDAY
  MAXIMUM         30    348 PM  72    1992  44    -14        4
  MINIMUM         13    717 AM -13    2014  16     -3      -13
  AVERAGE         22                        30     -8       -4

PRECIPITATION (IN)
  YESTERDAY        0.00          0.08 2014   0.01  -0.01     0.08
  MONTH TO DATE    0.00                      0.01  -0.01     0.08
  SINCE MAR 1      0.00                      0.01  -0.01     0.08
  SINCE JAN 1      0.77                      0.43   0.34     0.46

DEGREE DAYS
 HEATING
  YESTERDAY       43                        35      8       69
  MONTH TO DATE   43                        35      8       69
  SINCE MAR 1     43                        35      8       69
  SINCE JUL 1   5952                      6036    -84     6449

 COOLING
  YESTERDAY        0                         0      0        0
  MONTH TO DATE    0                         0      0        0
  SINCE MAR 1      0                         0      0        0
  SINCE JAN 1      0                         0      0        0
..................................................................


WIND (MPH)
  HIGHEST WIND SPEED    14   HIGHEST WIND DIRECTION    SE (130)
  HIGHEST GUST SPEED    16   HIGHEST GUST DIRECTION    SE (130)
  AVERAGE WIND SPEED     5.3


SKY COVER
  POSSIBLE SUNSHINE  MM
  AVERAGE SKY COVER 0.2


WEATHER CONDITIONS
 THE FOLLOWING WEATHER WAS RECORDED YESTERDAY.
  NO SIGNIFICANT WEATHER WAS OBSERVED.


RELATIVE HUMIDITY (PERCENT)
 HIGHEST    88           600 AM
 LOWEST     39           200 PM
 AVERAGE    64

..........................................................


THE WORLAND WY CLIMATE NORMALS FOR TODAY
                         NORMAL    RECORD    YEAR
 MAXIMUM TEMPERATURE (F)   45        66      2009
 MINIMUM TEMPERATURE (F)   17       -11      2014
                                             1978


SUNRISE AND SUNSET
MARCH  2 2015.........SUNRISE   647 AM MST   SUNSET   601 PM MST
MARCH  3 2015.........SUNRISE   646 AM MST   SUNSET   603 PM MST


-  INDICATES NEGATIVE NUMBERS.
R  INDICATES RECORD WAS SET OR TIED.
MM INDICATES DATA IS MISSING.
T  INDICATES TRACE AMOUNT.




$$
