000
CDUS45 KRIW 290739
CLIWRL


CLIMATE REPORT
NATIONAL WEATHER SERVICE RIVERTON WY
137 AM MDT THU SEP 29 2016


...................................

...THE WORLAND WY CLIMATE SUMMARY FOR SEPTEMBER 28 2016...

CLIMATE NORMAL PERIOD 1981 TO 2010
CLIMATE RECORD PERIOD 1947 TO 2016


WEATHER ITEM   OBSERVED TIME   RECORD YEAR NORMAL DEPARTURE LAST
                VALUE   (LST)  VALUE       VALUE  FROM      YEAR
                                                  NORMAL
..................................................................
TEMPERATURE (F)
 YESTERDAY
  MAXIMUM         82    335 PM  91    2010  68     14       73
  MINIMUM         44    600 AM  27    1985  38      6       48
  AVERAGE         63                        53     10       61

PRECIPITATION (IN)
  YESTERDAY        0.00          0.18 1985   0.03  -0.03     0.00
  MONTH TO DATE    1.97                      0.79   1.18     0.13
  SINCE SEP 1      1.97                      0.79   1.18     0.13
  SINCE JAN 1      6.44                      6.24   0.20     6.25

DEGREE DAYS
 HEATING
  YESTERDAY        2                        12    -10        4
  MONTH TO DATE  180                       195    -15       73
  SINCE SEP 1    180                       195    -15       73
  SINCE JUL 1    211                       231    -20      110

 COOLING
  YESTERDAY        0                         0      0        0
  MONTH TO DATE   25                        28     -3       55
  SINCE SEP 1     25                        28     -3       55
  SINCE JAN 1    690                       534    156      631
..................................................................


WIND (MPH)
  HIGHEST WIND SPEED    17   HIGHEST WIND DIRECTION     E (110)
  HIGHEST GUST SPEED    21   HIGHEST GUST DIRECTION    SE (120)
  AVERAGE WIND SPEED     6.8


SKY COVER
  POSSIBLE SUNSHINE  MM
  AVERAGE SKY COVER 0.0


WEATHER CONDITIONS
 THE FOLLOWING WEATHER WAS RECORDED YESTERDAY.
  NO SIGNIFICANT WEATHER WAS OBSERVED.


RELATIVE HUMIDITY (PERCENT)
 HIGHEST    92           500 AM
 LOWEST     21           400 PM
 AVERAGE    57

..........................................................


THE WORLAND WY CLIMATE NORMALS FOR TODAY
                         NORMAL    RECORD    YEAR
 MAXIMUM TEMPERATURE (F)   67        92      1967
 MINIMUM TEMPERATURE (F)   37        25      1984


SUNRISE AND SUNSET
SEPTEMBER 29 2016.....SUNRISE   708 AM MDT   SUNSET   655 PM MDT
SEPTEMBER 30 2016.....SUNRISE   709 AM MDT   SUNSET   653 PM MDT


-  INDICATES NEGATIVE NUMBERS.
R  INDICATES RECORD WAS SET OR TIED.
MM INDICATES DATA IS MISSING.
T  INDICATES TRACE AMOUNT.




$$
