000
CDUS45 KRIW 110729
CLIWRL


CLIMATE REPORT
NATIONAL WEATHER SERVICE RIVERTON WY
1228 AM MST MON DEC 11 2017


...................................

...THE WORLAND WY CLIMATE SUMMARY FOR DECEMBER 10 2017...

CLIMATE NORMAL PERIOD 1981 TO 2010
CLIMATE RECORD PERIOD 1947 TO 2017


WEATHER ITEM   OBSERVED TIME   RECORD YEAR NORMAL DEPARTURE LAST
                VALUE   (LST)  VALUE       VALUE  FROM      YEAR
                                                  NORMAL
..................................................................
TEMPERATURE (F)
 YESTERDAY
  MAXIMUM         47    251 PM  64    1981  31     16       28
  MINIMUM         10    638 AM -36    1972   5      5        2
  AVERAGE         29                        18     11       15

PRECIPITATION (IN)
  YESTERDAY        0.00          0.07 1963   0.01  -0.01     0.00
  MONTH TO DATE    0.03                      0.08  -0.05     0.02
  SINCE DEC 1      0.03                      0.08  -0.05     0.02
  SINCE JAN 1      8.51                      7.42   1.09     9.77

DEGREE DAYS
 HEATING
  YESTERDAY       36                        47    -11       50
  MONTH TO DATE  358                       451    -93      484
  SINCE DEC 1    358                       451    -93      484
  SINCE JUL 1   2277                      2343    -66     2023

 COOLING
  YESTERDAY        0                         0      0        0
  MONTH TO DATE    0                         0      0        0
  SINCE DEC 1      0                         0      0        0
  SINCE JAN 1    588                       535     53      690
..................................................................


WIND (MPH)
  HIGHEST WIND SPEED    14   HIGHEST WIND DIRECTION     S (170)
  HIGHEST GUST SPEED    15   HIGHEST GUST DIRECTION     S (180)
  AVERAGE WIND SPEED     4.5


SKY COVER
  POSSIBLE SUNSHINE  MM
  AVERAGE SKY COVER 0.0


WEATHER CONDITIONS
 THE FOLLOWING WEATHER WAS RECORDED YESTERDAY.
  NO SIGNIFICANT WEATHER WAS OBSERVED.


RELATIVE HUMIDITY (PERCENT)
 HIGHEST    92           300 AM
 LOWEST     34           200 PM
 AVERAGE    63

..........................................................


THE WORLAND WY CLIMATE NORMALS FOR TODAY
                         NORMAL    RECORD    YEAR
 MAXIMUM TEMPERATURE (F)   31        56      2004
 MINIMUM TEMPERATURE (F)    5       -31      1972


SUNRISE AND SUNSET
DECEMBER 11 2017......SUNRISE   737 AM MST   SUNSET   434 PM MST
DECEMBER 12 2017......SUNRISE   737 AM MST   SUNSET   434 PM MST


-  INDICATES NEGATIVE NUMBERS.
R  INDICATES RECORD WAS SET OR TIED.
MM INDICATES DATA IS MISSING.
T  INDICATES TRACE AMOUNT.




$$
