000
CDUS45 KRIW 310045
CLIWRL


CLIMATE REPORT
NATIONAL WEATHER SERVICE RIVERTON WY
640 PM MDT MON MAR 30 2015


...................................

...THE WORLAND WY CLIMATE SUMMARY FOR MARCH 30 2015...
VALID TODAY AS OF 0500 PM LOCAL TIME.

CLIMATE NORMAL PERIOD 1981 TO 2010
CLIMATE RECORD PERIOD 1947 TO 2015


WEATHER ITEM   OBSERVED TIME   RECORD YEAR NORMAL DEPARTURE LAST
                VALUE   (LST)  VALUE       VALUE  FROM      YEAR
                                                  NORMAL
..................................................................
TEMPERATURE (F)
 TODAY
  MAXIMUM         69        MM  78    1986  55     14       49
  MINIMUM         31    300 AM  12    1987  27      4       32
  AVERAGE         50                        41      9       41

PRECIPITATION (IN)
  TODAY            0.00          0.19 1993   0.02  -0.02     0.13
  MONTH TO DATE    T                         0.44  -0.44     0.40
  SINCE MAR 1      T                         0.44  -0.44     0.40
  SINCE JAN 1      0.77                      0.86  -0.09     0.78

DEGREE DAYS
 HEATING
  TODAY           15                        24     -9       24
  MONTH TO DATE  710                       861   -151      909
  SINCE MAR 1    710                       861   -151      909
  SINCE JUL 1   6619                      6862   -243     7289

 COOLING
  TODAY            0                         0      0        0
  MONTH TO DATE    0                         0      0        0
  SINCE MAR 1      0                         0      0        0
  SINCE JAN 1      0                         0      0        0
..................................................................


WIND (MPH)
  HIGHEST WIND SPEED    10   HIGHEST WIND DIRECTION     S (200)
  HIGHEST GUST SPEED    MM   HIGHEST GUST DIRECTION    MM
  AVERAGE WIND SPEED     4.1


SKY COVER
  POSSIBLE SUNSHINE  MM
  AVERAGE SKY COVER 0.0


WEATHER CONDITIONS
 THE FOLLOWING WEATHER WAS RECORDED TODAY.
  HAZE


RELATIVE HUMIDITY (PERCENT)
 HIGHEST    69           300 AM
 LOWEST     18           100 PM
 AVERAGE    44

..........................................................


THE WORLAND WY CLIMATE NORMALS FOR TOMORROW
                         NORMAL    RECORD    YEAR
 MAXIMUM TEMPERATURE (F)   56        81      2012
 MINIMUM TEMPERATURE (F)   27        13      2009


SUNRISE AND SUNSET
MARCH 30 2015.........SUNRISE   657 AM MDT   SUNSET   736 PM MDT
MARCH 31 2015.........SUNRISE   655 AM MDT   SUNSET   737 PM MDT


-  INDICATES NEGATIVE NUMBERS.
R  INDICATES RECORD WAS SET OR TIED.
MM INDICATES DATA IS MISSING.
T  INDICATES TRACE AMOUNT.




$$
