000
CDAK47 PAYA 230927
CLIYAK

CLIMATE REPORT
NATIONAL WEATHER SERVICE YAKUTAT, AK
127 AM AKDT TUE SEP 23 2014

...................................
...THE YAKUTAT AP CLIMATE SUMMARY FOR SEPTEMBER 22 2014...

CLIMATE NORMAL PERIOD  1981 TO  2010
CLIMATE RECORD PERIOD  1948 TO  2014

WEATHER ITEM   OBSERVED TIME    RECORD YEAR NORMAL DEPARTURE LAST
               VALUE    (LST)   VALUE       VALUE  FROM      YEAR
                                                   NORMAL
...................................................................
TEMPERATURE
YESTERDAY
 MAXIMUM            53  0510 AM    63  1984     54      -1     53
 MINIMUM            39  1159 PM    25  1972     40      -1     47
 AVERAGE            46                          47      -1     50

PRECIPITATION
(INCHES)
 YESTERDAY        0.93           4.57  1985   0.77    0.16   0.28
 MONTH TO DATE   16.71                       14.78    1.93  15.48
 SINCE SEP 1     16.71                       14.78    1.93  15.48
 SINCE JAN 1     95.51                       96.08   -0.57  93.11

SNOWFALL
(INCHES)
 YESTERDAY         0.0              T  2001    0.0     0.0    0.0
 MONTH TO DATE     0.0                         0.0     0.0    0.0
 SINCE SEP 1       0.0                         0.0     0.0    0.0
 SINCE JUL 1       0.0                         0.0     0.0    0.0
 SNOW DEPTH (IN)     0                                          0

DEGREE DAYS
 HEATING
  YESTERDAY         19                          18       1     15
  MONTH TO DATE    264                         349     -85    272
  SINCE SEP 1      264                         349     -85    272
  SINCE JUL 1      891                        1027    -136    836

 COOLING
  YESTERDAY          0                           0       0      0
  MONTH TO DATE      0                           0       0      0
  SINCE SEP 1        0                           0       0      0
  SINCE JAN 1        0                           0       0      0
...................................................................

WIND (MPH)
 HIGHEST WIND SPEED    21     HIGHEST WIND DIRECTION    200
 HIGHEST GUST SPEED    34     HIGHEST GUST DIRECTION    190
 AVERAGE WIND SPEED   6.1

SKY COVER
  POSSIBLE SUNSHINE    MM          AVERAGE SKY COVER     MM

WEATHER CONDITIONS
 THE FOLLOWING WEATHER WAS RECORDED YESTERDAY.
  FOG
THUNDER
HAIL
RAIN


RELATIVE HUMIDITY
 HIGHEST RH     MM PERCENT       MM
 LOWEST  RH     MM PERCENT       MM
 AVERAGE RH     MM PERCENT       MM
...................................................................

THE YAKUTAT CLIMATE NORMALS FOR TODAY
                           NORMAL    RECORD   YEAR
 MAXIMUM TEMPERATURE (F)     54        67     1995
 MINIMUM TEMPERATURE (F)     40        22     1972

SUNRISE AND SUNSET
 SEP 23 2014..........SUNRISE  7:06 AM      SUNSET  7:15 PM
 SEP 24 2014..........SUNRISE  7:09 AM      SUNSET  7:12 PM

-  INDICATES NEGATIVE NUMBERS.
R  INDICATES RECORD HAS BEEN SET OR TIED.
MM INDICATES DATA IS MISSING.
T  INDICATES TRACE OF PRECIPITATION.

&&
-------------------------------------------------------------------

AMOUNT OF DAYLIGHT TODAY  (HOUR:MIN)........12 HOURS 9 MINUTES
GAIN/LOSS SINCE YESTERDAY (HOUR:MIN:SEC)....-0:05:17

$$
*** SEP 14
