000
CDAK47 PAYA 290929
CLIYAK

CLIMATE REPORT
NATIONAL WEATHER SERVICE YAKUTAT, AK
129 AM AKDT MON JUN 29 2015

...................................
...THE YAKUTAT AP CLIMATE SUMMARY FOR JUNE 28 2015...

CLIMATE NORMAL PERIOD  1981 TO  2010
CLIMATE RECORD PERIOD  1948 TO  2015

WEATHER ITEM   OBSERVED TIME    RECORD YEAR NORMAL DEPARTURE LAST
               VALUE    (LST)   VALUE       VALUE  FROM      YEAR
                                                   NORMAL
...................................................................
TEMPERATURE
YESTERDAY
 MAXIMUM            63  0330 PM    76  1992     59       4     66
 MINIMUM            50  0145 AM    37  1988     46       4     50
 AVERAGE            57                          53       4     58

PRECIPITATION
(INCHES)
 YESTERDAY        0.41           1.75  1996   0.20    0.21   0.00
 MONTH TO DATE    8.50                        5.98    2.52   9.49
 SINCE JUN 1      8.50                        5.98    2.52   9.49
 SINCE JAN 1     59.08                       58.94    0.14  48.60

SNOWFALL
(INCHES)
 YESTERDAY         0.0            0.0  2015    0.0     0.0    0.0
 MONTH TO DATE     0.0                         0.0     0.0    0.0
 SINCE JUN 1       0.0                         0.0     0.0    0.0
 SINCE JUL 1      47.1                       140.0   -92.9  109.0
 SNOW DEPTH (IN)     0                                          0

DEGREE DAYS
 HEATING
  YESTERDAY          8                          12      -4      7
  MONTH TO DATE    313                         402     -89    430
  SINCE JUN 1      313                         402     -89    430
  SINCE JUL 1     7975                        8997   -1022   8694

 COOLING
  YESTERDAY          0                           0       0      0
  MONTH TO DATE      0                           0       0      0
  SINCE JUN 1        0                           0       0      0
  SINCE JAN 1        0                           0       0      0
...................................................................

WIND (MPH)
 HIGHEST WIND SPEED    10     HIGHEST WIND DIRECTION    100
 HIGHEST GUST SPEED    16     HIGHEST GUST DIRECTION     90
 AVERAGE WIND SPEED   3.7

SKY COVER
  POSSIBLE SUNSHINE    MM          AVERAGE SKY COVER     MM

WEATHER CONDITIONS
 THE FOLLOWING WEATHER WAS RECORDED YESTERDAY.
  FOG
RAIN


RELATIVE HUMIDITY
 HIGHEST RH     MM PERCENT       MM
 LOWEST  RH     MM PERCENT       MM
 AVERAGE RH     MM PERCENT       MM
...................................................................

THE YAKUTAT CLIMATE NORMALS FOR TODAY
                           NORMAL    RECORD   YEAR
 MAXIMUM TEMPERATURE (F)     59        79     1985
 MINIMUM TEMPERATURE (F)     47        34     1965

SUNRISE AND SUNSET
 JUN 29 2015..........SUNRISE  4:05 AM      SUNSET 10:40 PM
 JUN 30 2015..........SUNRISE  4:06 AM      SUNSET 10:40 PM

-  INDICATES NEGATIVE NUMBERS.
R  INDICATES RECORD HAS BEEN SET OR TIED.
MM INDICATES DATA IS MISSING.
T  INDICATES TRACE OF PRECIPITATION.

&&
-------------------------------------------------------------------

AMOUNT OF DAYLIGHT TODAY  (HOUR:MIN)........18 HOURS 35 MINUTES
GAIN/LOSS SINCE YESTERDAY (HOUR:MIN:SEC)....-0:01:19

$$
*** JUN 15
