000
CDAK47 PAJK 181233
CLIYAK
CLIMATE REPORT
NATIONAL WEATHER SERVICE JUNEAU, AK
332 AM AKST SUN FEB 18 2018


...................................

...THE YAKUTAT CLIMATE SUMMARY FOR FEBRUARY 17 2018...

CLIMATE NORMAL PERIOD 1981 TO 2010
CLIMATE RECORD PERIOD 1917 TO 2018


WEATHER ITEM   OBSERVED RECORD YEAR NORMAL DEPARTURE LAST
                VALUE   VALUE       VALUE  FROM      YEAR
                                           NORMAL
...........................................................
TEMPERATURE (F)
 YESTERDAY
  MAXIMUM         40     49    1998  37      3       34
  MINIMUM         15     -8    1954  23     -8       27
  AVERAGE         28                 30     -2       31

PRECIPITATION (IN)
  YESTERDAY        0.00   2.20 2008   0.40  -0.40     0.55
  MONTH TO DATE    1.59               6.58  -4.99     7.29
  SINCE JAN 1     12.20              20.24  -8.04    20.68

DEGREE DAYS
 HEATING
  YESTERDAY       37                 35      2       34
  MONTH TO DATE  666                606     60      580
...........................................................


WIND (MPH)
  HIGHEST WIND SPEED     7   HIGHEST WIND DIRECTION     N (20)
  HIGHEST GUST SPEED     8   HIGHEST GUST DIRECTION     N (10)
  AVERAGE WIND SPEED     0.9


SKY COVER
  AVERAGE SKY COVER 0.2


WEATHER CONDITIONS
 THE FOLLOWING WEATHER WAS RECORDED YESTERDAY.
  FOG


..........................................................


THE YAKUTAT CLIMATE NORMALS FOR TODAY
                         NORMAL    RECORD    YEAR
 MAXIMUM TEMPERATURE (F)   37        49      2010
 MINIMUM TEMPERATURE (F)   23       -17      1949


SUNRISE AND SUNSET
FEBRUARY 18 2018......SUNRISE   746 AM AKST  SUNSET   520 PM AKST
FEBRUARY 19 2018......SUNRISE   743 AM AKST  SUNSET   522 PM AKST


-  INDICATES NEGATIVE NUMBERS.
R  INDICATES RECORD WAS SET OR TIED.
MM INDICATES DATA IS MISSING.
T  INDICATES TRACE AMOUNT.




$$
--------------------------------------------------------------

AMOUNT OF DAYLIGHT TODAY (HOUR:MIN)......... 9 HOURS 34 MINUTES
GAIN/LOSS SINCE YESTERDAY (HOUR:MIN:SEC).... +0:05:15

$$
