000
CDAK47 PAYA 270905
CLIYAK

CLIMATE REPORT
NATIONAL WEATHER SERVICE YAKUTAT, AK
1205 AM AKST SAT DEC 27 2014

...................................
...THE YAKUTAT AP CLIMATE SUMMARY FOR DECEMBER 26 2014...

CLIMATE NORMAL PERIOD  1981 TO  2010
CLIMATE RECORD PERIOD  1948 TO  2014

WEATHER ITEM   OBSERVED TIME    RECORD YEAR NORMAL DEPARTURE LAST
               VALUE    (LST)   VALUE       VALUE  FROM      YEAR
                                                   NORMAL
...................................................................
TEMPERATURE
YESTERDAY
 MAXIMUM            42  0323 AM    49  2001     34       8     34
 MINIMUM            30  1202 PM   -14  1965     24       6     31
 AVERAGE            36                          29       7     33

PRECIPITATION
(INCHES)
 YESTERDAY        0.81           5.37  1999   0.52    0.29   0.20
 MONTH TO DATE   10.74                       13.72   -2.98   7.26
 SINCE DEC 1     10.74                       13.72   -2.98   7.26
 SINCE JAN 1    133.65                      152.56  -18.91 134.96

SNOWFALL
(INCHES)
 YESTERDAY         0.2           15.9  2008    0.8    -0.6    0.0
 MONTH TO DATE     1.8                        19.1   -17.3   34.4
 SINCE DEC 1       1.8                        19.1   -17.3   34.4
 SINCE JUL 1       7.1                        39.8   -32.7   43.6
 SNOW DEPTH (IN)     T                                         14

DEGREE DAYS
 HEATING
  YESTERDAY         29                          36      -7     32
  MONTH TO DATE    785                         916    -131    997
  SINCE DEC 1      785                         916    -131    997
  SINCE JUL 1     3465                        3814    -349   3607

 COOLING
  YESTERDAY          0                           0       0      0
  MONTH TO DATE      0                           0       0      0
  SINCE DEC 1        0                           0       0      0
  SINCE JAN 1        0                           0       0      0
...................................................................

WIND (MPH)
 HIGHEST WIND SPEED    22     HIGHEST WIND DIRECTION    260
 HIGHEST GUST SPEED    38     HIGHEST GUST DIRECTION    220
 AVERAGE WIND SPEED   4.9

SKY COVER
  POSSIBLE SUNSHINE    MM          AVERAGE SKY COVER     MM

WEATHER CONDITIONS
 THE FOLLOWING WEATHER WAS RECORDED YESTERDAY.
  FOG
SLEET
RAIN
SNOW


RELATIVE HUMIDITY
 HIGHEST RH     MM PERCENT       MM
 LOWEST  RH     MM PERCENT       MM
 AVERAGE RH     MM PERCENT       MM
...................................................................

THE YAKUTAT CLIMATE NORMALS FOR TODAY
                           NORMAL    RECORD   YEAR
 MAXIMUM TEMPERATURE (F)     34        45     2005
 MINIMUM TEMPERATURE (F)     24       -14     1964

SUNRISE AND SUNSET
 DEC 27 2014..........SUNRISE  9:18 AM      SUNSET  3:23 PM
 DEC 28 2014..........SUNRISE  9:18 AM      SUNSET  3:24 PM

-  INDICATES NEGATIVE NUMBERS.
R  INDICATES RECORD HAS BEEN SET OR TIED.
MM INDICATES DATA IS MISSING.
T  INDICATES TRACE OF PRECIPITATION.

&&
-------------------------------------------------------------------

AMOUNT OF DAYLIGHT TODAY  (HOUR:MIN)........6 HOURS 5 MINUTES
GAIN/LOSS SINCE YESTERDAY (HOUR:MIN:SEC)....+0:00:57

$$
DC DEC 14
